{"id":2005,"date":"2022-06-28T12:42:33","date_gmt":"2022-06-28T10:42:33","guid":{"rendered":"https:\/\/moderaterna.se\/vastragotaland\/?post_type=politiker&#038;p=2005"},"modified":"2026-04-15T16:30:27","modified_gmt":"2026-04-15T14:30:27","slug":"tomas-ekberg","status":"publish","type":"politiker","link":"https:\/\/moderaterna.se\/vastragotaland\/politiker\/tomas-ekberg\/","title":{"rendered":"Tomas Ekberg"},"content":{"rendered":"\n<p>Jag bor i underbara Fritsla i Marks kommun.<\/p>\n\n\n\n<p>Jag engagerade mig politiskt innan valet 2018 och har under mandatperioden haft gl\u00e4djen att representera Moderaterna som oppositionsr\u00e5d.<\/p>\n\n\n\n<p>Min karri\u00e4r startades som f\u00f6retagare vid 21 \u00e5rs \u00e5lder och jag arbetade inom IT i n\u00e4stan 30 \u00e5r.<\/p>\n\n\n\n<p>Tillsammans med min fru driver vi nu; caf\u00e9, blomsteraff\u00e4r, delikatess och en post och ATG ombud samt ett fastighetsbolag med l\u00e4genheter och lokaler.<\/p>\n\n\n\n<p>Arbetet med att medvetet styra en kommun i en mera f\u00f6retagsinriktad riktning \u00e4r mitt hittills mest givande uppdrag och jag ser med stolthet att detta har resulterat i att jag nu har f\u00e5tt f\u00f6rtroendet att st\u00e5 p\u00e5 riksdagslistan.<\/p>\n\n\n\n<p>Mina hj\u00e4rtefr\u00e5gor inom politiken har alltid varit:<\/p>\n\n\n\n<p>Att fr\u00e4mja f\u00f6retagande och entrepren\u00f6rskap.<\/p>\n\n\n\n<p>Att konstant str\u00e4va efter att skapa samordningseffekter.<\/p>\n\n\n\n<p>Att bek\u00e4mpa on\u00f6dig byr\u00e5krati och administration.<\/p>\n\n\n\n<p>Att ge verklig nytta f\u00f6r skattekronan.<\/p>\n\n\n\n<p>Att k\u00e4mpa f\u00f6r den \u201dlilla\u201d m\u00e4nniskan i varje beslut.<\/p>\n\n\n\n<p>Att ge raka, tydliga och transparenta besked.<\/p>\n","protected":false},"featured_media":2034,"template":"","role":[120,20],"secondary-role":[],"class_list":["post-2005","politiker","type-politiker","status-publish","has-post-thumbnail","hentry"],"acf":[],"_links":{"self":[{"href":"https:\/\/moderaterna.se\/vastragotaland\/wp-json\/wp\/v2\/politiker\/2005","targetHints":{"allow":["GET"]}}],"collection":[{"href":"https:\/\/moderaterna.se\/vastragotaland\/wp-json\/wp\/v2\/politiker"}],"about":[{"href":"https:\/\/moderaterna.se\/vastragotaland\/wp-json\/wp\/v2\/types\/politiker"}],"wp:featuredmedia":[{"embeddable":true,"href":"https:\/\/moderaterna.se\/vastragotaland\/wp-json\/wp\/v2\/media\/2034"}],"wp:attachment":[{"href":"https:\/\/moderaterna.se\/vastragotaland\/wp-json\/wp\/v2\/media?parent=2005"}],"wp:term":[{"taxonomy":"role","embeddable":true,"href":"https:\/\/moderaterna.se\/vastragotaland\/wp-json\/wp\/v2\/role?post=2005"},{"taxonomy":"secondary-role","embeddable":true,"href":"https:\/\/moderaterna.se\/vastragotaland\/wp-json\/wp\/v2\/secondary-role?post=2005"}],"curies":[{"name":"wp","href":"https:\/\/api.w.org\/{rel}","templated":true}]}}

<p>Jag bor i underbara Fritsla i Marks kommun.</p>



<p>Jag engagerade mig politiskt innan valet 2018 och har under mandatperioden haft glädjen att representera Moderaterna som oppositionsråd.</p>



<p>Min karriär startades som företagare vid 21 års ålder och jag arbetade inom IT i nästan 30 år.</p>



<p>Tillsammans med min fru driver vi nu; café, blomsteraffär, delikatess och en post och ATG ombud samt ett fastighetsbolag med lägenheter och lokaler.</p>



<p>Arbetet med att medvetet styra en kommun i en mera företagsinriktad riktning är mitt hittills mest givande uppdrag och jag ser med stolthet att detta har resulterat i att jag nu har fått förtroendet att stå på riksdagslistan.</p>



<p>Mina hjärtefrågor inom politiken har alltid varit:</p>



<p>Att främja företagande och entreprenörskap.</p>



<p>Att konstant sträva efter att skapa samordningseffekter.</p>



<p>Att bekämpa onödig byråkrati och administration.</p>



<p>Att ge verklig nytta för skattekronan.</p>



<p>Att kämpa för den ”lilla” människan i varje beslut.</p>



<p>Att ge raka, tydliga och transparenta besked.</p>
