{"id":875,"date":"2022-01-03T21:32:59","date_gmt":"2022-01-03T20:32:59","guid":{"rendered":"https:\/\/moderaterna.se\/vastragotaland\/?page_id=875"},"modified":"2025-05-16T12:22:39","modified_gmt":"2025-05-16T10:22:39","slug":"vastra-gotalandsregionen","status":"publish","type":"page","link":"https:\/\/moderaterna.se\/vastragotaland\/vastra-gotalandsregionen\/","title":{"rendered":"V\u00e4stra G\u00f6talandsregionen"},"content":{"rendered":"\n<p>Bes\u00f6ksadress: Residenset, Torget, 462 33 V\u00e4nersborg<br>Telefon: 010-441 00 32<\/p>\n\n\n\n<p><\/p>\n\n\n\n<p class=\"has-medium-font-size\"><strong>Nyheter<\/strong>: <a href=\"https:\/\/via.tt.se\/pressrum\/3236813\/moderaterna-i-vastra-gotalandsregionen\">Pressrum | Moderaterna i V\u00e4stra G\u00f6talandsregionen<\/a><\/p>\n\n\n\n<p class=\"has-medium-font-size\"><strong>F\u00f6rtroendevalda:<\/strong> <a href=\"https:\/\/vgregion.tromanpublik.se\/viewParty.jsf?id=53004b78-07c0-406b-be80-5a5c0651e8dc\" target=\"_blank\" rel=\"noreferrer noopener\">L\u00e4nk till V\u00e4stra G\u00f6talandsregionens f\u00f6rtroendemannaregister<\/a><\/p>\n\n\n\n<p class=\"has-medium-font-size\"><strong>Tj\u00e4nstem\u00e4n:<\/strong><\/p>\n\n\n\n<p><strong>Jeta Ibishi<\/strong><br>Kanslichef<br>076-514 30 19<br><a href=\"mailto:jeta.ibishi@vgregion.se\">jeta.ibishi@vgregion.se<\/a><br><br><strong>Elise Benjaminsson&nbsp;<\/strong><br>Politisk sekreterare, H\u00e4lso- och sjukv\u00e5rd<br>070-845 62 82<br><a href=\"mailto:elise.benjaminsson@vgregion.se\">elise.benjaminsson@vgregion.se<\/a><\/p>\n\n\n\n<p><strong>Jasmin Usta<\/strong><br>Politisk sekreterare, H\u00e4lso- och sjukv\u00e5rd<br>Press<br>072-084 03 79<br><a href=\"mailto:jasmin.usta@vgregion.se\">jasmin.usta@vgregion.se<\/a><br><br><strong>Kajsa Glittvik<\/strong><br>Politisk sekreterare, regionutveckling<br>076-213 87 50<br><a href=\"mailto:kajsa.glittvik@vgregion.se\">kajsa.glittvik@vgregion.se<\/a><\/p>\n","protected":false},"excerpt":{"rendered":"<p>Bes\u00f6ksadress: Residenset, Torget, 462 33 V\u00e4nersborgTelefon: 010-441 00 32 Nyheter: Pressrum | Moderaterna i V\u00e4stra G\u00f6talandsregionen F\u00f6rtroendevalda: L\u00e4nk till V\u00e4stra G\u00f6talandsregionens f\u00f6rtroendemannaregister Tj\u00e4nstem\u00e4n: Jeta IbishiKanslichef076-514 30 19jeta.ibishi@vgregion.se Elise Benjaminsson&nbsp;Politisk sekreterare, H\u00e4lso- och sjukv\u00e5rd070-845 62 82elise.benjaminsson@vgregion.se Jasmin UstaPolitisk sekreterare, H\u00e4lso- och sjukv\u00e5rdPress072-084 03 79jasmin.usta@vgregion.se Kajsa GlittvikPolitisk sekreterare, regionutveckling076-213 87 50kajsa.glittvik@vgregion.se<\/p>\n","protected":false},"author":9,"featured_media":0,"parent":0,"menu_order":0,"comment_status":"closed","ping_status":"closed","template":"","meta":{"_acf_changed":false,"_relevanssi_hide_post":"","_relevanssi_hide_content":"","_relevanssi_pin_for_all":"","_relevanssi_pin_keywords":"","_relevanssi_unpin_keywords":"","_relevanssi_related_keywords":"","_relevanssi_related_include_ids":"","_relevanssi_related_exclude_ids":"","_relevanssi_related_no_append":"","_relevanssi_related_not_related":"","_relevanssi_related_posts":"831,829,842","_relevanssi_noindex_reason":"","footnotes":""},"subject":[],"class_list":["post-875","page","type-page","status-publish","hentry"],"acf":[],"publishpress_future_action":{"enabled":false,"date":"2026-05-04 22:52:09","action":"change-status","newStatus":"draft","terms":[],"taxonomy":"subject"},"_links":{"self":[{"href":"https:\/\/moderaterna.se\/vastragotaland\/wp-json\/wp\/v2\/pages\/875","targetHints":{"allow":["GET"]}}],"collection":[{"href":"https:\/\/moderaterna.se\/vastragotaland\/wp-json\/wp\/v2\/pages"}],"about":[{"href":"https:\/\/moderaterna.se\/vastragotaland\/wp-json\/wp\/v2\/types\/page"}],"author":[{"embeddable":true,"href":"https:\/\/moderaterna.se\/vastragotaland\/wp-json\/wp\/v2\/users\/9"}],"replies":[{"embeddable":true,"href":"https:\/\/moderaterna.se\/vastragotaland\/wp-json\/wp\/v2\/comments?post=875"}],"version-history":[{"count":29,"href":"https:\/\/moderaterna.se\/vastragotaland\/wp-json\/wp\/v2\/pages\/875\/revisions"}],"predecessor-version":[{"id":3077,"href":"https:\/\/moderaterna.se\/vastragotaland\/wp-json\/wp\/v2\/pages\/875\/revisions\/3077"}],"wp:attachment":[{"href":"https:\/\/moderaterna.se\/vastragotaland\/wp-json\/wp\/v2\/media?parent=875"}],"wp:term":[{"taxonomy":"subject","embeddable":true,"href":"https:\/\/moderaterna.se\/vastragotaland\/wp-json\/wp\/v2\/subject?post=875"}],"curies":[{"name":"wp","href":"https:\/\/api.w.org\/{rel}","templated":true}]}}

Västra Götalandsregionen

<p>Besöksadress: Residenset, Torget, 462 33 Vänersborg<br>Telefon: 010-441 00 32</p>



<p></p>



<p class="has-medium-font-size"><strong>Nyheter</strong>: <a href="https://via.tt.se/pressrum/3236813/moderaterna-i-vastra-gotalandsregionen">Pressrum | Moderaterna i Västra Götalandsregionen</a></p>



<p class="has-medium-font-size"><strong>Förtroendevalda:</strong> <a href="https://vgregion.tromanpublik.se/viewParty.jsf?id=53004b78-07c0-406b-be80-5a5c0651e8dc" target="_blank" rel="noreferrer noopener">Länk till Västra Götalandsregionens förtroendemannaregister</a></p>



<p class="has-medium-font-size"><strong>Tjänstemän:</strong></p>



<p><strong>Jeta Ibishi</strong><br>Kanslichef<br>076-514 30 19<br><a href="mailto:jeta.ibishi@vgregion.se">jeta.ibishi@vgregion.se</a><br><br><strong>Elise Benjaminsson&nbsp;</strong><br>Politisk sekreterare, Hälso- och sjukvård<br>070-845 62 82<br><a href="mailto:elise.benjaminsson@vgregion.se">elise.benjaminsson@vgregion.se</a></p>



<p><strong>Jasmin Usta</strong><br>Politisk sekreterare, Hälso- och sjukvård<br>Press<br>072-084 03 79<br><a href="mailto:jasmin.usta@vgregion.se">jasmin.usta@vgregion.se</a><br><br><strong>Kajsa Glittvik</strong><br>Politisk sekreterare, regionutveckling<br>076-213 87 50<br><a href="mailto:kajsa.glittvik@vgregion.se">kajsa.glittvik@vgregion.se</a></p>

<p>Besöksadress: Residenset, Torget, 462 33 VänersborgTelefon: 010-441 00 32 Nyheter: Pressrum | Moderaterna i Västra Götalandsregionen Förtroendevalda: Länk till Västra Götalandsregionens förtroendemannaregister Tjänstemän: Jeta IbishiKanslichef076-514 30 19jeta.ibishi@vgregion.se Elise Benjaminsson&nbsp;Politisk sekreterare, Hälso- och sjukvård070-845 62 82elise.benjaminsson@vgregion.se Jasmin UstaPolitisk sekreterare, Hälso- och sjukvårdPress072-084 03 79jasmin.usta@vgregion.se Kajsa GlittvikPolitisk sekreterare, regionutveckling076-213 87 50kajsa.glittvik@vgregion.se</p>
