{"id":865,"date":"2022-01-03T20:58:24","date_gmt":"2022-01-03T19:58:24","guid":{"rendered":"https:\/\/moderaterna.se\/vastragotaland\/?page_id=865"},"modified":"2026-02-18T15:07:47","modified_gmt":"2026-02-18T14:07:47","slug":"muf","status":"publish","type":"page","link":"https:\/\/moderaterna.se\/vastragotaland\/muf\/","title":{"rendered":"MUF"},"content":{"rendered":"\n<h1 class=\"wp-block-heading\" id=\"h-muf\">MUF<\/h1>\n\n\n\n<p>Wilhelm Warborn, ordf\u00f6rande MUF G\u00f6teborg<br>070-617 59 30<br><a href=\"mailto:Wilhelm.warborn@mufgbg.se\">wilhelm.warborn@mufgbg.se<\/a><br>F\u00f6lj MUF G\u00f6teborg p\u00e5\u00a0<a href=\"https:\/\/www.facebook.com\/mufgbg\/\" target=\"_blank\" rel=\"noreferrer noopener\">Facebook<\/a><br><a href=\"https:\/\/moderaterna.se\/vastragotaland\/politiker\/wilhelm-warborn\/\">Mer om Wilhelm<\/a><\/p>\n\n\n\n<p>Alva Doyle, ordf\u00f6rande MUF Skaraborg<br>072-971 51 39<br><a href=\"mailto:Alva.doyle@moderaterna.se\" target=\"_blank\" rel=\"noreferrer noopener\">alva.doyle@moderaterna.se<\/a><br>F\u00f6lj MUF Skaraborg p\u00e5<a href=\"https:\/\/www.facebook.com\/mufskaraborg\/\" target=\"_blank\" rel=\"noreferrer noopener\">&nbsp;Facebook<\/a><br><a href=\"https:\/\/moderaterna.se\/vastragotaland\/politiker\/alva-doyle\/\">Mer om Alva<\/a><\/p>\n\n\n\n<p>Ludvig Anderstr\u00f6m, ordf\u00f6rande&nbsp;MUF V\u00e4stra<br>073-546 10 70<br><a href=\"mailto:ludvig.anderstrom.muf@gmail.com\" target=\"_blank\" rel=\"noreferrer noopener\">ludvig.anderstrom.muf@gmail.com<\/a><br>F\u00f6lj MUF V\u00e4stra p\u00e5&nbsp;<a href=\"https:\/\/www.facebook.com\/MUFVGV\/\" target=\"_blank\" rel=\"noreferrer noopener\">Facebook<\/a><br><a href=\"https:\/\/moderaterna.se\/vastragotaland\/politiker\/ludvig-anderstrom\/\">Mer om Ludvig<\/a><br><br>Fredrik Eneroth, ordf\u00f6rande&nbsp;MUF Norra<br>076-431 73 62<br><a href=\"mailto:fredrik.ereroth@moderaterna.se\">fredrik.eneroth@moderaterna.se<\/a><br>F\u00f6lj MUF Norra p\u00e5&nbsp;<a href=\"https:\/\/www.facebook.com\/MUFVGN\/?hc_ref=SEARCH&amp;fref=nf\" target=\"_blank\" rel=\"noreferrer noopener\">Facebook<\/a><br><a href=\"https:\/\/moderaterna.se\/vastragotaland\/politiker\/fredrik-eneroth\/\">Mer om Fredrik<\/a><br><br>Maria Nordgren,&nbsp;ordf\u00f6rande&nbsp;MUF&nbsp;S\u00f6dra<br>079-332 82 06<br><a href=\"mailto:maria.nordgren@moderaterna.se\" target=\"_blank\" rel=\"noreferrer noopener\">maria.nordgren@moderaterna.se<\/a><br>F\u00f6lj MUF S\u00f6dra \u00c4lvsborg&nbsp;<a href=\"https:\/\/www.facebook.com\/mufsodra\" target=\"_blank\" rel=\"noreferrer noopener\">Facebook<\/a><br><a href=\"https:\/\/moderaterna.se\/vastragotaland\/politiker\/maria-nordgren\/\">Mer om Maria<\/a><\/p>\n","protected":false},"excerpt":{"rendered":"<p>MUF Wilhelm Warborn, ordf\u00f6rande MUF G\u00f6teborg070-617 59 30wilhelm.warborn@mufgbg.seF\u00f6lj MUF G\u00f6teborg p\u00e5\u00a0FacebookMer om Wilhelm Alva Doyle, ordf\u00f6rande MUF Skaraborg072-971 51 39alva.doyle@moderaterna.seF\u00f6lj MUF Skaraborg p\u00e5&nbsp;FacebookMer om Alva Ludvig Anderstr\u00f6m, ordf\u00f6rande&nbsp;MUF V\u00e4stra073-546 10 70ludvig.anderstrom.muf@gmail.comF\u00f6lj MUF V\u00e4stra p\u00e5&nbsp;FacebookMer om Ludvig Fredrik Eneroth, ordf\u00f6rande&nbsp;MUF Norra076-431 73 62fredrik.eneroth@moderaterna.seF\u00f6lj MUF Norra p\u00e5&nbsp;FacebookMer om Fredrik Maria Nordgren,&nbsp;ordf\u00f6rande&nbsp;MUF&nbsp;S\u00f6dra079-332 82 06maria.nordgren@moderaterna.seF\u00f6lj MUF S\u00f6dra \u00c4lvsborg&nbsp;FacebookMer om [&hellip;]<\/p>\n","protected":false},"author":9,"featured_media":0,"parent":0,"menu_order":0,"comment_status":"closed","ping_status":"closed","template":"","meta":{"_acf_changed":false,"_relevanssi_hide_post":"","_relevanssi_hide_content":"","_relevanssi_pin_for_all":"","_relevanssi_pin_keywords":"","_relevanssi_unpin_keywords":"","_relevanssi_related_keywords":"","_relevanssi_related_include_ids":"","_relevanssi_related_exclude_ids":"","_relevanssi_related_no_append":"","_relevanssi_related_not_related":"","_relevanssi_related_posts":"842,831,829","_relevanssi_noindex_reason":"","footnotes":""},"subject":[],"class_list":["post-865","page","type-page","status-publish","hentry"],"acf":[],"publishpress_future_action":{"enabled":false,"date":"2026-04-30 13:29:45","action":"change-status","newStatus":"draft","terms":[],"taxonomy":"subject"},"_links":{"self":[{"href":"https:\/\/moderaterna.se\/vastragotaland\/wp-json\/wp\/v2\/pages\/865","targetHints":{"allow":["GET"]}}],"collection":[{"href":"https:\/\/moderaterna.se\/vastragotaland\/wp-json\/wp\/v2\/pages"}],"about":[{"href":"https:\/\/moderaterna.se\/vastragotaland\/wp-json\/wp\/v2\/types\/page"}],"author":[{"embeddable":true,"href":"https:\/\/moderaterna.se\/vastragotaland\/wp-json\/wp\/v2\/users\/9"}],"replies":[{"embeddable":true,"href":"https:\/\/moderaterna.se\/vastragotaland\/wp-json\/wp\/v2\/comments?post=865"}],"version-history":[{"count":21,"href":"https:\/\/moderaterna.se\/vastragotaland\/wp-json\/wp\/v2\/pages\/865\/revisions"}],"predecessor-version":[{"id":3311,"href":"https:\/\/moderaterna.se\/vastragotaland\/wp-json\/wp\/v2\/pages\/865\/revisions\/3311"}],"wp:attachment":[{"href":"https:\/\/moderaterna.se\/vastragotaland\/wp-json\/wp\/v2\/media?parent=865"}],"wp:term":[{"taxonomy":"subject","embeddable":true,"href":"https:\/\/moderaterna.se\/vastragotaland\/wp-json\/wp\/v2\/subject?post=865"}],"curies":[{"name":"wp","href":"https:\/\/api.w.org\/{rel}","templated":true}]}}