{"id":820,"date":"2022-01-03T20:23:16","date_gmt":"2022-01-03T19:23:16","guid":{"rendered":"https:\/\/moderaterna.se\/vastragotaland\/?page_id=820"},"modified":"2025-12-22T18:21:36","modified_gmt":"2025-12-22T17:21:36","slug":"press","status":"publish","type":"page","link":"https:\/\/moderaterna.se\/vastragotaland\/press\/","title":{"rendered":"Press V\u00e4stra G\u00f6taland"},"content":{"rendered":"\n<p>Pressjour V\u00e4stra G\u00f6taland (f\u00f6r media):<br>076-033 33 63<br><a href=\"mailto:info@moderatvg.se\">info@moderatvg.se<\/a><\/p>\n\n\n\n<p>Niklas Claesson<br>Chefsombudsman\u00a0V\u00e4stra G\u00f6taland<br>070-082 58 14<br><a href=\"mailto:niklas.claesson@moderatvg.se\">niklas.claesson@moderatvg.se<\/a><\/p>\n\n\n\n<p>Jasmin Usta <br>Pressekreterare V\u00e4stra G\u00f6talandsregionen\u00a0<br>072-084 03 79<br><a href=\"mailto:jasmin.usta@vgregion.se\">jasmin.usta@vgregion.se<\/a><\/p>\n\n\n\n<p>Stefan Kraft<br>Press- och kommunikationschef G\u00f6teborgs stad<br>070-494 18 15<br><a href=\"mailto:stefan.kraft@stadshuset.goteborg.se\">stefan.kraft@stadshuset.goteborg.se<\/a><\/p>\n","protected":false},"excerpt":{"rendered":"<p>Pressjour V\u00e4stra G\u00f6taland (f\u00f6r media):076-033 33 63info@moderatvg.se Niklas ClaessonChefsombudsman\u00a0V\u00e4stra G\u00f6taland070-082 58 14niklas.claesson@moderatvg.se Jasmin Usta Pressekreterare V\u00e4stra G\u00f6talandsregionen\u00a0072-084 03 79jasmin.usta@vgregion.se Stefan KraftPress- och kommunikationschef G\u00f6teborgs stad070-494 18 15stefan.kraft@stadshuset.goteborg.se<\/p>\n","protected":false},"author":9,"featured_media":0,"parent":0,"menu_order":0,"comment_status":"closed","ping_status":"closed","template":"","meta":{"_acf_changed":false,"_relevanssi_hide_post":"","_relevanssi_hide_content":"","_relevanssi_pin_for_all":"","_relevanssi_pin_keywords":"","_relevanssi_unpin_keywords":"","_relevanssi_related_keywords":"","_relevanssi_related_include_ids":"","_relevanssi_related_exclude_ids":"","_relevanssi_related_no_append":"","_relevanssi_related_not_related":"","_relevanssi_related_posts":"842,829,831","_relevanssi_noindex_reason":"","footnotes":""},"subject":[],"class_list":["post-820","page","type-page","status-publish","hentry"],"acf":[],"publishpress_future_action":{"enabled":false,"date":"2026-05-06 12:51:32","action":"change-status","newStatus":"draft","terms":[],"taxonomy":"subject"},"_links":{"self":[{"href":"https:\/\/moderaterna.se\/vastragotaland\/wp-json\/wp\/v2\/pages\/820","targetHints":{"allow":["GET"]}}],"collection":[{"href":"https:\/\/moderaterna.se\/vastragotaland\/wp-json\/wp\/v2\/pages"}],"about":[{"href":"https:\/\/moderaterna.se\/vastragotaland\/wp-json\/wp\/v2\/types\/page"}],"author":[{"embeddable":true,"href":"https:\/\/moderaterna.se\/vastragotaland\/wp-json\/wp\/v2\/users\/9"}],"replies":[{"embeddable":true,"href":"https:\/\/moderaterna.se\/vastragotaland\/wp-json\/wp\/v2\/comments?post=820"}],"version-history":[{"count":9,"href":"https:\/\/moderaterna.se\/vastragotaland\/wp-json\/wp\/v2\/pages\/820\/revisions"}],"predecessor-version":[{"id":3244,"href":"https:\/\/moderaterna.se\/vastragotaland\/wp-json\/wp\/v2\/pages\/820\/revisions\/3244"}],"wp:attachment":[{"href":"https:\/\/moderaterna.se\/vastragotaland\/wp-json\/wp\/v2\/media?parent=820"}],"wp:term":[{"taxonomy":"subject","embeddable":true,"href":"https:\/\/moderaterna.se\/vastragotaland\/wp-json\/wp\/v2\/subject?post=820"}],"curies":[{"name":"wp","href":"https:\/\/api.w.org\/{rel}","templated":true}]}}

Press Västra Götaland

<p>Pressjour Västra Götaland (för media):<br>076-033 33 63<br><a href="mailto:info@moderatvg.se">info@moderatvg.se</a></p>



<p>Niklas Claesson<br>Chefsombudsman Västra Götaland<br>070-082 58 14<br><a href="mailto:niklas.claesson@moderatvg.se">niklas.claesson@moderatvg.se</a></p>



<p>Jasmin Usta <br>Pressekreterare Västra Götalandsregionen <br>072-084 03 79<br><a href="mailto:jasmin.usta@vgregion.se">jasmin.usta@vgregion.se</a></p>



<p>Stefan Kraft<br>Press- och kommunikationschef Göteborgs stad<br>070-494 18 15<br><a href="mailto:stefan.kraft@stadshuset.goteborg.se">stefan.kraft@stadshuset.goteborg.se</a></p>

<p>Pressjour Västra Götaland (för media):076-033 33 63info@moderatvg.se Niklas ClaessonChefsombudsman Västra Götaland070-082 58 14niklas.claesson@moderatvg.se Jasmin Usta Pressekreterare Västra Götalandsregionen 072-084 03 79jasmin.usta@vgregion.se Stefan KraftPress- och kommunikationschef Göteborgs stad070-494 18 15stefan.kraft@stadshuset.goteborg.se</p>
