{"id":632,"date":"2021-12-08T09:52:53","date_gmt":"2021-12-08T08:52:53","guid":{"rendered":"https:\/\/moderaterna.se\/vastmanland\/?page_id=632"},"modified":"2025-08-17T16:17:15","modified_gmt":"2025-08-17T14:17:15","slug":"forbundsstyrelsen","status":"publish","type":"page","link":"https:\/\/moderaterna.se\/vastmanland\/moderaterna-nu-far-vi-ordning-pa-sverige\/om-oss\/forbundsstyrelsen\/","title":{"rendered":"F\u00f6rbundsstyrelsen"},"content":{"rendered":"\n<h2 class=\"wp-block-heading\"><strong>Ordf\u00f6rande<\/strong> <\/h2>\n\n\n\n<p>Caroline H\u00f6gstr\u00f6m, caroline.hogstrom(@)moderaterna.se<\/p>\n\n\n\n<h2 class=\"wp-block-heading\"><strong>1:e vice ordf\u00f6rande<\/strong> <\/h2>\n\n\n\n<p>Erik Hamrin, Sala<\/p>\n\n\n\n<h2 class=\"wp-block-heading\"><strong>2:e vice ordf\u00f6rande<\/strong> <\/h2>\n\n\n\n<p>Stephanie Bruksg\u00e5rd, V\u00e4ster\u00e5s <\/p>\n\n\n\n<div style=\"height:36px\" aria-hidden=\"true\" class=\"wp-block-spacer\"><\/div>\n\n\n\n<h2 class=\"wp-block-heading\" id=\"h-ledamoter\"><strong>Ledam\u00f6ter:<\/strong><\/h2>\n\n\n\n<p>Andreas Weiborn, V\u00e4ster\u00e5s <\/p>\n\n\n\n<p>Kent Andersson, K\u00f6ping<\/p>\n\n\n\n<p>Mikael Damsgaard, V\u00e4ster\u00e5s <\/p>\n\n\n\n<p>Johan Fernkvist, V\u00e4ster\u00e5s<\/p>\n\n\n\n<p>Glenn Jassund, K\u00f6ping<\/p>\n\n\n\n<p>Ewa Granuu, Kungs\u00f6r<\/p>\n\n\n\n<p>Alexander Sj\u00f6str\u00f6m, Fagersta<\/p>\n\n\n\n<p>Michael Hessen, MUF, V\u00e4ster\u00e5s<\/p>\n\n\n\n<p>Victoria Kihlstr\u00f6m, Moderatkvinnorna, Sala<\/p>\n\n\n\n<p>Klara Helin, V\u00e4ster\u00e5s<\/p>\n\n\n\n<p>VAKANT, Moderataseniorer<\/p>\n","protected":false},"excerpt":{"rendered":"<p>Ordf\u00f6rande Caroline H\u00f6gstr\u00f6m, caroline.hogstrom(@)moderaterna.se 1:e vice ordf\u00f6rande Erik Hamrin, Sala 2:e vice ordf\u00f6rande Stephanie Bruksg\u00e5rd, V\u00e4ster\u00e5s Ledam\u00f6ter: Andreas Weiborn, V\u00e4ster\u00e5s Kent Andersson, K\u00f6ping Mikael Damsgaard, V\u00e4ster\u00e5s Johan Fernkvist, V\u00e4ster\u00e5s Glenn Jassund, K\u00f6ping Ewa Granuu, Kungs\u00f6r Alexander Sj\u00f6str\u00f6m, Fagersta Michael Hessen, MUF, V\u00e4ster\u00e5s Victoria Kihlstr\u00f6m, Moderatkvinnorna, Sala Klara Helin, V\u00e4ster\u00e5s VAKANT, Moderataseniorer<\/p>\n","protected":false},"author":9,"featured_media":0,"parent":647,"menu_order":0,"comment_status":"closed","ping_status":"closed","template":"","meta":{"_acf_changed":false,"_relevanssi_hide_post":"","_relevanssi_hide_content":"","_relevanssi_pin_for_all":"","_relevanssi_pin_keywords":"","_relevanssi_unpin_keywords":"","_relevanssi_related_keywords":"","_relevanssi_related_include_ids":"","_relevanssi_related_exclude_ids":"","_relevanssi_related_no_append":"","_relevanssi_related_not_related":"","_relevanssi_related_posts":"526","_relevanssi_noindex_reason":"","footnotes":""},"subject":[],"class_list":["post-632","page","type-page","status-publish","hentry"],"acf":[],"publishpress_future_action":{"enabled":false,"date":"2026-04-22 07:17:42","action":"change-status","newStatus":"draft","terms":[],"taxonomy":"subject"},"_links":{"self":[{"href":"https:\/\/moderaterna.se\/vastmanland\/wp-json\/wp\/v2\/pages\/632","targetHints":{"allow":["GET"]}}],"collection":[{"href":"https:\/\/moderaterna.se\/vastmanland\/wp-json\/wp\/v2\/pages"}],"about":[{"href":"https:\/\/moderaterna.se\/vastmanland\/wp-json\/wp\/v2\/types\/page"}],"author":[{"embeddable":true,"href":"https:\/\/moderaterna.se\/vastmanland\/wp-json\/wp\/v2\/users\/9"}],"replies":[{"embeddable":true,"href":"https:\/\/moderaterna.se\/vastmanland\/wp-json\/wp\/v2\/comments?post=632"}],"version-history":[{"count":7,"href":"https:\/\/moderaterna.se\/vastmanland\/wp-json\/wp\/v2\/pages\/632\/revisions"}],"predecessor-version":[{"id":1317,"href":"https:\/\/moderaterna.se\/vastmanland\/wp-json\/wp\/v2\/pages\/632\/revisions\/1317"}],"up":[{"embeddable":true,"href":"https:\/\/moderaterna.se\/vastmanland\/wp-json\/wp\/v2\/pages\/647"}],"wp:attachment":[{"href":"https:\/\/moderaterna.se\/vastmanland\/wp-json\/wp\/v2\/media?parent=632"}],"wp:term":[{"taxonomy":"subject","embeddable":true,"href":"https:\/\/moderaterna.se\/vastmanland\/wp-json\/wp\/v2\/subject?post=632"}],"curies":[{"name":"wp","href":"https:\/\/api.w.org\/{rel}","templated":true}]}}