{"id":3,"date":"2021-10-13T08:57:59","date_gmt":"2021-10-13T06:57:59","guid":{"rendered":"http:\/\/moderaterna.se\/?page_id=3"},"modified":"2022-01-15T16:13:05","modified_gmt":"2022-01-15T15:13:05","slug":"integritetspolicy","status":"publish","type":"page","link":"https:\/\/moderaterna.se\/vasternorrland\/integritetspolicy\/","title":{"rendered":"Integritetspolicy"},"content":{"rendered":"\n<div class=\"wp-block-columns are-vertically-aligned-center is-layout-flex wp-container-core-columns-is-layout-9d6595d7 wp-block-columns-is-layout-flex\">\n<div class=\"wp-block-column is-vertically-aligned-center is-layout-flow wp-block-column-is-layout-flow\">\n<div class=\"wp-block-image\"><figure class=\"aligncenter size-large\"><img loading=\"lazy\" decoding=\"async\" width=\"1024\" height=\"683\" src=\"http:\/\/moderaterna.se\/app\/uploads\/2021\/11\/placeholder-1920x1280-1-1024x683.jpg\" alt=\"\" class=\"wp-image-164\" srcset=\"https:\/\/moderaterna.se\/app\/uploads\/sites\/19\/2021\/11\/placeholder-1920x1280-1-1024x683.jpg 1024w, https:\/\/moderaterna.se\/app\/uploads\/sites\/19\/2021\/11\/placeholder-1920x1280-1-300x200.jpg 300w, https:\/\/moderaterna.se\/app\/uploads\/sites\/19\/2021\/11\/placeholder-1920x1280-1-768x512.jpg 768w, https:\/\/moderaterna.se\/app\/uploads\/sites\/19\/2021\/11\/placeholder-1920x1280-1-1536x1024.jpg 1536w, https:\/\/moderaterna.se\/app\/uploads\/sites\/19\/2021\/11\/placeholder-1920x1280-1.jpg 1920w\" sizes=\"auto, (max-width: 1024px) 100vw, 1024px\" \/><\/figure><\/div>\n<\/div>\n\n\n\n<div class=\"wp-block-column is-vertically-aligned-center is-layout-flow wp-block-column-is-layout-flow\">\n<h2 class=\"wp-block-heading\">Cookies p\u00e5 sidan<\/h2>\n\n\n\n<p>L\u00e4s om hur vi jobbar med kakor (cookies) p\u00e5 moderaterna.se<\/p>\n\n\n\n<div class=\"wp-block-buttons is-layout-flex wp-block-buttons-is-layout-flex\">\n<div class=\"wp-block-button\"><a class=\"wp-block-button__link\" href=\"https:\/\/moderaterna.se\/integritetspolicy\/om-cookies\/\">L\u00e4s om v\u00e5ra kakor<\/a><\/div>\n<\/div>\n<\/div>\n<\/div>\n\n\n\n<div class=\"wp-block-columns are-vertically-aligned-center is-layout-flex wp-container-core-columns-is-layout-9d6595d7 wp-block-columns-is-layout-flex\">\n<div class=\"wp-block-column is-vertically-aligned-center is-layout-flow wp-block-column-is-layout-flow\">\n<h2 class=\"wp-block-heading\">Dina personuppgifter<\/h2>\n\n\n\n<p>L\u00e4s om hur vi hanterar dina personuppgifter p\u00e5 moderaterna.se<\/p>\n\n\n\n<div class=\"wp-block-buttons is-layout-flex wp-block-buttons-is-layout-flex\">\n<div class=\"wp-block-button\"><a class=\"wp-block-button__link\" href=\"https:\/\/moderaterna.se\/integritetspolicy\/hur-vi-hanterar-dina-personuppgifter\/\">Dina personuppgifter<\/a><\/div>\n<\/div>\n<\/div>\n\n\n\n<div class=\"wp-block-column is-vertically-aligned-center is-layout-flow wp-block-column-is-layout-flow\">\n<figure class=\"wp-block-image size-large\"><img loading=\"lazy\" decoding=\"async\" width=\"1024\" height=\"683\" src=\"https:\/\/moderaterna.se\/app\/uploads\/2021\/11\/placeholder-1920x1280-1-1024x683.jpg\" alt=\"\" class=\"wp-image-164\" srcset=\"https:\/\/moderaterna.se\/app\/uploads\/sites\/19\/2021\/11\/placeholder-1920x1280-1-1024x683.jpg 1024w, https:\/\/moderaterna.se\/app\/uploads\/sites\/19\/2021\/11\/placeholder-1920x1280-1-300x200.jpg 300w, https:\/\/moderaterna.se\/app\/uploads\/sites\/19\/2021\/11\/placeholder-1920x1280-1-768x512.jpg 768w, https:\/\/moderaterna.se\/app\/uploads\/sites\/19\/2021\/11\/placeholder-1920x1280-1-1536x1024.jpg 1536w, https:\/\/moderaterna.se\/app\/uploads\/sites\/19\/2021\/11\/placeholder-1920x1280-1.jpg 1920w\" sizes=\"auto, (max-width: 1024px) 100vw, 1024px\" \/><\/figure>\n<\/div>\n<\/div>\n","protected":false},"excerpt":{"rendered":"<p>Cookies p\u00e5 sidan L\u00e4s om hur vi jobbar med kakor (cookies) p\u00e5 moderaterna.se Dina personuppgifter L\u00e4s om hur vi hanterar dina personuppgifter p\u00e5 moderaterna.se<\/p>\n","protected":false},"author":9,"featured_media":0,"parent":0,"menu_order":10,"comment_status":"closed","ping_status":"closed","template":"","meta":{"_acf_changed":false,"_relevanssi_hide_post":"","_relevanssi_hide_content":"","_relevanssi_pin_for_all":"","_relevanssi_pin_keywords":"","_relevanssi_unpin_keywords":"","_relevanssi_related_keywords":"","_relevanssi_related_include_ids":"","_relevanssi_related_exclude_ids":"","_relevanssi_related_no_append":"","_relevanssi_related_not_related":"","_relevanssi_related_posts":"","_relevanssi_noindex_reason":"","footnotes":""},"subject":[],"class_list":["post-3","page","type-page","status-publish","hentry"],"acf":[],"publishpress_future_action":{"enabled":false,"date":"2026-04-10 23:29:04","action":"change-status","newStatus":"draft","terms":[],"taxonomy":"subject"},"_links":{"self":[{"href":"https:\/\/moderaterna.se\/vasternorrland\/wp-json\/wp\/v2\/pages\/3","targetHints":{"allow":["GET"]}}],"collection":[{"href":"https:\/\/moderaterna.se\/vasternorrland\/wp-json\/wp\/v2\/pages"}],"about":[{"href":"https:\/\/moderaterna.se\/vasternorrland\/wp-json\/wp\/v2\/types\/page"}],"author":[{"embeddable":true,"href":"https:\/\/moderaterna.se\/vasternorrland\/wp-json\/wp\/v2\/users\/9"}],"replies":[{"embeddable":true,"href":"https:\/\/moderaterna.se\/vasternorrland\/wp-json\/wp\/v2\/comments?post=3"}],"version-history":[{"count":14,"href":"https:\/\/moderaterna.se\/vasternorrland\/wp-json\/wp\/v2\/pages\/3\/revisions"}],"predecessor-version":[{"id":184,"href":"https:\/\/moderaterna.se\/vasternorrland\/wp-json\/wp\/v2\/pages\/3\/revisions\/184"}],"wp:attachment":[{"href":"https:\/\/moderaterna.se\/vasternorrland\/wp-json\/wp\/v2\/media?parent=3"}],"wp:term":[{"taxonomy":"subject","embeddable":true,"href":"https:\/\/moderaterna.se\/vasternorrland\/wp-json\/wp\/v2\/subject?post=3"}],"curies":[{"name":"wp","href":"https:\/\/api.w.org\/{rel}","templated":true}]}}