{"id":848,"date":"2022-01-13T15:13:59","date_gmt":"2022-01-13T14:13:59","guid":{"rendered":"https:\/\/moderaterna.se\/vasterbotten\/?post_type=politiker&#038;p=848"},"modified":"2022-01-13T15:13:59","modified_gmt":"2022-01-13T14:13:59","slug":"veronika-hakansson","status":"publish","type":"politiker","link":"https:\/\/moderaterna.se\/vasterbotten\/politiker\/veronika-hakansson\/","title":{"rendered":"Veronika H\u00e5kansson"},"content":{"rendered":"\n<p>Bor utanf\u00f6r Storuman med make och hundar, jobbar som redovisningsekonom p\u00e5 ett entreprenadf\u00f6retag. Har varit engagerad i moderat politik sedan mitten p\u00e5 90-talet. Mina st\u00f6rsta intressen f\u00f6rutom politiken och hundarna \u00e4r att vara ute i naturen och att l\u00e4sa b\u00f6cker.<\/p>\n\n\n\n<p>Fritidspolitiker i Storumans Kommun.<\/p>\n","protected":false},"featured_media":849,"template":"","role":[75],"secondary-role":[],"class_list":["post-848","politiker","type-politiker","status-publish","has-post-thumbnail","hentry"],"acf":[],"_links":{"self":[{"href":"https:\/\/moderaterna.se\/vasterbotten\/wp-json\/wp\/v2\/politiker\/848","targetHints":{"allow":["GET"]}}],"collection":[{"href":"https:\/\/moderaterna.se\/vasterbotten\/wp-json\/wp\/v2\/politiker"}],"about":[{"href":"https:\/\/moderaterna.se\/vasterbotten\/wp-json\/wp\/v2\/types\/politiker"}],"wp:featuredmedia":[{"embeddable":true,"href":"https:\/\/moderaterna.se\/vasterbotten\/wp-json\/wp\/v2\/media\/849"}],"wp:attachment":[{"href":"https:\/\/moderaterna.se\/vasterbotten\/wp-json\/wp\/v2\/media?parent=848"}],"wp:term":[{"taxonomy":"role","embeddable":true,"href":"https:\/\/moderaterna.se\/vasterbotten\/wp-json\/wp\/v2\/role?post=848"},{"taxonomy":"secondary-role","embeddable":true,"href":"https:\/\/moderaterna.se\/vasterbotten\/wp-json\/wp\/v2\/secondary-role?post=848"}],"curies":[{"name":"wp","href":"https:\/\/api.w.org\/{rel}","templated":true}]}}

Veronika Håkansson

<p>Bor utanför Storuman med make och hundar, jobbar som redovisningsekonom på ett entreprenadföretag. Har varit engagerad i moderat politik sedan mitten på 90-talet. Mina största intressen förutom politiken och hundarna är att vara ute i naturen och att läsa böcker.</p>



<p>Fritidspolitiker i Storumans Kommun.</p>
