{"id":836,"date":"2022-01-13T15:02:38","date_gmt":"2022-01-13T14:02:38","guid":{"rendered":"https:\/\/moderaterna.se\/vasterbotten\/?post_type=politiker&#038;p=836"},"modified":"2022-01-13T15:02:39","modified_gmt":"2022-01-13T14:02:39","slug":"andreas-lowenhook","status":"publish","type":"politiker","link":"https:\/\/moderaterna.se\/vasterbotten\/politiker\/andreas-lowenhook\/","title":{"rendered":"Andreas L\u00f6wenh\u00f6\u00f6k"},"content":{"rendered":"\n<p>Oppositionsr\u00e5d i Skellefte\u00e5 kommun och regionpolitiker.<\/p>\n\n\n\n<p><\/p>\n","protected":false},"featured_media":837,"template":"","role":[75,83],"secondary-role":[],"class_list":["post-836","politiker","type-politiker","status-publish","has-post-thumbnail","hentry"],"acf":[],"_links":{"self":[{"href":"https:\/\/moderaterna.se\/vasterbotten\/wp-json\/wp\/v2\/politiker\/836","targetHints":{"allow":["GET"]}}],"collection":[{"href":"https:\/\/moderaterna.se\/vasterbotten\/wp-json\/wp\/v2\/politiker"}],"about":[{"href":"https:\/\/moderaterna.se\/vasterbotten\/wp-json\/wp\/v2\/types\/politiker"}],"wp:featuredmedia":[{"embeddable":true,"href":"https:\/\/moderaterna.se\/vasterbotten\/wp-json\/wp\/v2\/media\/837"}],"wp:attachment":[{"href":"https:\/\/moderaterna.se\/vasterbotten\/wp-json\/wp\/v2\/media?parent=836"}],"wp:term":[{"taxonomy":"role","embeddable":true,"href":"https:\/\/moderaterna.se\/vasterbotten\/wp-json\/wp\/v2\/role?post=836"},{"taxonomy":"secondary-role","embeddable":true,"href":"https:\/\/moderaterna.se\/vasterbotten\/wp-json\/wp\/v2\/secondary-role?post=836"}],"curies":[{"name":"wp","href":"https:\/\/api.w.org\/{rel}","templated":true}]}}

Andreas Löwenhöök

<p>Oppositionsråd i Skellefteå kommun och regionpolitiker.</p>



<p></p>
