{"id":632,"date":"2021-12-08T09:52:53","date_gmt":"2021-12-08T08:52:53","guid":{"rendered":"https:\/\/moderaterna.se\/vasterbotten\/?page_id=632"},"modified":"2026-03-12T10:44:08","modified_gmt":"2026-03-12T09:44:08","slug":"lansforbundsstyrelsen","status":"publish","type":"page","link":"https:\/\/moderaterna.se\/vasterbotten\/lansforbundsstyrelsen\/","title":{"rendered":"L\u00e4nsf\u00f6rbundsstyrelsen"},"content":{"rendered":"\n<p><\/p>\n\n\n\n<div class=\"wp-block-media-text is-stacked-on-mobile\"><figure class=\"wp-block-media-text__media\"><img loading=\"lazy\" decoding=\"async\" width=\"768\" height=\"1024\" src=\"https:\/\/moderaterna.se\/app\/uploads\/sites\/17\/2025\/03\/Anders-768x1024.webp\" alt=\"\" class=\"wp-image-1420 size-full\" srcset=\"https:\/\/moderaterna.se\/app\/uploads\/sites\/17\/2025\/03\/Anders-768x1024.webp 768w, https:\/\/moderaterna.se\/app\/uploads\/sites\/17\/2025\/03\/Anders-225x300.webp 225w, https:\/\/moderaterna.se\/app\/uploads\/sites\/17\/2025\/03\/Anders.webp 1092w\" sizes=\"auto, (max-width: 768px) 100vw, 768px\" \/><\/figure><div class=\"wp-block-media-text__content\">\n<p><strong>Anders \u00c5gren, f\u00f6rbundsordf\u00f6rande<\/strong><\/p>\n\n\n\n<p>anders.agren@moderaterna.se<\/p>\n<\/div><\/div>\n\n\n\n<p><\/p>\n\n\n\n<div class=\"wp-block-media-text is-stacked-on-mobile\"><figure class=\"wp-block-media-text__media\"><img loading=\"lazy\" decoding=\"async\" width=\"850\" height=\"1024\" src=\"https:\/\/moderaterna.se\/app\/uploads\/sites\/17\/2025\/03\/Anna-Karin-850x1024.jpeg\" alt=\"\" class=\"wp-image-1421 size-full\" srcset=\"https:\/\/moderaterna.se\/app\/uploads\/sites\/17\/2025\/03\/Anna-Karin-850x1024.jpeg 850w, https:\/\/moderaterna.se\/app\/uploads\/sites\/17\/2025\/03\/Anna-Karin-249x300.jpeg 249w, https:\/\/moderaterna.se\/app\/uploads\/sites\/17\/2025\/03\/Anna-Karin-768x925.jpeg 768w, https:\/\/moderaterna.se\/app\/uploads\/sites\/17\/2025\/03\/Anna-Karin.jpeg 1091w\" sizes=\"auto, (max-width: 850px) 100vw, 850px\" \/><\/figure><div class=\"wp-block-media-text__content\">\n<p><strong>Anna-Karin Nilsson, f\u00f6rste vice ordf\u00f6rande<\/strong><\/p>\n\n\n\n<p>anna-karin.nilsson@moderaterna.se<\/p>\n<\/div><\/div>\n\n\n\n<p><\/p>\n\n\n\n<div class=\"wp-block-media-text is-stacked-on-mobile\"><figure class=\"wp-block-media-text__media\"><img loading=\"lazy\" decoding=\"async\" width=\"768\" height=\"960\" src=\"https:\/\/moderaterna.se\/app\/uploads\/sites\/17\/2025\/03\/Edward.jpg\" alt=\"\" class=\"wp-image-1422 size-full\" srcset=\"https:\/\/moderaterna.se\/app\/uploads\/sites\/17\/2025\/03\/Edward.jpg 768w, https:\/\/moderaterna.se\/app\/uploads\/sites\/17\/2025\/03\/Edward-240x300.jpg 240w\" sizes=\"auto, (max-width: 768px) 100vw, 768px\" \/><\/figure><div class=\"wp-block-media-text__content\">\n<p>Edward Riedl, andre vice ordf\u00f6rande<\/p>\n\n\n\n<p>edward.riedl@moderaterna.se<\/p>\n<\/div><\/div>\n\n\n\n<div class=\"wp-block-columns is-layout-flex wp-container-core-columns-is-layout-9d6595d7 wp-block-columns-is-layout-flex\">\n<div class=\"wp-block-column is-layout-flow wp-block-column-is-layout-flow\" style=\"flex-basis:100%\"><div id=\"listing-block_acf_block_69b28ae72cf8c\" class=\"listing custom-block custom-block__full theme__background--blue\">\n    <div class=\"listing__content\">\n                        <div class=\"listing__content--list\">\n                                    <div class=\"listing__content--list__single\">\n                            <h3 class=theme__color--dark-blue>F\u00f6rbundsstyrelseledam\u00f6ter<\/h3>\n                            <ul>\n                                                                        <li>\n                                            <a class=\"p--purple\" href=\"https:\/\/moderaterna.se\/vasterbotten\/politiker\/andreas-lowenhook\/\">Andreas L\u00f6wenh\u00f6\u00f6k<\/a>\n                                        <\/li>\n                                                                            <li>\n                                            <a class=\"p--purple\" href=\"https:\/\/moderaterna.se\/vasterbotten\/politiker\/anna-ackemo\/\">Anna Ackemo<\/a>\n                                        <\/li>\n                                                                            <li>\n                                            <a class=\"p--purple\" href=\"https:\/\/moderaterna.se\/vasterbotten\/politiker\/charlotta-jansson-enqvist\/\">Charlotta Jansson Enqvist<\/a>\n                                        <\/li>\n                                                                            <li>\n                                            <a class=\"p--purple\" href=\"https:\/\/moderaterna.se\/vasterbotten\/politiker\/christina-lidstrom\/\">Christina Lidstr\u00f6m<\/a>\n                                        <\/li>\n                                                                            <li>\n                                            <a class=\"p--purple\" href=\"https:\/\/moderaterna.se\/vasterbotten\/politiker\/nicklas-sandstrom\/\">Nicklas Sandstr\u00f6m<\/a>\n                                        <\/li>\n                                                                            <li>\n                                            <a class=\"p--purple\" href=\"https:\/\/moderaterna.se\/vasterbotten\/politiker\/victoria-bostrom\/\">Victoria Bostr\u00f6m<\/a>\n                                        <\/li>\n                                                                            <li>\n                                            <a class=\"p--purple\" href=\"https:\/\/moderaterna.se\/vasterbotten\/politiker\/ulf-vidman\/\">Ulf Vidman<\/a>\n                                        <\/li>\n                                                                            <li>\n                                            <a class=\"p--purple\" href=\"https:\/\/moderaterna.se\/vasterbotten\/politiker\/elmer-eriksson\/\">Elmer Eriksson<\/a>\n                                        <\/li>\n                                                                <\/ul>\n                        <\/div>\n                            <\/div>\n    <\/div>\n<\/div>\n\n\n<\/div>\n<\/div>\n\n\n","protected":false},"excerpt":{"rendered":"<p>Anders \u00c5gren, f\u00f6rbundsordf\u00f6rande anders.agren@moderaterna.se Anna-Karin Nilsson, f\u00f6rste vice ordf\u00f6rande anna-karin.nilsson@moderaterna.se Edward Riedl, andre vice ordf\u00f6rande edward.riedl@moderaterna.se<\/p>\n","protected":false},"author":9,"featured_media":0,"parent":0,"menu_order":0,"comment_status":"closed","ping_status":"closed","template":"","meta":{"_acf_changed":false,"_relevanssi_hide_post":"","_relevanssi_hide_content":"","_relevanssi_pin_for_all":"","_relevanssi_pin_keywords":"","_relevanssi_unpin_keywords":"","_relevanssi_related_keywords":"","_relevanssi_related_include_ids":"","_relevanssi_related_exclude_ids":"","_relevanssi_related_no_append":"","_relevanssi_related_not_related":"","_relevanssi_related_posts":"526","_relevanssi_noindex_reason":"","footnotes":""},"subject":[],"class_list":["post-632","page","type-page","status-publish","hentry"],"acf":[],"publishpress_future_action":{"enabled":false,"date":"2026-04-17 03:33:52","action":"change-status","newStatus":"draft","terms":[],"taxonomy":"subject"},"_links":{"self":[{"href":"https:\/\/moderaterna.se\/vasterbotten\/wp-json\/wp\/v2\/pages\/632","targetHints":{"allow":["GET"]}}],"collection":[{"href":"https:\/\/moderaterna.se\/vasterbotten\/wp-json\/wp\/v2\/pages"}],"about":[{"href":"https:\/\/moderaterna.se\/vasterbotten\/wp-json\/wp\/v2\/types\/page"}],"author":[{"embeddable":true,"href":"https:\/\/moderaterna.se\/vasterbotten\/wp-json\/wp\/v2\/users\/9"}],"replies":[{"embeddable":true,"href":"https:\/\/moderaterna.se\/vasterbotten\/wp-json\/wp\/v2\/comments?post=632"}],"version-history":[{"count":33,"href":"https:\/\/moderaterna.se\/vasterbotten\/wp-json\/wp\/v2\/pages\/632\/revisions"}],"predecessor-version":[{"id":1663,"href":"https:\/\/moderaterna.se\/vasterbotten\/wp-json\/wp\/v2\/pages\/632\/revisions\/1663"}],"wp:attachment":[{"href":"https:\/\/moderaterna.se\/vasterbotten\/wp-json\/wp\/v2\/media?parent=632"}],"wp:term":[{"taxonomy":"subject","embeddable":true,"href":"https:\/\/moderaterna.se\/vasterbotten\/wp-json\/wp\/v2\/subject?post=632"}],"curies":[{"name":"wp","href":"https:\/\/api.w.org\/{rel}","templated":true}]}}