{"id":1500,"date":"2025-06-25T15:24:21","date_gmt":"2025-06-25T13:24:21","guid":{"rendered":"https:\/\/moderaterna.se\/vasterbotten\/?page_id=1500"},"modified":"2025-06-25T15:24:21","modified_gmt":"2025-06-25T13:24:21","slug":"for-och-grundskolenamnden","status":"publish","type":"page","link":"https:\/\/moderaterna.se\/vasterbotten\/for-och-grundskolenamnden\/","title":{"rendered":"F\u00f6r- och grundskolen\u00e4mnden"},"content":{"rendered":"\n<p>Elmer Eriksson, ledamot<\/p>\n\n\n\n<p><a href=\"mailto:elmer.eriksson@umea.se\">elmer.eriksson@umea.se<\/a><\/p>\n\n\n\n<p>Philip Sw\u00e4rd, ers\u00e4ttare<\/p>\n\n\n\n<p><a href=\"mailto:philip.sward@umea.se\">philip.sward@umea.se<\/a><\/p>\n\n\n\n<p>Viktor Brodin, ers\u00e4ttare<\/p>\n","protected":false},"excerpt":{"rendered":"<p>Elmer Eriksson, ledamot elmer.eriksson@umea.se Philip Sw\u00e4rd, ers\u00e4ttare philip.sward@umea.se Viktor Brodin, ers\u00e4ttare<\/p>\n","protected":false},"author":37,"featured_media":0,"parent":0,"menu_order":0,"comment_status":"closed","ping_status":"closed","template":"","meta":{"_acf_changed":false,"_relevanssi_hide_post":"","_relevanssi_hide_content":"","_relevanssi_pin_for_all":"","_relevanssi_pin_keywords":"","_relevanssi_unpin_keywords":"","_relevanssi_related_keywords":"","_relevanssi_related_include_ids":"","_relevanssi_related_exclude_ids":"","_relevanssi_related_no_append":"","_relevanssi_related_not_related":"","_relevanssi_related_posts":"1214,1218,1284,1298,1245,1276","_relevanssi_noindex_reason":"","footnotes":""},"subject":[],"class_list":["post-1500","page","type-page","status-publish","hentry"],"acf":[],"publishpress_future_action":{"enabled":false,"date":"2026-04-24 08:55:55","action":"change-status","newStatus":"draft","terms":[],"taxonomy":"subject"},"_links":{"self":[{"href":"https:\/\/moderaterna.se\/vasterbotten\/wp-json\/wp\/v2\/pages\/1500","targetHints":{"allow":["GET"]}}],"collection":[{"href":"https:\/\/moderaterna.se\/vasterbotten\/wp-json\/wp\/v2\/pages"}],"about":[{"href":"https:\/\/moderaterna.se\/vasterbotten\/wp-json\/wp\/v2\/types\/page"}],"author":[{"embeddable":true,"href":"https:\/\/moderaterna.se\/vasterbotten\/wp-json\/wp\/v2\/users\/37"}],"replies":[{"embeddable":true,"href":"https:\/\/moderaterna.se\/vasterbotten\/wp-json\/wp\/v2\/comments?post=1500"}],"version-history":[{"count":1,"href":"https:\/\/moderaterna.se\/vasterbotten\/wp-json\/wp\/v2\/pages\/1500\/revisions"}],"predecessor-version":[{"id":1501,"href":"https:\/\/moderaterna.se\/vasterbotten\/wp-json\/wp\/v2\/pages\/1500\/revisions\/1501"}],"wp:attachment":[{"href":"https:\/\/moderaterna.se\/vasterbotten\/wp-json\/wp\/v2\/media?parent=1500"}],"wp:term":[{"taxonomy":"subject","embeddable":true,"href":"https:\/\/moderaterna.se\/vasterbotten\/wp-json\/wp\/v2\/subject?post=1500"}],"curies":[{"name":"wp","href":"https:\/\/api.w.org\/{rel}","templated":true}]}}