{"id":1486,"date":"2025-06-25T14:19:11","date_gmt":"2025-06-25T12:19:11","guid":{"rendered":"https:\/\/moderaterna.se\/vasterbotten\/?page_id=1486"},"modified":"2025-06-25T15:30:31","modified_gmt":"2025-06-25T13:30:31","slug":"kommunstyrelsen","status":"publish","type":"page","link":"https:\/\/moderaterna.se\/vasterbotten\/kommunstyrelsen\/","title":{"rendered":"Kommunstyrelsen"},"content":{"rendered":"\n<p>Anders \u00c5gren, 1:e vice ordf\u00f6rande<\/p>\n\n\n\n<p><a href=\"mailto:anders.agren@umea.se\">anders.agren@umea.se<\/a><\/p>\n\n\n\n<p>Lena Andersson, ledamot<\/p>\n\n\n\n<p><a style=\", Helvetica, Arial, sans-serif;font-size: 14px\" href=\"mailto:lena.andersson@umea.se\">lena.andersson@umea.se<\/a><\/p>\n\n\n\n<p>Elmer Eriksson, ers\u00e4ttare<\/p>\n\n\n\n<p><a href=\"mailto:elmer.eriksson@umea.se\">elmer.eriksson@umea.se<\/a><\/p>\n\n\n\n<p>Igor Hell, ers\u00e4ttare<\/p>\n\n\n\n<p><a href=\"mailto:igor.hell@umea.se\">igor.hell@umea.se<\/a><\/p>\n\n\n\n<p>Ulrik Berg, ers\u00e4ttare<\/p>\n\n\n\n<p><a href=\"mailto:ulrik.berg@umea.se\">ulrik.berg@umea.se<\/a><\/p>\n\n\n\n<p><\/p>\n","protected":false},"excerpt":{"rendered":"<p>Anders \u00c5gren, 1:e vice ordf\u00f6rande anders.agren@umea.se Lena Andersson, ledamot lena.andersson@umea.se Elmer Eriksson, ers\u00e4ttare elmer.eriksson@umea.se Igor Hell, ers\u00e4ttare igor.hell@umea.se Ulrik Berg, ers\u00e4ttare ulrik.berg@umea.se<\/p>\n","protected":false},"author":37,"featured_media":0,"parent":0,"menu_order":0,"comment_status":"closed","ping_status":"closed","template":"","meta":{"_acf_changed":false,"_relevanssi_hide_post":"","_relevanssi_hide_content":"","_relevanssi_pin_for_all":"","_relevanssi_pin_keywords":"","_relevanssi_unpin_keywords":"","_relevanssi_related_keywords":"","_relevanssi_related_include_ids":"","_relevanssi_related_exclude_ids":"","_relevanssi_related_no_append":"","_relevanssi_related_not_related":"","_relevanssi_related_posts":"1218,1385,1286,1235,1209,1298","_relevanssi_noindex_reason":"","footnotes":""},"subject":[],"class_list":["post-1486","page","type-page","status-publish","hentry"],"acf":[],"publishpress_future_action":{"enabled":false,"date":"2026-04-24 08:41:39","action":"change-status","newStatus":"draft","terms":[],"taxonomy":"subject"},"_links":{"self":[{"href":"https:\/\/moderaterna.se\/vasterbotten\/wp-json\/wp\/v2\/pages\/1486","targetHints":{"allow":["GET"]}}],"collection":[{"href":"https:\/\/moderaterna.se\/vasterbotten\/wp-json\/wp\/v2\/pages"}],"about":[{"href":"https:\/\/moderaterna.se\/vasterbotten\/wp-json\/wp\/v2\/types\/page"}],"author":[{"embeddable":true,"href":"https:\/\/moderaterna.se\/vasterbotten\/wp-json\/wp\/v2\/users\/37"}],"replies":[{"embeddable":true,"href":"https:\/\/moderaterna.se\/vasterbotten\/wp-json\/wp\/v2\/comments?post=1486"}],"version-history":[{"count":2,"href":"https:\/\/moderaterna.se\/vasterbotten\/wp-json\/wp\/v2\/pages\/1486\/revisions"}],"predecessor-version":[{"id":1504,"href":"https:\/\/moderaterna.se\/vasterbotten\/wp-json\/wp\/v2\/pages\/1486\/revisions\/1504"}],"wp:attachment":[{"href":"https:\/\/moderaterna.se\/vasterbotten\/wp-json\/wp\/v2\/media?parent=1486"}],"wp:term":[{"taxonomy":"subject","embeddable":true,"href":"https:\/\/moderaterna.se\/vasterbotten\/wp-json\/wp\/v2\/subject?post=1486"}],"curies":[{"name":"wp","href":"https:\/\/api.w.org\/{rel}","templated":true}]}}