{"id":1444,"date":"2025-06-02T11:32:21","date_gmt":"2025-06-02T09:32:21","guid":{"rendered":"https:\/\/moderaterna.se\/vasterbotten\/?page_id=1444"},"modified":"2025-09-25T09:01:17","modified_gmt":"2025-09-25T07:01:17","slug":"moderaterna-i-umea","status":"publish","type":"page","link":"https:\/\/moderaterna.se\/vasterbotten\/moderaterna-i-umea\/","title":{"rendered":"Moderaterna i Ume\u00e5"},"content":{"rendered":"\n<p>V\u00e4lkommen till Moderaterna i Ume\u00e5 kommun. H\u00e4r kommer vi att l\u00e4gga upp information om v\u00e5r politik och v\u00e5ra f\u00f6rslag lokalt i Ume\u00e5. <\/p>\n\n\n\n<figure class=\"wp-block-image size-large\"><img loading=\"lazy\" decoding=\"async\" width=\"1024\" height=\"576\" src=\"https:\/\/moderaterna.se\/app\/uploads\/sites\/17\/2025\/06\/NIV-1920-x-1080-px-47-1024x576.png\" alt=\"\" class=\"wp-image-1463\" srcset=\"https:\/\/moderaterna.se\/app\/uploads\/sites\/17\/2025\/06\/NIV-1920-x-1080-px-47-1024x576.png 1024w, https:\/\/moderaterna.se\/app\/uploads\/sites\/17\/2025\/06\/NIV-1920-x-1080-px-47-300x169.png 300w, https:\/\/moderaterna.se\/app\/uploads\/sites\/17\/2025\/06\/NIV-1920-x-1080-px-47-768x432.png 768w, https:\/\/moderaterna.se\/app\/uploads\/sites\/17\/2025\/06\/NIV-1920-x-1080-px-47-1536x864.png 1536w, https:\/\/moderaterna.se\/app\/uploads\/sites\/17\/2025\/06\/NIV-1920-x-1080-px-47.png 1920w\" sizes=\"auto, (max-width: 1024px) 100vw, 1024px\" \/><\/figure>\n\n\n\n<div style=\"height:22px\" aria-hidden=\"true\" class=\"wp-block-spacer\"><\/div>\n\n\n\n<div class=\"wp-block-buttons is-layout-flex wp-block-buttons-is-layout-flex\">\n<div class=\"wp-block-button\"><a class=\"wp-block-button__link wp-element-button\" href=\"https:\/\/moderaterna.se\/vasterbotten\/foretradare-i-umea-kommun\/\">F\u00f6retr\u00e4dare<\/a><\/div>\n\n\n\n<div class=\"wp-block-button\"><a class=\"wp-block-button__link wp-element-button\" href=\"https:\/\/moderaterna.se\/vasterbotten\/nyheter-fran-moderaterna-i-umea\/\">Nyheter<\/a><\/div>\n\n\n\n<div class=\"wp-block-button\"><a class=\"wp-block-button__link wp-element-button\" href=\"https:\/\/moderaterna.se\/vasterbotten\/budget-for-umea\/\">Budget<\/a><\/div>\n\n\n\n<div class=\"wp-block-button\"><a class=\"wp-block-button__link wp-element-button\" href=\"https:\/\/moderaterna.se\/vasterbotten\/motioner\/\">Motioner<\/a><\/div>\n\n\n\n<div class=\"wp-block-button\"><a class=\"wp-block-button__link wp-element-button\" href=\"https:\/\/moderaterna.se\/vasterbotten\/interpellationer\/\">Interpellationer<\/a><\/div>\n<\/div>\n\n\n\n<h2 class=\"wp-block-heading\" id=\"h-\"><\/h2>\n","protected":false},"excerpt":{"rendered":"<p>V\u00e4lkommen till Moderaterna i Ume\u00e5 kommun. H\u00e4r kommer vi att l\u00e4gga upp information om v\u00e5r politik och v\u00e5ra f\u00f6rslag lokalt i Ume\u00e5.<\/p>\n","protected":false},"author":37,"featured_media":0,"parent":0,"menu_order":0,"comment_status":"closed","ping_status":"closed","template":"","meta":{"_acf_changed":false,"_relevanssi_hide_post":"","_relevanssi_hide_content":"","_relevanssi_pin_for_all":"","_relevanssi_pin_keywords":"","_relevanssi_unpin_keywords":"","_relevanssi_related_keywords":"","_relevanssi_related_include_ids":"","_relevanssi_related_exclude_ids":"","_relevanssi_related_no_append":"","_relevanssi_related_not_related":"","_relevanssi_related_posts":"1296,1385,1218,1231,1250,1229","_relevanssi_noindex_reason":"","footnotes":""},"subject":[],"class_list":["post-1444","page","type-page","status-publish","hentry"],"acf":[],"publishpress_future_action":{"enabled":false,"date":"2026-04-24 05:51:22","action":"change-status","newStatus":"draft","terms":[],"taxonomy":"subject"},"_links":{"self":[{"href":"https:\/\/moderaterna.se\/vasterbotten\/wp-json\/wp\/v2\/pages\/1444","targetHints":{"allow":["GET"]}}],"collection":[{"href":"https:\/\/moderaterna.se\/vasterbotten\/wp-json\/wp\/v2\/pages"}],"about":[{"href":"https:\/\/moderaterna.se\/vasterbotten\/wp-json\/wp\/v2\/types\/page"}],"author":[{"embeddable":true,"href":"https:\/\/moderaterna.se\/vasterbotten\/wp-json\/wp\/v2\/users\/37"}],"replies":[{"embeddable":true,"href":"https:\/\/moderaterna.se\/vasterbotten\/wp-json\/wp\/v2\/comments?post=1444"}],"version-history":[{"count":11,"href":"https:\/\/moderaterna.se\/vasterbotten\/wp-json\/wp\/v2\/pages\/1444\/revisions"}],"predecessor-version":[{"id":1529,"href":"https:\/\/moderaterna.se\/vasterbotten\/wp-json\/wp\/v2\/pages\/1444\/revisions\/1529"}],"wp:attachment":[{"href":"https:\/\/moderaterna.se\/vasterbotten\/wp-json\/wp\/v2\/media?parent=1444"}],"wp:term":[{"taxonomy":"subject","embeddable":true,"href":"https:\/\/moderaterna.se\/vasterbotten\/wp-json\/wp\/v2\/subject?post=1444"}],"curies":[{"name":"wp","href":"https:\/\/api.w.org\/{rel}","templated":true}]}}