{"id":872,"date":"2022-01-14T12:40:01","date_gmt":"2022-01-14T11:40:01","guid":{"rendered":"https:\/\/moderaterna.se\/vasterbotten\/?post_type=compound&#038;p=872"},"modified":"2022-01-14T12:40:02","modified_gmt":"2022-01-14T11:40:02","slug":"umea-ostra-moderatforening","status":"publish","type":"compound","link":"https:\/\/moderaterna.se\/vasterbotten\/foreningar\/umea-ostra-moderatforening\/","title":{"rendered":"Ume\u00e5 \u00d6stra Moderatf\u00f6rening"},"content":{"rendered":"","protected":false},"featured_media":0,"template":"","class_list":["post-872","compound","type-compound","status-publish","hentry"],"acf":[],"_links":{"self":[{"href":"https:\/\/moderaterna.se\/vasterbotten\/wp-json\/wp\/v2\/compound\/872","targetHints":{"allow":["GET"]}}],"collection":[{"href":"https:\/\/moderaterna.se\/vasterbotten\/wp-json\/wp\/v2\/compound"}],"about":[{"href":"https:\/\/moderaterna.se\/vasterbotten\/wp-json\/wp\/v2\/types\/compound"}],"wp:attachment":[{"href":"https:\/\/moderaterna.se\/vasterbotten\/wp-json\/wp\/v2\/media?parent=872"}],"curies":[{"name":"wp","href":"https:\/\/api.w.org\/{rel}","templated":true}]}}

Umeå Östra Moderatförening
