{"id":1868,"date":"2022-12-01T14:43:29","date_gmt":"2022-12-01T13:43:29","guid":{"rendered":"https:\/\/moderaterna.se\/uppsala\/?post_type=politiker&#038;p=1868"},"modified":"2025-06-09T15:01:19","modified_gmt":"2025-06-09T13:01:19","slug":"sofia-andersson","status":"publish","type":"politiker","link":"https:\/\/moderaterna.se\/uppsala\/politiker\/sofia-andersson\/","title":{"rendered":"Sofia Andersson"},"content":{"rendered":"\n<p>Kommunalr\u00e5d Uppsala kommun <\/p>\n\n\n\n<p>Vice gruppledare Moderaterna i Uppsala kommun<\/p>\n\n\n\n<ul class=\"wp-block-list\">\n<li><strong>Vice ordf\u00f6rande socialn\u00e4mnden<\/strong><\/li>\n\n\n\n<li><strong>Ledamot kommunstyrelsen<\/strong><\/li>\n\n\n\n<li><strong>Ledamot kommunfullm\u00e4ktige<\/strong><\/li>\n\n\n\n<li><strong>Ledamot j\u00e4mst\u00e4lldhetsr\u00e5det<\/strong><\/li>\n<\/ul>\n","protected":false},"featured_media":1869,"template":"","role":[82],"secondary-role":[],"class_list":["post-1868","politiker","type-politiker","status-publish","has-post-thumbnail","hentry"],"acf":[],"_links":{"self":[{"href":"https:\/\/moderaterna.se\/uppsala\/wp-json\/wp\/v2\/politiker\/1868","targetHints":{"allow":["GET"]}}],"collection":[{"href":"https:\/\/moderaterna.se\/uppsala\/wp-json\/wp\/v2\/politiker"}],"about":[{"href":"https:\/\/moderaterna.se\/uppsala\/wp-json\/wp\/v2\/types\/politiker"}],"wp:featuredmedia":[{"embeddable":true,"href":"https:\/\/moderaterna.se\/uppsala\/wp-json\/wp\/v2\/media\/1869"}],"wp:attachment":[{"href":"https:\/\/moderaterna.se\/uppsala\/wp-json\/wp\/v2\/media?parent=1868"}],"wp:term":[{"taxonomy":"role","embeddable":true,"href":"https:\/\/moderaterna.se\/uppsala\/wp-json\/wp\/v2\/role?post=1868"},{"taxonomy":"secondary-role","embeddable":true,"href":"https:\/\/moderaterna.se\/uppsala\/wp-json\/wp\/v2\/secondary-role?post=1868"}],"curies":[{"name":"wp","href":"https:\/\/api.w.org\/{rel}","templated":true}]}}

<p>Kommunalråd Uppsala kommun </p>



<p>Vice gruppledare Moderaterna i Uppsala kommun</p>



<ul class="wp-block-list">
<li><strong>Vice ordförande socialnämnden</strong></li>



<li><strong>Ledamot kommunstyrelsen</strong></li>



<li><strong>Ledamot kommunfullmäktige</strong></li>



<li><strong>Ledamot jämställdhetsrådet</strong></li>
</ul>
