{"id":1650,"date":"2022-08-05T17:01:48","date_gmt":"2022-08-05T15:01:48","guid":{"rendered":"https:\/\/moderaterna.se\/uppsala\/?page_id=1650"},"modified":"2022-08-05T17:47:32","modified_gmt":"2022-08-05T15:47:32","slug":"en-skola-med-fokus-pa-kvalitet-och-kunskap","status":"publish","type":"page","link":"https:\/\/moderaterna.se\/uppsala\/en-skola-med-fokus-pa-kvalitet-och-kunskap\/","title":{"rendered":"En skola med fokus p\u00e5 kvalitet och kunskap"},"content":{"rendered":"\n<p>Uppsalas skolor har rasat i nationella j\u00e4mf\u00f6relser. Denna utveckling m\u00e5ste vi \u00e4ndra p\u00e5.<\/p>\n\n\n\n<p>I skolan l\u00e4ggs grunden f\u00f6r framtiden. Varje elev har r\u00e4tt till en bra utbildning. Vi har nolltolerans mot skolor som inte h\u00e5ller m\u00e5ttet och vill se nationella kvalitetskrav. Alla skolor, oberoendehuvudman, ska h\u00e5lla en h\u00f6g niv\u00e5. Skickliga l\u00e4rare \u00e4r den enskilt viktigaste resursen f\u00f6r att elever ska f\u00e5 en bra utbildning. Den administrativa b\u00f6rdan m\u00e5ste minska s\u00e5 att fokus kan ligga p\u00e5 undervisningen. Uppsalas skolor och f\u00f6rskolor ska pr\u00e4glas av en god arbetsmilj\u00f6 som s\u00e4tter elevers fysiska och psykiska h\u00e4lsa i fokus.<\/p>\n\n\n\n<p>Moderaterna vill:<\/p>\n\n\n\n<ul class=\"wp-block-list\"><li>H\u00f6ja kunskapsresultaten p\u00e5 varje skola. Alla barn och elever ska m\u00f6tas av h\u00f6ga f\u00f6rv\u00e4ntningar.<\/li><li>Inf\u00f6ra central r\u00e4ttning av nationella prov.<\/li><li>V\u00e4rna m\u00e5ngfalden och valfriheten i den pedagogiska verksamheten.<\/li><li>Att skolan ska vara en trygg plats f\u00f6r elever, l\u00e4rare och annan personal och garantera ordning och reda i klassrummen f\u00f6r att s\u00e4kra studiero.<\/li><li>G\u00f6ra om antagningssystemet till f\u00f6rskolan f\u00f6r att fler familjer ska f\u00e5 den plats de \u00f6nskar.<\/li><li>Uppmuntra Uppsalas kommunala skolor att inf\u00f6ra betyg fr\u00e5n \u00e5rskurs 4.<\/li><li>Att alla barn i alla kommunens skolor i behov av s\u00e4rskilt st\u00f6d f\u00e5r det.<\/li><li>Minska l\u00e4rares administrativa b\u00f6rda och l\u00e5ta dem vara just l\u00e4rare.<\/li><li>Inf\u00f6ra fler karri\u00e4rtj\u00e4nster, s\u00e5som Meriterad l\u00e4rare, och koppla dessa tydligare till l\u00e4rarnas fortbildning och framg\u00e5ngsrika undervisning.<\/li><li>Att elever ska kunna nyttja v\u00e4lplanerade och kvalitativa skolg\u00e5rdar f\u00f6r att f\u00e5 mer r\u00f6relse och d\u00e4rmed b\u00e4ttre f\u00f6ruts\u00e4ttningar f\u00f6r inl\u00e4rning.<\/li><\/ul>\n\n\n\n<p><\/p>\n\n\n\n<p><strong>L\u00e4s mer om v\u00e5ra andra f\u00f6rslag h\u00e4r:<\/strong><\/p>\n\n\n\n<ul class=\"wp-block-list\"><li><a href=\"https:\/\/moderaterna.se\/uppsala\/ett-tryggt-och-sakert-uppsala\/\">Et<\/a><a href=\"https:\/\/moderaterna.se\/uppsala\/ett-tryggt-och-sakert-uppsala\/\">t tryggt och s\u00e4kert Uppsala<\/a><\/li><li><a href=\"https:\/\/moderaterna.se\/uppsala\/jobb-ar-vagen-in-i-samhallet\/\">Jobb \u00e4r v\u00e4gen in i samh\u00e4llet<\/a><\/li><li><a href=\"https:\/\/moderaterna.se\/uppsala\/uppsala-en-framkomlig-och-gron-stad\/\">En framkomlig och gr\u00f6n stad<\/a><\/li><li><a href=\"https:\/\/moderaterna.se\/uppsala\/nej-till-sparvag\/\">Nej till sp\u00e5rv\u00e4g<\/a><\/li><\/ul>\n","protected":false},"excerpt":{"rendered":"<p>Uppsalas skolor har rasat i nationella j\u00e4mf\u00f6relser. Denna utveckling m\u00e5ste vi \u00e4ndra p\u00e5. I skolan l\u00e4ggs grunden f\u00f6r framtiden. Varje elev har r\u00e4tt till en bra utbildning. Vi har nolltolerans mot skolor som inte h\u00e5ller m\u00e5ttet och vill se nationella kvalitetskrav. Alla skolor, oberoendehuvudman, ska h\u00e5lla en h\u00f6g niv\u00e5. Skickliga l\u00e4rare \u00e4r den enskilt viktigaste [&hellip;]<\/p>\n","protected":false},"author":42,"featured_media":0,"parent":0,"menu_order":0,"comment_status":"closed","ping_status":"closed","template":"","meta":{"_acf_changed":false,"_relevanssi_hide_post":"","_relevanssi_hide_content":"","_relevanssi_pin_for_all":"","_relevanssi_pin_keywords":"","_relevanssi_unpin_keywords":"","_relevanssi_related_keywords":"","_relevanssi_related_include_ids":"","_relevanssi_related_exclude_ids":"","_relevanssi_related_no_append":"","_relevanssi_related_not_related":"","_relevanssi_related_posts":"","_relevanssi_noindex_reason":"","footnotes":""},"subject":[],"class_list":["post-1650","page","type-page","status-publish","hentry"],"acf":[],"publishpress_future_action":{"enabled":false,"date":"2026-05-03 14:44:23","action":"change-status","newStatus":"draft","terms":[],"taxonomy":"subject"},"_links":{"self":[{"href":"https:\/\/moderaterna.se\/uppsala\/wp-json\/wp\/v2\/pages\/1650","targetHints":{"allow":["GET"]}}],"collection":[{"href":"https:\/\/moderaterna.se\/uppsala\/wp-json\/wp\/v2\/pages"}],"about":[{"href":"https:\/\/moderaterna.se\/uppsala\/wp-json\/wp\/v2\/types\/page"}],"author":[{"embeddable":true,"href":"https:\/\/moderaterna.se\/uppsala\/wp-json\/wp\/v2\/users\/42"}],"replies":[{"embeddable":true,"href":"https:\/\/moderaterna.se\/uppsala\/wp-json\/wp\/v2\/comments?post=1650"}],"version-history":[{"count":2,"href":"https:\/\/moderaterna.se\/uppsala\/wp-json\/wp\/v2\/pages\/1650\/revisions"}],"predecessor-version":[{"id":1660,"href":"https:\/\/moderaterna.se\/uppsala\/wp-json\/wp\/v2\/pages\/1650\/revisions\/1660"}],"wp:attachment":[{"href":"https:\/\/moderaterna.se\/uppsala\/wp-json\/wp\/v2\/media?parent=1650"}],"wp:term":[{"taxonomy":"subject","embeddable":true,"href":"https:\/\/moderaterna.se\/uppsala\/wp-json\/wp\/v2\/subject?post=1650"}],"curies":[{"name":"wp","href":"https:\/\/api.w.org\/{rel}","templated":true}]}}

En skola med fokus på kvalitet och kunskap

<p>Uppsalas skolor har rasat i nationella jämförelser. Denna utveckling måste vi ändra på.</p>



<p>I skolan läggs grunden för framtiden. Varje elev har rätt till en bra utbildning. Vi har nolltolerans mot skolor som inte håller måttet och vill se nationella kvalitetskrav. Alla skolor, oberoendehuvudman, ska hålla en hög nivå. Skickliga lärare är den enskilt viktigaste resursen för att elever ska få en bra utbildning. Den administrativa bördan måste minska så att fokus kan ligga på undervisningen. Uppsalas skolor och förskolor ska präglas av en god arbetsmiljö som sätter elevers fysiska och psykiska hälsa i fokus.</p>



<p>Moderaterna vill:</p>



<ul class="wp-block-list"><li>Höja kunskapsresultaten på varje skola. Alla barn och elever ska mötas av höga förväntningar.</li><li>Införa central rättning av nationella prov.</li><li>Värna mångfalden och valfriheten i den pedagogiska verksamheten.</li><li>Att skolan ska vara en trygg plats för elever, lärare och annan personal och garantera ordning och reda i klassrummen för att säkra studiero.</li><li>Göra om antagningssystemet till förskolan för att fler familjer ska få den plats de önskar.</li><li>Uppmuntra Uppsalas kommunala skolor att införa betyg från årskurs 4.</li><li>Att alla barn i alla kommunens skolor i behov av särskilt stöd får det.</li><li>Minska lärares administrativa börda och låta dem vara just lärare.</li><li>Införa fler karriärtjänster, såsom Meriterad lärare, och koppla dessa tydligare till lärarnas fortbildning och framgångsrika undervisning.</li><li>Att elever ska kunna nyttja välplanerade och kvalitativa skolgårdar för att få mer rörelse och därmed bättre förutsättningar för inlärning.</li></ul>



<p></p>



<p><strong>Läs mer om våra andra förslag här:</strong></p>



<ul class="wp-block-list"><li><a href="https://moderaterna.se/uppsala/ett-tryggt-och-sakert-uppsala/">Et</a><a href="https://moderaterna.se/uppsala/ett-tryggt-och-sakert-uppsala/">t tryggt och säkert Uppsala</a></li><li><a href="https://moderaterna.se/uppsala/jobb-ar-vagen-in-i-samhallet/">Jobb är vägen in i samhället</a></li><li><a href="https://moderaterna.se/uppsala/uppsala-en-framkomlig-och-gron-stad/">En framkomlig och grön stad</a></li><li><a href="https://moderaterna.se/uppsala/nej-till-sparvag/">Nej till spårväg</a></li></ul>

<p>Uppsalas skolor har rasat i nationella jämförelser. Denna utveckling måste vi ändra på. I skolan läggs grunden för framtiden. Varje elev har rätt till en bra utbildning. Vi har nolltolerans mot skolor som inte håller måttet och vill se nationella kvalitetskrav. Alla skolor, oberoendehuvudman, ska hålla en hög nivå. Skickliga lärare är den enskilt viktigaste [&hellip;]</p>
