{"id":1027,"date":"2022-01-17T16:00:58","date_gmt":"2022-01-17T15:00:58","guid":{"rendered":"https:\/\/moderaterna.se\/uppsala\/?page_id=1027"},"modified":"2026-04-24T10:24:36","modified_gmt":"2026-04-24T08:24:36","slug":"region-uppsala","status":"publish","type":"page","link":"https:\/\/moderaterna.se\/uppsala\/region-uppsala\/","title":{"rendered":"Region Uppsala"},"content":{"rendered":"\n<h1 class=\"wp-block-heading\"><strong>V\u00e5rd att lita p\u00e5. Inte v\u00e4nta p\u00e5.<\/strong><\/h1>\n\n\n\n<p>Du som g\u00f6r r\u00e4tt f\u00f6r dig ska kunna lita p\u00e5 att v\u00e4lf\u00e4rden fungerar. Det \u00e4r tydligt f\u00f6r oss att Region Uppsala beh\u00f6ver en ny riktning. D\u00e4rf\u00f6r vill vi modernisera sjukv\u00e5rden s\u00e5 att fler f\u00e5r v\u00e5rd i tid och medarbetarna en b\u00e4ttre arbetsmilj\u00f6. M\u00e4nniskor ska inte bollas runt i psykiatrin, kvinnosjukv\u00e5rden ska prioriteras och spr\u00e5kkraven sk\u00e4rpas s\u00e5 att du som patient kan vara trygg med att bli f\u00f6rst\u00e5dd.<\/p>\n\n\n\n<p><strong>Klicka p\u00e5 l\u00e4nkarna nedan f\u00f6r att l\u00e4sa mer om Moderaternas prioriterade fr\u00e5gor i regionen<\/strong>:<\/p>\n\n\n\n<ul class=\"wp-block-list\">\n<li><a href=\"https:\/\/moderaterna.se\/uppsala\/vard-i-tid-med-patienten-i-centrum\/\"><\/a>V\u00e5rd att lita p\u00e5. Inte v\u00e4nta p\u00e5. L\u00e4gg in l\u00e4nk<\/li>\n\n\n\n<li><a href=\"https:\/\/moderaterna.se\/uppsala\/medarbetare-ska-trivas-och-utvecklas\/\">Vi<\/a> ska f\u00e5 ordning p\u00e5 barn- och ungdomspsykiatrin L\u00e4gg in l\u00e4nk<\/li>\n\n\n\n<li><a href=\"https:\/\/moderaterna.se\/uppsala\/anvand-digitaliseringens-kraft-for-att-korta-vardkoer\/\">Trygg<\/a> i v\u00e5rden med spr\u00e5kkrav L\u00e4gg in l\u00e4nk<\/li>\n\n\n\n<li><a href=\"https:\/\/moderaterna.se\/uppsala\/ordning-och-reda-i-ekonomin\/\">Minska administrationen \u2013 du<\/a> ska f\u00e5 valuta f\u00f6r dina skattepengar L\u00e4gg in l\u00e4nk<\/li>\n<\/ul>\n\n\n\n<p>\u00c4r du intresserad av en fr\u00e5ga som inte n\u00e4mns? L\u00e4s v\u00e5rt handlingsprogram om v\u00e5r politik p\u00e5 det omr\u00e5de just du \u00e4r intresserad av.<\/p>\n\n\n\n<p>H\u00e4r kan du ladda ner v\u00e5rt fullst\u00e4ndiga handlingsprogram: <a href=\"https:\/\/moderaterna.se\/app\/uploads\/sites\/15\/2022\/08\/Modernisera-varden-i-Region-Uppsala-valprogram-2022-2026.pdf\">Modernisera sjukv\u00e5rden i Region Uppsala 2022-2026<\/a>.<\/p>\n\n\n\n<p><strong>Debattartiklar och annan medi<\/strong>a<\/p>\n\n\n\n<h4 class=\"wp-block-heading\" id=\"h-fakta-om-region-uppsala\">Fakta om Region Uppsala.<\/h4>\n\n\n\n<p><strong>Region Uppsala \u00e4r namnet p\u00e5 det som tidigare var landstinget i Uppsala l\u00e4n.<\/strong><\/p>\n\n\n\n<p>Moderaterna i Region Uppsala leds av regionr\u00e5d Emilie Orring som till h\u00f6sten s\u00f6ker ditt f\u00f6rtroende att \u00e5terigen leda Region Uppsala. Tillsammans med Emilie toppas Moderaternas olika valsedlar till regionvalet av Cecilia Linder, Jessica Kumlin och Ingvar Smedlund.<\/p>\n\n\n\n<p>Kontakta g\u00e4rna n\u00e5gon av oss om du har funderingar, synpunkter eller vill engagera dig!<\/p>\n\n\n\n<p>Emilie Orring, kandidat till regionstyrelsens ordf\u00f6rande<br><a href=\"mailto:emilie.orring@moderaterna.se\">emilie.orring@moderaterna.se<\/a>, 076-785 41 72<\/p>\n\n\n\n<p>Cecilia Linder, kandidat till regionfullm\u00e4ktige, mellersta valkretsen<\/p>\n\n\n\n<p><a href=\"mailto:cecilia.e.linder@gmail.com\">cecilia.linder@regionuppsala.se<\/a>.<\/p>\n\n\n\n<p>Jessica Kumlin, kandidat till regionfullm\u00e4ktige, norra valkretsen<\/p>\n\n\n\n<p><\/p>\n\n\n\n<p>Ingvar Smedlund, kandidat till regionfullm\u00e4ktige, s\u00f6dra valkretsen<\/p>\n\n\n\n<p><\/p>\n\n\n<div id=\"current-block_acf_block_69eb28c364fe5\" class=\"current custom-block custom-block__full\">\n    <div class=\"current__content\">\n        <div class=\"current__content--heading\">\n                            <h2 class=\"current__content--heading__header\">Alla nyheter<\/h2>\n                <a href=\"https:\/\/moderaterna.se\/uppsala\/nyheter\/\" class=\"current__content--heading__button link-button theme__color--dark-blue\">\n                    <svg xmlns=\"http:\/\/www.w3.org\/2000\/svg\" data-name=\"Icon ionic-ios-arrow-round-forward\" width=\"17.168\" height=\"11.45\" viewBox=\"0 0 17.168 11.45\" aria-hidden=\"true\"><path data-name=\"Icon ionic-ios-arrow-round-forward\" d=\"M10.948.219a.779.779 0 0 0-.006 1.1l3.626 3.629H.769a.775.775 0 0 0 0 1.55h13.793l-3.626 3.632a.785.785 0 0 0 .006 1.1.772.772 0 0 0 1.091-.006l4.914-4.949a.871.871 0 0 0 .161-.244.74.74 0 0 0 .06-.3.777.777 0 0 0-.221-.543L12.033.239a.76.76 0 0 0-1.085-.02z\" fill=\"#213a8f\"\/><\/svg>                    Alla nyheter                <\/a>\n                    <\/div>\n        <div class=\"current__content--recent\">\n                            <div class=\"current__content--recent__single\">\n                    \n<div class=\"article-puff\">\n            <a href=\"https:\/\/moderaterna.se\/uppsala\/nyhet\/upp-till-tre-av-fyra-remisser-nekas-varfor-sa-manga-avvisningar-till-psykiatrin\/\">\n            <div class=\"article-puff__background theme__background--dark-blue\">\n                <img loading=\"lazy\" decoding=\"async\" width=\"600\" height=\"400\" src=\"https:\/\/moderaterna.se\/app\/uploads\/sites\/15\/2026\/04\/a0fd9f45-da58-4ac2-8123-4b3ae093e99c-600x400.jpg\" class=\"article-puff__image\" alt=\"\" srcset=\"https:\/\/moderaterna.se\/app\/uploads\/sites\/15\/2026\/04\/a0fd9f45-da58-4ac2-8123-4b3ae093e99c-600x400.jpg 600w, https:\/\/moderaterna.se\/app\/uploads\/sites\/15\/2026\/04\/a0fd9f45-da58-4ac2-8123-4b3ae093e99c-300x200.jpg 300w, https:\/\/moderaterna.se\/app\/uploads\/sites\/15\/2026\/04\/a0fd9f45-da58-4ac2-8123-4b3ae093e99c-1024x682.jpg 1024w, https:\/\/moderaterna.se\/app\/uploads\/sites\/15\/2026\/04\/a0fd9f45-da58-4ac2-8123-4b3ae093e99c-768x512.jpg 768w, https:\/\/moderaterna.se\/app\/uploads\/sites\/15\/2026\/04\/a0fd9f45-da58-4ac2-8123-4b3ae093e99c-1536x1024.jpg 1536w, https:\/\/moderaterna.se\/app\/uploads\/sites\/15\/2026\/04\/a0fd9f45-da58-4ac2-8123-4b3ae093e99c-2048x1365.jpg 2048w\" sizes=\"auto, (max-width: 600px) 100vw, 600px\" \/>            <\/div>\n        <\/a>\n                    <div class=\"article-puff__info article-info\">\n                <p>21 april, 2026<\/p>\n                                <button class=\"subjects-expand\" title=\"Visa alla hj\u00e4rtefr\u00e5gor\">\n                    <span class=\"show-for-sr\">Visa alla hj\u00e4rtefr\u00e5gor<\/span>\n                    <span class=\"dot\"><\/span>\n                    <span class=\"dot\"><\/span>\n                    <span class=\"dot\"><\/span>\n                <\/button>\n            <\/div>\n                <h3 class=\"h4--dark-grey article-puff__heading\">\n        <a href=\"https:\/\/moderaterna.se\/uppsala\/nyhet\/upp-till-tre-av-fyra-remisser-nekas-varfor-sa-manga-avvisningar-till-psykiatrin\/\" class=\"a--dark-grey\">Upp till tre av fyra remisser nekas \u2013 varf\u00f6r s\u00e5 m\u00e5nga avvisningar till psykiatrin?<\/a>\n    <\/h3>\n<\/div>                <\/div>\n                            <div class=\"current__content--recent__single\">\n                    \n<div class=\"article-puff\">\n            <a href=\"https:\/\/moderaterna.se\/uppsala\/nyhet\/vad-gor-region-uppsala-for-att-forhindra-nasta-vansinnesdad\/\">\n            <div class=\"article-puff__background theme__background--dark-blue\">\n                            <\/div>\n        <\/a>\n                    <div class=\"article-puff__info article-info\">\n                <p>7 april, 2026<\/p>\n                                <button class=\"subjects-expand\" title=\"Visa alla hj\u00e4rtefr\u00e5gor\">\n                    <span class=\"show-for-sr\">Visa alla hj\u00e4rtefr\u00e5gor<\/span>\n                    <span class=\"dot\"><\/span>\n                    <span class=\"dot\"><\/span>\n                    <span class=\"dot\"><\/span>\n                <\/button>\n            <\/div>\n                <h3 class=\"h4--dark-grey article-puff__heading\">\n        <a href=\"https:\/\/moderaterna.se\/uppsala\/nyhet\/vad-gor-region-uppsala-for-att-forhindra-nasta-vansinnesdad\/\" class=\"a--dark-grey\">Vad g\u00f6r Region Uppsala f\u00f6r att f\u00f6rhindra n\u00e4sta vansinnesd\u00e5d?<\/a>\n    <\/h3>\n<\/div>                <\/div>\n                    <\/div>\n    <\/div>\n<\/div>\n","protected":false},"excerpt":{"rendered":"<p>V\u00e5rd att lita p\u00e5. Inte v\u00e4nta p\u00e5. Du som g\u00f6r r\u00e4tt f\u00f6r dig ska kunna lita p\u00e5 att v\u00e4lf\u00e4rden fungerar. Det \u00e4r tydligt f\u00f6r oss att Region Uppsala beh\u00f6ver en ny riktning. D\u00e4rf\u00f6r vill vi modernisera sjukv\u00e5rden s\u00e5 att fler f\u00e5r v\u00e5rd i tid och medarbetarna en b\u00e4ttre arbetsmilj\u00f6. M\u00e4nniskor ska inte bollas runt i [&hellip;]<\/p>\n","protected":false},"author":6,"featured_media":1925,"parent":0,"menu_order":0,"comment_status":"closed","ping_status":"closed","template":"","meta":{"_acf_changed":false,"_relevanssi_hide_post":"","_relevanssi_hide_content":"","_relevanssi_pin_for_all":"","_relevanssi_pin_keywords":"","_relevanssi_unpin_keywords":"","_relevanssi_related_keywords":"","_relevanssi_related_include_ids":"","_relevanssi_related_exclude_ids":"","_relevanssi_related_no_append":"","_relevanssi_related_not_related":"","_relevanssi_related_posts":"2205,2113,2002,1809,1723,1327","_relevanssi_noindex_reason":"","footnotes":""},"subject":[],"class_list":["post-1027","page","type-page","status-publish","has-post-thumbnail","hentry"],"acf":[],"publishpress_future_action":{"enabled":false,"date":"2026-05-01 12:51:21","action":"change-status","newStatus":"draft","terms":[],"taxonomy":"subject"},"_links":{"self":[{"href":"https:\/\/moderaterna.se\/uppsala\/wp-json\/wp\/v2\/pages\/1027","targetHints":{"allow":["GET"]}}],"collection":[{"href":"https:\/\/moderaterna.se\/uppsala\/wp-json\/wp\/v2\/pages"}],"about":[{"href":"https:\/\/moderaterna.se\/uppsala\/wp-json\/wp\/v2\/types\/page"}],"author":[{"embeddable":true,"href":"https:\/\/moderaterna.se\/uppsala\/wp-json\/wp\/v2\/users\/6"}],"replies":[{"embeddable":true,"href":"https:\/\/moderaterna.se\/uppsala\/wp-json\/wp\/v2\/comments?post=1027"}],"version-history":[{"count":46,"href":"https:\/\/moderaterna.se\/uppsala\/wp-json\/wp\/v2\/pages\/1027\/revisions"}],"predecessor-version":[{"id":2994,"href":"https:\/\/moderaterna.se\/uppsala\/wp-json\/wp\/v2\/pages\/1027\/revisions\/2994"}],"wp:featuredmedia":[{"embeddable":true,"href":"https:\/\/moderaterna.se\/uppsala\/wp-json\/wp\/v2\/media\/1925"}],"wp:attachment":[{"href":"https:\/\/moderaterna.se\/uppsala\/wp-json\/wp\/v2\/media?parent=1027"}],"wp:term":[{"taxonomy":"subject","embeddable":true,"href":"https:\/\/moderaterna.se\/uppsala\/wp-json\/wp\/v2\/subject?post=1027"}],"curies":[{"name":"wp","href":"https:\/\/api.w.org\/{rel}","templated":true}]}}