{"id":82,"date":"2021-10-13T14:29:52","date_gmt":"2021-10-13T12:29:52","guid":{"rendered":"https:\/\/moderaterna.se\/?page_id=82"},"modified":"2026-03-26T13:17:56","modified_gmt":"2026-03-26T12:17:56","slug":"moderaterna-nu-far-vi-ordning-pa-sverige","status":"publish","type":"page","link":"https:\/\/moderaterna.se\/stockholm\/","title":{"rendered":""},"content":{"rendered":"<div id=\"current-block_acf_block_69c523f2951c2\" class=\"current custom-block custom-block__full\">\n    <div class=\"current__content\">\n        <div class=\"current__content--heading\">\n                            <h2 class=\"current__content--heading__header\">Nyheter<\/h2>\n                <a href=\"https:\/\/moderaterna.se\/stockholm\/nyheter\/\" class=\"current__content--heading__button link-button theme__color--dark-blue\">\n                    <svg xmlns=\"http:\/\/www.w3.org\/2000\/svg\" data-name=\"Icon ionic-ios-arrow-round-forward\" width=\"17.168\" height=\"11.45\" viewBox=\"0 0 17.168 11.45\" aria-hidden=\"true\"><path data-name=\"Icon ionic-ios-arrow-round-forward\" d=\"M10.948.219a.779.779 0 0 0-.006 1.1l3.626 3.629H.769a.775.775 0 0 0 0 1.55h13.793l-3.626 3.632a.785.785 0 0 0 .006 1.1.772.772 0 0 0 1.091-.006l4.914-4.949a.871.871 0 0 0 .161-.244.74.74 0 0 0 .06-.3.777.777 0 0 0-.221-.543L12.033.239a.76.76 0 0 0-1.085-.02z\" fill=\"#213a8f\"\/><\/svg>                    Alla nyheter                <\/a>\n                    <\/div>\n        <div class=\"current__content--recent\">\n                            <div class=\"current__content--recent__single\">\n                    \n<div class=\"article-puff\">\n            <a href=\"https:\/\/moderaterna.se\/stockholm\/nyhet\/narhetsgaranti-stoppa-tvangsflytten-av-aldre\/\">\n            <div class=\"article-puff__background theme__background--dark-blue\">\n                <img loading=\"lazy\" decoding=\"async\" width=\"600\" height=\"400\" src=\"https:\/\/moderaterna.se\/app\/uploads\/sites\/5\/2026\/04\/Ny-Bild-Andrea-600x400.png\" class=\"article-puff__image\" alt=\"\" \/>            <\/div>\n        <\/a>\n                    <div class=\"article-puff__info article-info\">\n                <p>16 april, 2026<\/p>\n                                <button class=\"subjects-expand\" title=\"Visa alla hj\u00e4rtefr\u00e5gor\">\n                    <span class=\"show-for-sr\">Visa alla hj\u00e4rtefr\u00e5gor<\/span>\n                    <span class=\"dot\"><\/span>\n                    <span class=\"dot\"><\/span>\n                    <span class=\"dot\"><\/span>\n                <\/button>\n            <\/div>\n                <h3 class=\"h4--dark-grey article-puff__heading\">\n        <a href=\"https:\/\/moderaterna.se\/stockholm\/nyhet\/narhetsgaranti-stoppa-tvangsflytten-av-aldre\/\" class=\"a--dark-grey\">N\u00e4rhetsgaranti \u2013 stoppa tv\u00e5ngsflytten av \u00e4ldre<\/a>\n    <\/h3>\n<\/div>                <\/div>\n                            <div class=\"current__content--recent__single\">\n                    \n<div class=\"article-puff\">\n            <a href=\"https:\/\/moderaterna.se\/stockholm\/nyhet\/arbetslinjen-i-praktiken-nytt-avtal-for-att-forebygga-nyrekrytering-till-gang\/\">\n            <div class=\"article-puff__background theme__background--dark-blue\">\n                <img loading=\"lazy\" decoding=\"async\" width=\"600\" height=\"400\" src=\"https:\/\/moderaterna.se\/app\/uploads\/sites\/5\/2026\/04\/Skarmavbild-2026-04-15-kl.-10.09.51-600x400.png\" class=\"article-puff__image\" alt=\"\" \/>            <\/div>\n        <\/a>\n                    <div class=\"article-puff__info article-info\">\n                <p>15 april, 2026<\/p>\n                                <button class=\"subjects-expand\" title=\"Visa alla hj\u00e4rtefr\u00e5gor\">\n                    <span class=\"show-for-sr\">Visa alla hj\u00e4rtefr\u00e5gor<\/span>\n                    <span class=\"dot\"><\/span>\n                    <span class=\"dot\"><\/span>\n                    <span class=\"dot\"><\/span>\n                <\/button>\n            <\/div>\n                <h3 class=\"h4--dark-grey article-puff__heading\">\n        <a href=\"https:\/\/moderaterna.se\/stockholm\/nyhet\/arbetslinjen-i-praktiken-nytt-avtal-for-att-forebygga-nyrekrytering-till-gang\/\" class=\"a--dark-grey\">Arbetslinjen i praktiken &#8211; Nytt avtal f\u00f6r att f\u00f6rebygga nyrekrytering till g\u00e4ng<\/a>\n    <\/h3>\n<\/div>                <\/div>\n                    <\/div>\n    <\/div>\n<\/div>\n\n\n<div id=\"image-cta-block_acf_block_69c523f2951e3\" class=\"image-cta custom-block custom-block__full  \">\n    <img loading=\"lazy\" decoding=\"async\" width=\"640\" height=\"454\" src=\"https:\/\/moderaterna.se\/app\/uploads\/sites\/5\/2026\/02\/Stockholmsberattelsen-bild-hemsida-kopia-2-1024x726.jpg\" class=\"image-cta__image no-filter\" alt=\"\" sizes=\"auto, (max-width: 768px) 768px, 100vw\" srcset=\"https:\/\/moderaterna.se\/app\/uploads\/sites\/5\/2026\/02\/Stockholmsberattelsen-bild-hemsida-kopia-2-1024x726.jpg 1024w, https:\/\/moderaterna.se\/app\/uploads\/sites\/5\/2026\/02\/Stockholmsberattelsen-bild-hemsida-kopia-2-300x213.jpg 300w, https:\/\/moderaterna.se\/app\/uploads\/sites\/5\/2026\/02\/Stockholmsberattelsen-bild-hemsida-kopia-2-768x545.jpg 768w, https:\/\/moderaterna.se\/app\/uploads\/sites\/5\/2026\/02\/Stockholmsberattelsen-bild-hemsida-kopia-2-1536x1089.jpg 1536w, https:\/\/moderaterna.se\/app\/uploads\/sites\/5\/2026\/02\/Stockholmsberattelsen-bild-hemsida-kopia-2.jpg 2000w\" \/>    <div class=\"image-cta__background  \"><\/div>\n    <div class=\"image-cta__content theme__color--off-white\">\n                    <h2 class=\"image-cta__content--title\">Vi st\u00e5r upp f\u00f6r Stockholm. Ig\u00e5r, idag och fram\u00e5t.<\/h2>\n                    <a href=\"https:\/\/moderaterna.se\/stockholm\/ett-battre-liv-for-fler\/\" class=\"image-cta__content--link cta-button link-button theme__color--off-white theme__background--transparent\">\n                <svg xmlns=\"http:\/\/www.w3.org\/2000\/svg\" data-name=\"Icon ionic-ios-arrow-round-forward\" width=\"17.168\" height=\"11.45\" viewBox=\"0 0 17.168 11.45\" aria-hidden=\"true\"><path data-name=\"Icon ionic-ios-arrow-round-forward\" d=\"M10.948.219a.779.779 0 0 0-.006 1.1l3.626 3.629H.769a.775.775 0 0 0 0 1.55h13.793l-3.626 3.632a.785.785 0 0 0 .006 1.1.772.772 0 0 0 1.091-.006l4.914-4.949a.871.871 0 0 0 .161-.244.74.74 0 0 0 .06-.3.777.777 0 0 0-.221-.543L12.033.239a.76.76 0 0 0-1.085-.02z\" fill=\"#213a8f\"\/><\/svg>                L\u00e4s mer h\u00e4r!            <\/a>\n            <\/div>\n<\/div>\n\n\n\n<figure class=\"wp-block-image size-large\"><img loading=\"lazy\" decoding=\"async\" width=\"1024\" height=\"574\" src=\"https:\/\/moderaterna.se\/app\/uploads\/sites\/5\/2026\/03\/Skarmavbild-2026-03-18-kl.-13.58.53-1-1024x574.png\" alt=\"\" class=\"wp-image-7864\" srcset=\"https:\/\/moderaterna.se\/app\/uploads\/sites\/5\/2026\/03\/Skarmavbild-2026-03-18-kl.-13.58.53-1-1024x574.png 1024w, https:\/\/moderaterna.se\/app\/uploads\/sites\/5\/2026\/03\/Skarmavbild-2026-03-18-kl.-13.58.53-1-300x168.png 300w, https:\/\/moderaterna.se\/app\/uploads\/sites\/5\/2026\/03\/Skarmavbild-2026-03-18-kl.-13.58.53-1-768x430.png 768w, https:\/\/moderaterna.se\/app\/uploads\/sites\/5\/2026\/03\/Skarmavbild-2026-03-18-kl.-13.58.53-1.png 1344w\" sizes=\"auto, (max-width: 1024px) 100vw, 1024px\" \/><\/figure>\n\n\n\n<div class=\"wp-block-columns has-blue-background-color has-background is-layout-flex wp-container-core-columns-is-layout-9d6595d7 wp-block-columns-is-layout-flex\">\n<div class=\"wp-block-column is-layout-flow wp-block-column-is-layout-flow\">\n<figure class=\"wp-block-embed is-type-video is-provider-spotify wp-block-embed-spotify wp-embed-aspect-16-9 wp-has-aspect-ratio\"><div class=\"wp-block-embed__wrapper\">\n<iframe title=\"Spotify Embed: Elin B\u00f6hlin - Avg\u00f6r unga v\u00e4ljare valet?\" style=\"border-radius: 12px\" width=\"624\" height=\"351\" frameborder=\"0\" allowfullscreen allow=\"autoplay; clipboard-write; encrypted-media; fullscreen; picture-in-picture\" loading=\"lazy\" src=\"https:\/\/open.spotify.com\/embed\/episode\/1XRO2msS11SeXiFG6dfkr6\/video?utm_source=oembed\"><\/iframe>\n<\/div><\/figure>\n<\/div>\n\n\n\n<div class=\"wp-block-column is-layout-flow wp-block-column-is-layout-flow\">\n<p class=\"has-dark-blue-color has-text-color has-link-color has-large-font-size wp-elements-b42791082e75a7aeb68ac67d500e4b09\"><strong>STHL(M)-podden!<\/strong><\/p>\n\n\n\n<p class=\"has-dark-blue-color has-text-color has-link-color has-medium-font-size wp-elements-ab77d80cc4d7dd040ccdb9874b052e51\">Denna vecka g\u00e4stas vi av Elin B\u00f6hlin, ordf\u00f6rande f\u00f6r MUF Stockholm, f\u00f6r ett samtal om ungdomsf\u00f6rbundets roll inf\u00f6r valet 2026. Fokus ligger p\u00e5 det v\u00e4xande engagemanget bland unga, MUF:s roll som kampanjmotor och arbetet med att vinna b\u00e5de valet och skolvalet.<\/p>\n\n\n\n<p class=\"has-dark-blue-color has-text-color has-link-color has-medium-font-size wp-elements-a9f59d0fdaf01a7db439b0fbf025e1b2\">Vi pratar om hur Moderaterna kan n\u00e5 unga v\u00e4ljare genom fr\u00e5gor som jobb, skola och bostad, och samtidigt vara relevanta i en tid d\u00e4r opinionen snabbt r\u00f6r sig. Vi lyfter \u00e4ven MUF:s roll i att driva frihetsfr\u00e5gor och bidra till partiets ideologiska utveckling.<\/p>\n\n\n\n<p class=\"has-dark-blue-color has-text-color has-link-color has-medium-font-size wp-elements-9b4ebe2e649d4aa0a35e9bda2985ca3c\">Avslutningsvis handlar det om hur f\u00f6rtroendet hos unga byggs och beh\u00e5lls, och vad som kr\u00e4vs f\u00f6r att oms\u00e4tta engagemang till valvinst.<\/p>\n\n\n\n<p><\/p>\n<\/div>\n<\/div>\n","protected":false},"excerpt":{"rendered":"<p>STHL(M)-podden! Denna vecka g\u00e4stas vi av Elin B\u00f6hlin, ordf\u00f6rande f\u00f6r MUF Stockholm, f\u00f6r ett samtal om ungdomsf\u00f6rbundets roll inf\u00f6r valet 2026. Fokus ligger p\u00e5 det v\u00e4xande engagemanget bland unga, MUF:s roll som kampanjmotor och arbetet med att vinna b\u00e5de valet och skolvalet. Vi pratar om hur Moderaterna kan n\u00e5 unga v\u00e4ljare genom fr\u00e5gor som jobb, [&hellip;]<\/p>\n","protected":false},"author":9,"featured_media":897,"parent":0,"menu_order":0,"comment_status":"closed","ping_status":"closed","template":"page-templates\/landing-page.php","meta":{"_acf_changed":false,"_relevanssi_hide_post":"","_relevanssi_hide_content":"","_relevanssi_pin_for_all":"","_relevanssi_pin_keywords":"","_relevanssi_unpin_keywords":"","_relevanssi_related_keywords":"","_relevanssi_related_include_ids":"","_relevanssi_related_exclude_ids":"","_relevanssi_related_no_append":"","_relevanssi_related_not_related":"","_relevanssi_related_posts":"526","_relevanssi_noindex_reason":"","footnotes":""},"subject":[],"class_list":["post-82","page","type-page","status-publish","has-post-thumbnail","hentry"],"acf":[],"yoast_head":"<!-- This site is optimized with the Yoast SEO Premium plugin v27.1 (Yoast SEO v27.1.1) - https:\/\/yoast.com\/product\/yoast-seo-premium-wordpress\/ -->\n<title>Moderaterna \u2013 Nu f\u00e5r vi ordning p\u00e5 Sverige | Moderaterna i Stockholms stad och l\u00e4n<\/title>\n<meta name=\"description\" content=\"Nu f\u00e5r vi ordning p\u00e5 Sverige. Vad kan du g\u00f6ra f\u00f6r Moderaterna? Engagera dig.\" \/>\n<meta name=\"robots\" content=\"index, follow, max-snippet:-1, max-image-preview:large, max-video-preview:-1\" \/>\n<link rel=\"canonical\" href=\"https:\/\/moderaterna.se\/stockholm\/\" \/>\n<meta property=\"og:locale\" content=\"sv_SE\" \/>\n<meta property=\"og:type\" content=\"article\" \/>\n<meta property=\"og:title\" content=\"%\" \/>\n<meta property=\"og:description\" content=\"Nu f\u00e5r vi ordning p\u00e5 Sverige. Vad kan du g\u00f6ra f\u00f6r Moderaterna? Engagera dig.\" \/>\n<meta property=\"og:url\" content=\"https:\/\/moderaterna.se\/stockholm\/\" \/>\n<meta property=\"og:site_name\" content=\"Moderaterna i Stockholms stad och l\u00e4n\" \/>\n<meta property=\"article:publisher\" content=\"https:\/\/www.facebook.com\/ModeraternaSthlm\" \/>\n<meta property=\"article:modified_time\" content=\"2026-03-26T12:17:56+00:00\" \/>\n<meta property=\"og:image\" content=\"https:\/\/moderaterna.se\/app\/uploads\/sites\/5\/2024\/07\/ARTIKEL_1280x1000px_samling.jpg\" \/>\n\t<meta property=\"og:image:width\" content=\"1280\" \/>\n\t<meta property=\"og:image:height\" content=\"1000\" \/>\n\t<meta property=\"og:image:type\" content=\"image\/jpeg\" \/>\n<meta name=\"twitter:card\" content=\"summary_large_image\" \/>\n<meta name=\"twitter:image\" content=\"https:\/\/moderaterna.se\/app\/uploads\/sites\/5\/2023\/11\/4SPeHxKe.jpg\" \/>\n<meta name=\"twitter:site\" content=\"@ModeratSthlm\" \/>\n<meta name=\"twitter:label1\" content=\"Ber\u00e4knad l\u00e4stid\" \/>\n\t<meta name=\"twitter:data1\" content=\"2 minuter\" \/>\n<script type=\"application\/ld+json\" class=\"yoast-schema-graph\">{\"@context\":\"https:\/\/schema.org\",\"@graph\":[{\"@type\":\"WebPage\",\"@id\":\"https:\/\/moderaterna.se\/stockholm\/\",\"url\":\"https:\/\/moderaterna.se\/stockholm\/\",\"name\":\"Moderaterna \u2013 Nu f\u00e5r vi ordning p\u00e5 Sverige | Moderaterna i Stockholms stad och l\u00e4n\",\"isPartOf\":{\"@id\":\"https:\/\/moderaterna.se\/stockholm\/#website\"},\"primaryImageOfPage\":{\"@id\":\"https:\/\/moderaterna.se\/stockholm\/#primaryimage\"},\"image\":{\"@id\":\"https:\/\/moderaterna.se\/stockholm\/#primaryimage\"},\"thumbnailUrl\":\"https:\/\/moderaterna.se\/app\/uploads\/sites\/5\/2021\/12\/HERO_ULF_1920x1170px_blick_himmel.jpg\",\"datePublished\":\"2021-10-13T12:29:52+00:00\",\"dateModified\":\"2026-03-26T12:17:56+00:00\",\"description\":\"Nu f\u00e5r vi ordning p\u00e5 Sverige. Vad kan du g\u00f6ra f\u00f6r Moderaterna? Engagera dig.\",\"inLanguage\":\"sv-SE\",\"potentialAction\":[{\"@type\":\"ReadAction\",\"target\":[\"https:\/\/moderaterna.se\/stockholm\/\"]}]},{\"@type\":\"ImageObject\",\"inLanguage\":\"sv-SE\",\"@id\":\"https:\/\/moderaterna.se\/stockholm\/#primaryimage\",\"url\":\"https:\/\/moderaterna.se\/app\/uploads\/sites\/5\/2021\/12\/HERO_ULF_1920x1170px_blick_himmel.jpg\",\"contentUrl\":\"https:\/\/moderaterna.se\/app\/uploads\/sites\/5\/2021\/12\/HERO_ULF_1920x1170px_blick_himmel.jpg\",\"width\":1920,\"height\":1170},{\"@type\":\"WebSite\",\"@id\":\"https:\/\/moderaterna.se\/stockholm\/#website\",\"url\":\"https:\/\/moderaterna.se\/stockholm\/\",\"name\":\"Moderaterna i Stockholms stad och l\u00e4n\",\"description\":\"Nu f\u00e5r vi ordning p\u00e5 Sverige\",\"publisher\":{\"@id\":\"https:\/\/moderaterna.se\/stockholm\/#organization\"},\"potentialAction\":[{\"@type\":\"SearchAction\",\"target\":{\"@type\":\"EntryPoint\",\"urlTemplate\":\"https:\/\/moderaterna.se\/stockholm\/?s={search_term_string}\"},\"query-input\":{\"@type\":\"PropertyValueSpecification\",\"valueRequired\":true,\"valueName\":\"search_term_string\"}}],\"inLanguage\":\"sv-SE\"},{\"@type\":\"Organization\",\"@id\":\"https:\/\/moderaterna.se\/stockholm\/#organization\",\"name\":\"Moderaterna\",\"url\":\"https:\/\/moderaterna.se\/stockholm\/\",\"logo\":{\"@type\":\"ImageObject\",\"inLanguage\":\"sv-SE\",\"@id\":\"https:\/\/moderaterna.se\/stockholm\/#\/schema\/logo\/image\/\",\"url\":\"https:\/\/moderaterna.se\/app\/uploads\/2021\/10\/logo-general@2x.png\",\"contentUrl\":\"https:\/\/moderaterna.se\/app\/uploads\/2021\/10\/logo-general@2x.png\",\"width\":122,\"height\":122,\"caption\":\"Moderaterna\"},\"image\":{\"@id\":\"https:\/\/moderaterna.se\/stockholm\/#\/schema\/logo\/image\/\"},\"sameAs\":[\"https:\/\/www.facebook.com\/ModeraternaSthlm\",\"https:\/\/x.com\/ModeratSthlm\",\"https:\/\/www.instagram.com\/moderatsthlm\/\",\"https:\/\/www.youtube.com\/user\/ModeraternaSthlm\"]}]}<\/script>\n<!-- \/ Yoast SEO Premium plugin. -->","yoast_head_json":{"title":"Moderaterna \u2013 Nu f\u00e5r vi ordning p\u00e5 Sverige | Moderaterna i Stockholms stad och l\u00e4n","description":"Nu f\u00e5r vi ordning p\u00e5 Sverige. Vad kan du g\u00f6ra f\u00f6r Moderaterna? Engagera dig.","robots":{"index":"index","follow":"follow","max-snippet":"max-snippet:-1","max-image-preview":"max-image-preview:large","max-video-preview":"max-video-preview:-1"},"canonical":"https:\/\/moderaterna.se\/stockholm\/","og_locale":"sv_SE","og_type":"article","og_title":"%","og_description":"Nu f\u00e5r vi ordning p\u00e5 Sverige. Vad kan du g\u00f6ra f\u00f6r Moderaterna? Engagera dig.","og_url":"https:\/\/moderaterna.se\/stockholm\/","og_site_name":"Moderaterna i Stockholms stad och l\u00e4n","article_publisher":"https:\/\/www.facebook.com\/ModeraternaSthlm","article_modified_time":"2026-03-26T12:17:56+00:00","og_image":[{"width":1280,"height":1000,"url":"https:\/\/moderaterna.se\/app\/uploads\/sites\/5\/2024\/07\/ARTIKEL_1280x1000px_samling.jpg","type":"image\/jpeg"}],"twitter_card":"summary_large_image","twitter_image":"https:\/\/moderaterna.se\/app\/uploads\/sites\/5\/2023\/11\/4SPeHxKe.jpg","twitter_site":"@ModeratSthlm","twitter_misc":{"Ber\u00e4knad l\u00e4stid":"2 minuter"},"schema":{"@context":"https:\/\/schema.org","@graph":[{"@type":"WebPage","@id":"https:\/\/moderaterna.se\/stockholm\/","url":"https:\/\/moderaterna.se\/stockholm\/","name":"Moderaterna \u2013 Nu f\u00e5r vi ordning p\u00e5 Sverige | Moderaterna i Stockholms stad och l\u00e4n","isPartOf":{"@id":"https:\/\/moderaterna.se\/stockholm\/#website"},"primaryImageOfPage":{"@id":"https:\/\/moderaterna.se\/stockholm\/#primaryimage"},"image":{"@id":"https:\/\/moderaterna.se\/stockholm\/#primaryimage"},"thumbnailUrl":"https:\/\/moderaterna.se\/app\/uploads\/sites\/5\/2021\/12\/HERO_ULF_1920x1170px_blick_himmel.jpg","datePublished":"2021-10-13T12:29:52+00:00","dateModified":"2026-03-26T12:17:56+00:00","description":"Nu f\u00e5r vi ordning p\u00e5 Sverige. Vad kan du g\u00f6ra f\u00f6r Moderaterna? Engagera dig.","inLanguage":"sv-SE","potentialAction":[{"@type":"ReadAction","target":["https:\/\/moderaterna.se\/stockholm\/"]}]},{"@type":"ImageObject","inLanguage":"sv-SE","@id":"https:\/\/moderaterna.se\/stockholm\/#primaryimage","url":"https:\/\/moderaterna.se\/app\/uploads\/sites\/5\/2021\/12\/HERO_ULF_1920x1170px_blick_himmel.jpg","contentUrl":"https:\/\/moderaterna.se\/app\/uploads\/sites\/5\/2021\/12\/HERO_ULF_1920x1170px_blick_himmel.jpg","width":1920,"height":1170},{"@type":"WebSite","@id":"https:\/\/moderaterna.se\/stockholm\/#website","url":"https:\/\/moderaterna.se\/stockholm\/","name":"Moderaterna i Stockholms stad och l\u00e4n","description":"Nu f\u00e5r vi ordning p\u00e5 Sverige","publisher":{"@id":"https:\/\/moderaterna.se\/stockholm\/#organization"},"potentialAction":[{"@type":"SearchAction","target":{"@type":"EntryPoint","urlTemplate":"https:\/\/moderaterna.se\/stockholm\/?s={search_term_string}"},"query-input":{"@type":"PropertyValueSpecification","valueRequired":true,"valueName":"search_term_string"}}],"inLanguage":"sv-SE"},{"@type":"Organization","@id":"https:\/\/moderaterna.se\/stockholm\/#organization","name":"Moderaterna","url":"https:\/\/moderaterna.se\/stockholm\/","logo":{"@type":"ImageObject","inLanguage":"sv-SE","@id":"https:\/\/moderaterna.se\/stockholm\/#\/schema\/logo\/image\/","url":"https:\/\/moderaterna.se\/app\/uploads\/2021\/10\/logo-general@2x.png","contentUrl":"https:\/\/moderaterna.se\/app\/uploads\/2021\/10\/logo-general@2x.png","width":122,"height":122,"caption":"Moderaterna"},"image":{"@id":"https:\/\/moderaterna.se\/stockholm\/#\/schema\/logo\/image\/"},"sameAs":["https:\/\/www.facebook.com\/ModeraternaSthlm","https:\/\/x.com\/ModeratSthlm","https:\/\/www.instagram.com\/moderatsthlm\/","https:\/\/www.youtube.com\/user\/ModeraternaSthlm"]}]}},"publishpress_future_action":{"enabled":false,"date":"2026-04-23 18:43:13","action":"change-status","newStatus":"draft","terms":[],"taxonomy":"subject"},"_links":{"self":[{"href":"https:\/\/moderaterna.se\/stockholm\/wp-json\/wp\/v2\/pages\/82","targetHints":{"allow":["GET"]}}],"collection":[{"href":"https:\/\/moderaterna.se\/stockholm\/wp-json\/wp\/v2\/pages"}],"about":[{"href":"https:\/\/moderaterna.se\/stockholm\/wp-json\/wp\/v2\/types\/page"}],"author":[{"embeddable":true,"href":"https:\/\/moderaterna.se\/stockholm\/wp-json\/wp\/v2\/users\/9"}],"replies":[{"embeddable":true,"href":"https:\/\/moderaterna.se\/stockholm\/wp-json\/wp\/v2\/comments?post=82"}],"version-history":[{"count":739,"href":"https:\/\/moderaterna.se\/stockholm\/wp-json\/wp\/v2\/pages\/82\/revisions"}],"predecessor-version":[{"id":7887,"href":"https:\/\/moderaterna.se\/stockholm\/wp-json\/wp\/v2\/pages\/82\/revisions\/7887"}],"wp:featuredmedia":[{"embeddable":true,"href":"https:\/\/moderaterna.se\/stockholm\/wp-json\/wp\/v2\/media\/897"}],"wp:attachment":[{"href":"https:\/\/moderaterna.se\/stockholm\/wp-json\/wp\/v2\/media?parent=82"}],"wp:term":[{"taxonomy":"subject","embeddable":true,"href":"https:\/\/moderaterna.se\/stockholm\/wp-json\/wp\/v2\/subject?post=82"}],"curies":[{"name":"wp","href":"https:\/\/api.w.org\/{rel}","templated":true}]}}