{"id":647,"date":"2021-12-08T10:12:33","date_gmt":"2021-12-08T09:12:33","guid":{"rendered":"https:\/\/moderaterna.se\/stockholm\/?page_id=647"},"modified":"2025-05-28T14:14:08","modified_gmt":"2025-05-28T12:14:08","slug":"om-oss","status":"publish","type":"page","link":"https:\/\/moderaterna.se\/stockholm\/om-oss\/","title":{"rendered":"Om oss"},"content":{"rendered":"\n<p>Moderaterna i Stockholms stad och l\u00e4n \u00e4r landets st\u00f6rsta politiska lokala och regionala organisation. V\u00e5rt gemensamma uppdrag \u00e4r att skapa ett b\u00e4ttre Sverige \u2013 det uppdraget upph\u00f6r aldrig. Att vinna val \u00e4r en f\u00f6ruts\u00e4ttning f\u00f6r att kunna genomf\u00f6ra n\u00f6dv\u00e4ndiga f\u00f6r\u00e4ndringar. Vi ska opinionsbilda f\u00f6r v\u00e5ra id\u00e9er, utbilda v\u00e5ra f\u00f6rtroendevalda, utveckla v\u00e5ra id\u00e9er och rekrytera nya medlemmar och f\u00f6rtroendevalda.<\/p>\n\n\n\n<p>F\u00f6rbundskansliets grunduppgift \u00e4r att vara en samordnings- och serviceorganisation f\u00f6r partiorganisationen som kan hj\u00e4lpa och skapa f\u00f6ruts\u00e4ttningar f\u00f6r alla ideellt arbetande partimedlemmar att uppn\u00e5 sina m\u00e5l. Vi ansvarar \u00e4ven f\u00f6r att l\u00e5ngsiktigt se till att det finns m\u00e5nga goda kandidater till de olika politiska f\u00f6rsamlingarna, samtidigt som vi \u00e4ven utbildar de f\u00f6rtroendevalda som representerar Moderaterna i Stockholm idag.<\/p>\n\n\n\n<p>V\u00e4nd dig g\u00e4rna till oss om du har fr\u00e5gor, antingen genom att mejla <a href=\"mailto:stockholm@moderat.se\">stockholm@moderaterna.se<\/a>&nbsp;eller genom att leta under fliken kontakt om du s\u00f6ker en specifik person.<\/p>\n\n\n\n<p>Det \u00f6vergripande ansvaret f\u00f6r Moderaterna i Stockholms stads och l\u00e4ns samordning, organisation och ekonomi ligger p\u00e5 de tv\u00e5 f\u00f6rbundsstyrelserna f\u00f6r respektive f\u00f6rbund, en f\u00f6rbundsstyrelse f\u00f6r Moderaterna i Stockholms stad och en f\u00f6rbundsstyrelse f\u00f6r Moderaterna i Stockholms l\u00e4n. <a href=\"https:\/\/moderaterna.se\/stockholm\/om-moderaterna\/vara-politiker\/\">H\u00e4r<\/a> kan du se vilka som sitter i respektive f\u00f6rbundsstyrelse.<\/p>\n","protected":false},"excerpt":{"rendered":"<p>Moderaterna i Stockholms stad och l\u00e4n \u00e4r landets st\u00f6rsta politiska lokala och regionala organisation. V\u00e5rt gemensamma uppdrag \u00e4r att skapa ett b\u00e4ttre Sverige \u2013 det uppdraget upph\u00f6r aldrig. Att vinna val \u00e4r en f\u00f6ruts\u00e4ttning f\u00f6r att kunna genomf\u00f6ra n\u00f6dv\u00e4ndiga f\u00f6r\u00e4ndringar. Vi ska opinionsbilda f\u00f6r v\u00e5ra id\u00e9er, utbilda v\u00e5ra f\u00f6rtroendevalda, utveckla v\u00e5ra id\u00e9er och rekrytera nya [&hellip;]<\/p>\n","protected":false},"author":9,"featured_media":0,"parent":0,"menu_order":0,"comment_status":"closed","ping_status":"closed","template":"","meta":{"_acf_changed":false,"_relevanssi_hide_post":"","_relevanssi_hide_content":"","_relevanssi_pin_for_all":"","_relevanssi_pin_keywords":"","_relevanssi_unpin_keywords":"","_relevanssi_related_keywords":"","_relevanssi_related_include_ids":"","_relevanssi_related_exclude_ids":"","_relevanssi_related_no_append":"","_relevanssi_related_not_related":"","_relevanssi_related_posts":"640,526,642","_relevanssi_noindex_reason":"","footnotes":""},"subject":[],"class_list":["post-647","page","type-page","status-publish","hentry"],"acf":[],"yoast_head":"<!-- This site is optimized with the Yoast SEO Premium plugin v27.1 (Yoast SEO v27.1.1) - https:\/\/yoast.com\/product\/yoast-seo-premium-wordpress\/ -->\n<title>Om oss | Moderaterna i Stockholms stad och l\u00e4n<\/title>\n<meta name=\"description\" content=\"Varmt v\u00e4lkommen till Moderaterna i Stockholm Stad och l\u00e4n!\" \/>\n<meta name=\"robots\" content=\"index, follow, max-snippet:-1, max-image-preview:large, max-video-preview:-1\" \/>\n<link rel=\"canonical\" href=\"https:\/\/moderaterna.se\/stockholm\/om-oss\/\" \/>\n<meta property=\"og:locale\" content=\"sv_SE\" \/>\n<meta property=\"og:type\" content=\"article\" \/>\n<meta property=\"og:title\" content=\"Om oss\" \/>\n<meta property=\"og:description\" content=\"Varmt v\u00e4lkommen till Moderaterna i Stockholm Stad och l\u00e4n!\" \/>\n<meta property=\"og:url\" content=\"https:\/\/moderaterna.se\/stockholm\/om-oss\/\" \/>\n<meta property=\"og:site_name\" content=\"Moderaterna i Stockholms stad och l\u00e4n\" \/>\n<meta property=\"article:publisher\" content=\"https:\/\/www.facebook.com\/ModeraternaSthlm\" \/>\n<meta property=\"article:modified_time\" content=\"2025-05-28T12:14:08+00:00\" \/>\n<meta property=\"og:image\" content=\"https:\/\/moderaterna.se\/app\/uploads\/sites\/5\/2022\/01\/DELNINGSBILD_hemsida_fo\u0308rstasida.png\" \/>\n\t<meta property=\"og:image:width\" content=\"1200\" \/>\n\t<meta property=\"og:image:height\" content=\"628\" \/>\n\t<meta property=\"og:image:type\" content=\"image\/png\" \/>\n<meta name=\"twitter:card\" content=\"summary_large_image\" \/>\n<meta name=\"twitter:site\" content=\"@ModeratSthlm\" \/>\n<meta name=\"twitter:label1\" content=\"Ber\u00e4knad l\u00e4stid\" \/>\n\t<meta name=\"twitter:data1\" content=\"2 minuter\" \/>\n<script type=\"application\/ld+json\" class=\"yoast-schema-graph\">{\"@context\":\"https:\/\/schema.org\",\"@graph\":[{\"@type\":\"WebPage\",\"@id\":\"https:\/\/moderaterna.se\/stockholm\/om-oss\/\",\"url\":\"https:\/\/moderaterna.se\/stockholm\/om-oss\/\",\"name\":\"Om oss | Moderaterna i Stockholms stad och l\u00e4n\",\"isPartOf\":{\"@id\":\"https:\/\/moderaterna.se\/stockholm\/#website\"},\"datePublished\":\"2021-12-08T09:12:33+00:00\",\"dateModified\":\"2025-05-28T12:14:08+00:00\",\"description\":\"Varmt v\u00e4lkommen till Moderaterna i Stockholm Stad och l\u00e4n!\",\"breadcrumb\":{\"@id\":\"https:\/\/moderaterna.se\/stockholm\/om-oss\/#breadcrumb\"},\"inLanguage\":\"sv-SE\",\"potentialAction\":[{\"@type\":\"ReadAction\",\"target\":[\"https:\/\/moderaterna.se\/stockholm\/om-oss\/\"]}]},{\"@type\":\"BreadcrumbList\",\"@id\":\"https:\/\/moderaterna.se\/stockholm\/om-oss\/#breadcrumb\",\"itemListElement\":[{\"@type\":\"ListItem\",\"position\":1,\"name\":\"Hem\",\"item\":\"https:\/\/moderaterna.se\/stockholm\/\"},{\"@type\":\"ListItem\",\"position\":2,\"name\":\"Om oss\"}]},{\"@type\":\"WebSite\",\"@id\":\"https:\/\/moderaterna.se\/stockholm\/#website\",\"url\":\"https:\/\/moderaterna.se\/stockholm\/\",\"name\":\"Moderaterna i Stockholms stad och l\u00e4n\",\"description\":\"Nu f\u00e5r vi ordning p\u00e5 Sverige\",\"publisher\":{\"@id\":\"https:\/\/moderaterna.se\/stockholm\/#organization\"},\"potentialAction\":[{\"@type\":\"SearchAction\",\"target\":{\"@type\":\"EntryPoint\",\"urlTemplate\":\"https:\/\/moderaterna.se\/stockholm\/?s={search_term_string}\"},\"query-input\":{\"@type\":\"PropertyValueSpecification\",\"valueRequired\":true,\"valueName\":\"search_term_string\"}}],\"inLanguage\":\"sv-SE\"},{\"@type\":\"Organization\",\"@id\":\"https:\/\/moderaterna.se\/stockholm\/#organization\",\"name\":\"Moderaterna\",\"url\":\"https:\/\/moderaterna.se\/stockholm\/\",\"logo\":{\"@type\":\"ImageObject\",\"inLanguage\":\"sv-SE\",\"@id\":\"https:\/\/moderaterna.se\/stockholm\/#\/schema\/logo\/image\/\",\"url\":\"https:\/\/moderaterna.se\/app\/uploads\/2021\/10\/logo-general@2x.png\",\"contentUrl\":\"https:\/\/moderaterna.se\/app\/uploads\/2021\/10\/logo-general@2x.png\",\"width\":122,\"height\":122,\"caption\":\"Moderaterna\"},\"image\":{\"@id\":\"https:\/\/moderaterna.se\/stockholm\/#\/schema\/logo\/image\/\"},\"sameAs\":[\"https:\/\/www.facebook.com\/ModeraternaSthlm\",\"https:\/\/x.com\/ModeratSthlm\",\"https:\/\/www.instagram.com\/moderatsthlm\/\",\"https:\/\/www.youtube.com\/user\/ModeraternaSthlm\"]}]}<\/script>\n<!-- \/ Yoast SEO Premium plugin. -->","yoast_head_json":{"title":"Om oss | Moderaterna i Stockholms stad och l\u00e4n","description":"Varmt v\u00e4lkommen till Moderaterna i Stockholm Stad och l\u00e4n!","robots":{"index":"index","follow":"follow","max-snippet":"max-snippet:-1","max-image-preview":"max-image-preview:large","max-video-preview":"max-video-preview:-1"},"canonical":"https:\/\/moderaterna.se\/stockholm\/om-oss\/","og_locale":"sv_SE","og_type":"article","og_title":"Om oss","og_description":"Varmt v\u00e4lkommen till Moderaterna i Stockholm Stad och l\u00e4n!","og_url":"https:\/\/moderaterna.se\/stockholm\/om-oss\/","og_site_name":"Moderaterna i Stockholms stad och l\u00e4n","article_publisher":"https:\/\/www.facebook.com\/ModeraternaSthlm","article_modified_time":"2025-05-28T12:14:08+00:00","og_image":[{"width":1200,"height":628,"url":"https:\/\/moderaterna.se\/app\/uploads\/sites\/5\/2022\/01\/DELNINGSBILD_hemsida_fo\u0308rstasida.png","type":"image\/png"}],"twitter_card":"summary_large_image","twitter_site":"@ModeratSthlm","twitter_misc":{"Ber\u00e4knad l\u00e4stid":"2 minuter"},"schema":{"@context":"https:\/\/schema.org","@graph":[{"@type":"WebPage","@id":"https:\/\/moderaterna.se\/stockholm\/om-oss\/","url":"https:\/\/moderaterna.se\/stockholm\/om-oss\/","name":"Om oss | Moderaterna i Stockholms stad och l\u00e4n","isPartOf":{"@id":"https:\/\/moderaterna.se\/stockholm\/#website"},"datePublished":"2021-12-08T09:12:33+00:00","dateModified":"2025-05-28T12:14:08+00:00","description":"Varmt v\u00e4lkommen till Moderaterna i Stockholm Stad och l\u00e4n!","breadcrumb":{"@id":"https:\/\/moderaterna.se\/stockholm\/om-oss\/#breadcrumb"},"inLanguage":"sv-SE","potentialAction":[{"@type":"ReadAction","target":["https:\/\/moderaterna.se\/stockholm\/om-oss\/"]}]},{"@type":"BreadcrumbList","@id":"https:\/\/moderaterna.se\/stockholm\/om-oss\/#breadcrumb","itemListElement":[{"@type":"ListItem","position":1,"name":"Hem","item":"https:\/\/moderaterna.se\/stockholm\/"},{"@type":"ListItem","position":2,"name":"Om oss"}]},{"@type":"WebSite","@id":"https:\/\/moderaterna.se\/stockholm\/#website","url":"https:\/\/moderaterna.se\/stockholm\/","name":"Moderaterna i Stockholms stad och l\u00e4n","description":"Nu f\u00e5r vi ordning p\u00e5 Sverige","publisher":{"@id":"https:\/\/moderaterna.se\/stockholm\/#organization"},"potentialAction":[{"@type":"SearchAction","target":{"@type":"EntryPoint","urlTemplate":"https:\/\/moderaterna.se\/stockholm\/?s={search_term_string}"},"query-input":{"@type":"PropertyValueSpecification","valueRequired":true,"valueName":"search_term_string"}}],"inLanguage":"sv-SE"},{"@type":"Organization","@id":"https:\/\/moderaterna.se\/stockholm\/#organization","name":"Moderaterna","url":"https:\/\/moderaterna.se\/stockholm\/","logo":{"@type":"ImageObject","inLanguage":"sv-SE","@id":"https:\/\/moderaterna.se\/stockholm\/#\/schema\/logo\/image\/","url":"https:\/\/moderaterna.se\/app\/uploads\/2021\/10\/logo-general@2x.png","contentUrl":"https:\/\/moderaterna.se\/app\/uploads\/2021\/10\/logo-general@2x.png","width":122,"height":122,"caption":"Moderaterna"},"image":{"@id":"https:\/\/moderaterna.se\/stockholm\/#\/schema\/logo\/image\/"},"sameAs":["https:\/\/www.facebook.com\/ModeraternaSthlm","https:\/\/x.com\/ModeratSthlm","https:\/\/www.instagram.com\/moderatsthlm\/","https:\/\/www.youtube.com\/user\/ModeraternaSthlm"]}]}},"publishpress_future_action":{"enabled":false,"date":"2026-04-17 07:54:48","action":"change-status","newStatus":"draft","terms":[],"taxonomy":"subject"},"_links":{"self":[{"href":"https:\/\/moderaterna.se\/stockholm\/wp-json\/wp\/v2\/pages\/647","targetHints":{"allow":["GET"]}}],"collection":[{"href":"https:\/\/moderaterna.se\/stockholm\/wp-json\/wp\/v2\/pages"}],"about":[{"href":"https:\/\/moderaterna.se\/stockholm\/wp-json\/wp\/v2\/types\/page"}],"author":[{"embeddable":true,"href":"https:\/\/moderaterna.se\/stockholm\/wp-json\/wp\/v2\/users\/9"}],"replies":[{"embeddable":true,"href":"https:\/\/moderaterna.se\/stockholm\/wp-json\/wp\/v2\/comments?post=647"}],"version-history":[{"count":9,"href":"https:\/\/moderaterna.se\/stockholm\/wp-json\/wp\/v2\/pages\/647\/revisions"}],"predecessor-version":[{"id":6634,"href":"https:\/\/moderaterna.se\/stockholm\/wp-json\/wp\/v2\/pages\/647\/revisions\/6634"}],"wp:attachment":[{"href":"https:\/\/moderaterna.se\/stockholm\/wp-json\/wp\/v2\/media?parent=647"}],"wp:term":[{"taxonomy":"subject","embeddable":true,"href":"https:\/\/moderaterna.se\/stockholm\/wp-json\/wp\/v2\/subject?post=647"}],"curies":[{"name":"wp","href":"https:\/\/api.w.org\/{rel}","templated":true}]}}