{"id":6444,"date":"2025-05-19T15:24:38","date_gmt":"2025-05-19T13:24:38","guid":{"rendered":"https:\/\/moderaterna.se\/stockholm\/?page_id=6444"},"modified":"2025-05-23T09:25:06","modified_gmt":"2025-05-23T07:25:06","slug":"unga-som-mar-daligt-ska-fa-hjalp-i-tid","status":"publish","type":"page","link":"https:\/\/moderaterna.se\/stockholm\/unga-som-mar-daligt-ska-fa-hjalp-i-tid\/","title":{"rendered":"Unga som m\u00e5r d\u00e5ligt ska f\u00e5 hj\u00e4lp i tid"},"content":{"rendered":"\n<p><strong>Unga som m\u00e5r d\u00e5ligt ska f\u00e5 hj\u00e4lp i tid<\/strong><\/p>\n\n\n\n<p>De flesta barn i Stockholmsregionen m\u00e5r bra. De har ett starkt socialt n\u00e4tverk, en skola som fungerar och ofta tillg\u00e5ng till st\u00f6d fr\u00e5n familj och v\u00e4nner. Men h\u00e4r lever ocks\u00e5 barn i sv\u00e5r utsatthet liksom barn i v\u00e4lfungerande familjer som trots det blivit offer f\u00f6r en v\u00e4xande psykisk oh\u00e4lsa.<\/p>\n\n\n\n<p>Inget pl\u00e5gar en f\u00f6r\u00e4lder som att se sitt barn v\u00e4nta p\u00e5 hj\u00e4lp. Inget barn ska d\u00e4rf\u00f6r beh\u00f6va v\u00e4nta p\u00e5 v\u00e5rd. Trots det har antalet barn som tvingas v\u00e4nta olagligt l\u00e4nge f\u00f6r att f\u00e5 v\u00e5rd av BUP tredubblats sedan Socialdemokraterna fick ansvar f\u00f6r v\u00e5rden i Region Stockholm.<\/p>\n\n\n\n<p>Moderaterna menar att Stockholm riskerar fastna i en allvarlig spiral av psykisk oh\u00e4lsa om inte utvecklingen v\u00e4nds.<\/p>\n\n\n\n<p>All v\u00e5rd m\u00e5ste anv\u00e4ndas f\u00f6r att kapa k\u00f6erna till BUP. L\u00e5nga v\u00e5rdk\u00f6er f\u00f6rv\u00e4rrar den psykiska oh\u00e4lsan, p\u00e5verkar barnens skolg\u00e5ng och framtid negativt och sl\u00e5r h\u00e5rt mot familjerna.<\/p>\n\n\n\n<p>Barn tillbringar merparten av sin tid i skolan. Hur de m\u00e5r p\u00e5verkar direkt deras skolresultat. Regelbundna unders\u00f6kningar \u00e4r avg\u00f6rande f\u00f6r att uppt\u00e4cka sv\u00e5righeter i tid. D\u00e4rf\u00f6r vill vi \u00e5terinf\u00f6ra skolh\u00e4lsov\u00e5rden.<\/p>\n\n\n\n<p>Dagens knivskarpa gr\u00e4nser mellan BUP och vuxenpsykiatrin inneb\u00e4r sv\u00e5righeter att uppr\u00e4tth\u00e5lla v\u00e5rd och trygghet. D\u00e4rf\u00f6r vill vi f\u00f6rl\u00e4nga \u00e5ldersgr\u00e4nsen i BUP fr\u00e5n 18 till 25 \u00e5r f\u00f6r att skapa en trygg \u00f6verg\u00e5ng till vuxenpsykiatrin.<\/p>\n\n\n\n<p>Barn som flyttar mellan regioner ska inte heller f\u00f6rlora sin plats i v\u00e5rdk\u00f6n eller tvingas b\u00f6rja om sin behandling.<\/p>\n\n\n\n<p>D\u00e4rtill vill vi st\u00e4rka barnav\u00e5rdcentralernas arbete genom att f\u00f6rl\u00e4nga det ut\u00f6kade hembes\u00f6ksprogrammet till att inkludera barn upp till tre \u00e5rs \u00e5lder.<\/p>\n\n\n\n<div style=\"height:35px\" aria-hidden=\"true\" class=\"wp-block-spacer\"><\/div>\n","protected":false},"excerpt":{"rendered":"<p>Unga som m\u00e5r d\u00e5ligt ska f\u00e5 hj\u00e4lp i tid De flesta barn i Stockholmsregionen m\u00e5r bra. De har ett starkt socialt n\u00e4tverk, en skola som fungerar och ofta tillg\u00e5ng till st\u00f6d fr\u00e5n familj och v\u00e4nner. Men h\u00e4r lever ocks\u00e5 barn i sv\u00e5r utsatthet liksom barn i v\u00e4lfungerande familjer som trots det blivit offer f\u00f6r en [&hellip;]<\/p>\n","protected":false},"author":55,"featured_media":0,"parent":0,"menu_order":0,"comment_status":"closed","ping_status":"closed","template":"","meta":{"_acf_changed":false,"_relevanssi_hide_post":"","_relevanssi_hide_content":"","_relevanssi_pin_for_all":"","_relevanssi_pin_keywords":"","_relevanssi_unpin_keywords":"","_relevanssi_related_keywords":"","_relevanssi_related_include_ids":"","_relevanssi_related_exclude_ids":"","_relevanssi_related_no_append":"","_relevanssi_related_not_related":"","_relevanssi_related_posts":"4558,2163,4334,1884,1865,2003","_relevanssi_noindex_reason":"","footnotes":""},"subject":[],"class_list":["post-6444","page","type-page","status-publish","hentry"],"acf":[],"yoast_head":"<!-- This site is optimized with the Yoast SEO Premium plugin v27.1 (Yoast SEO v27.1.1) - https:\/\/yoast.com\/product\/yoast-seo-premium-wordpress\/ -->\n<title>Unga som m\u00e5r d\u00e5ligt ska f\u00e5 hj\u00e4lp i tid | Moderaterna i Stockholms stad och l\u00e4n<\/title>\n<meta name=\"robots\" content=\"index, follow, max-snippet:-1, max-image-preview:large, max-video-preview:-1\" \/>\n<link rel=\"canonical\" href=\"https:\/\/moderaterna.se\/stockholm\/unga-som-mar-daligt-ska-fa-hjalp-i-tid\/\" \/>\n<meta property=\"og:locale\" content=\"sv_SE\" \/>\n<meta property=\"og:type\" content=\"article\" \/>\n<meta property=\"og:title\" content=\"Unga som m\u00e5r d\u00e5ligt ska f\u00e5 hj\u00e4lp i tid\" \/>\n<meta property=\"og:url\" content=\"https:\/\/moderaterna.se\/stockholm\/unga-som-mar-daligt-ska-fa-hjalp-i-tid\/\" \/>\n<meta property=\"og:site_name\" content=\"Moderaterna i Stockholms stad och l\u00e4n\" \/>\n<meta property=\"article:publisher\" content=\"https:\/\/www.facebook.com\/ModeraternaSthlm\" \/>\n<meta property=\"article:modified_time\" content=\"2025-05-23T07:25:06+00:00\" \/>\n<meta property=\"og:image\" content=\"https:\/\/moderaterna.se\/app\/uploads\/sites\/5\/2022\/01\/DELNINGSBILD_hemsida_fo\u0308rstasida.png\" \/>\n\t<meta property=\"og:image:width\" content=\"1200\" \/>\n\t<meta property=\"og:image:height\" content=\"628\" \/>\n\t<meta property=\"og:image:type\" content=\"image\/png\" \/>\n<meta name=\"twitter:card\" content=\"summary_large_image\" \/>\n<meta name=\"twitter:site\" content=\"@ModeratSthlm\" \/>\n<meta name=\"twitter:label1\" content=\"Ber\u00e4knad l\u00e4stid\" \/>\n\t<meta name=\"twitter:data1\" content=\"2 minuter\" \/>\n<script type=\"application\/ld+json\" class=\"yoast-schema-graph\">{\"@context\":\"https:\/\/schema.org\",\"@graph\":[{\"@type\":\"WebPage\",\"@id\":\"https:\/\/moderaterna.se\/stockholm\/unga-som-mar-daligt-ska-fa-hjalp-i-tid\/\",\"url\":\"https:\/\/moderaterna.se\/stockholm\/unga-som-mar-daligt-ska-fa-hjalp-i-tid\/\",\"name\":\"Unga som m\u00e5r d\u00e5ligt ska f\u00e5 hj\u00e4lp i tid | Moderaterna i Stockholms stad och l\u00e4n\",\"isPartOf\":{\"@id\":\"https:\/\/moderaterna.se\/stockholm\/#website\"},\"datePublished\":\"2025-05-19T13:24:38+00:00\",\"dateModified\":\"2025-05-23T07:25:06+00:00\",\"breadcrumb\":{\"@id\":\"https:\/\/moderaterna.se\/stockholm\/unga-som-mar-daligt-ska-fa-hjalp-i-tid\/#breadcrumb\"},\"inLanguage\":\"sv-SE\",\"potentialAction\":[{\"@type\":\"ReadAction\",\"target\":[\"https:\/\/moderaterna.se\/stockholm\/unga-som-mar-daligt-ska-fa-hjalp-i-tid\/\"]}]},{\"@type\":\"BreadcrumbList\",\"@id\":\"https:\/\/moderaterna.se\/stockholm\/unga-som-mar-daligt-ska-fa-hjalp-i-tid\/#breadcrumb\",\"itemListElement\":[{\"@type\":\"ListItem\",\"position\":1,\"name\":\"Hem\",\"item\":\"https:\/\/moderaterna.se\/stockholm\/\"},{\"@type\":\"ListItem\",\"position\":2,\"name\":\"Unga som m\u00e5r d\u00e5ligt ska f\u00e5 hj\u00e4lp i tid\"}]},{\"@type\":\"WebSite\",\"@id\":\"https:\/\/moderaterna.se\/stockholm\/#website\",\"url\":\"https:\/\/moderaterna.se\/stockholm\/\",\"name\":\"Moderaterna i Stockholms stad och l\u00e4n\",\"description\":\"Nu f\u00e5r vi ordning p\u00e5 Sverige\",\"publisher\":{\"@id\":\"https:\/\/moderaterna.se\/stockholm\/#organization\"},\"potentialAction\":[{\"@type\":\"SearchAction\",\"target\":{\"@type\":\"EntryPoint\",\"urlTemplate\":\"https:\/\/moderaterna.se\/stockholm\/?s={search_term_string}\"},\"query-input\":{\"@type\":\"PropertyValueSpecification\",\"valueRequired\":true,\"valueName\":\"search_term_string\"}}],\"inLanguage\":\"sv-SE\"},{\"@type\":\"Organization\",\"@id\":\"https:\/\/moderaterna.se\/stockholm\/#organization\",\"name\":\"Moderaterna\",\"url\":\"https:\/\/moderaterna.se\/stockholm\/\",\"logo\":{\"@type\":\"ImageObject\",\"inLanguage\":\"sv-SE\",\"@id\":\"https:\/\/moderaterna.se\/stockholm\/#\/schema\/logo\/image\/\",\"url\":\"https:\/\/moderaterna.se\/app\/uploads\/2021\/10\/logo-general@2x.png\",\"contentUrl\":\"https:\/\/moderaterna.se\/app\/uploads\/2021\/10\/logo-general@2x.png\",\"width\":122,\"height\":122,\"caption\":\"Moderaterna\"},\"image\":{\"@id\":\"https:\/\/moderaterna.se\/stockholm\/#\/schema\/logo\/image\/\"},\"sameAs\":[\"https:\/\/www.facebook.com\/ModeraternaSthlm\",\"https:\/\/x.com\/ModeratSthlm\",\"https:\/\/www.instagram.com\/moderatsthlm\/\",\"https:\/\/www.youtube.com\/user\/ModeraternaSthlm\"]}]}<\/script>\n<!-- \/ Yoast SEO Premium plugin. -->","yoast_head_json":{"title":"Unga som m\u00e5r d\u00e5ligt ska f\u00e5 hj\u00e4lp i tid | Moderaterna i Stockholms stad och l\u00e4n","robots":{"index":"index","follow":"follow","max-snippet":"max-snippet:-1","max-image-preview":"max-image-preview:large","max-video-preview":"max-video-preview:-1"},"canonical":"https:\/\/moderaterna.se\/stockholm\/unga-som-mar-daligt-ska-fa-hjalp-i-tid\/","og_locale":"sv_SE","og_type":"article","og_title":"Unga som m\u00e5r d\u00e5ligt ska f\u00e5 hj\u00e4lp i tid","og_url":"https:\/\/moderaterna.se\/stockholm\/unga-som-mar-daligt-ska-fa-hjalp-i-tid\/","og_site_name":"Moderaterna i Stockholms stad och l\u00e4n","article_publisher":"https:\/\/www.facebook.com\/ModeraternaSthlm","article_modified_time":"2025-05-23T07:25:06+00:00","og_image":[{"width":1200,"height":628,"url":"https:\/\/moderaterna.se\/app\/uploads\/sites\/5\/2022\/01\/DELNINGSBILD_hemsida_fo\u0308rstasida.png","type":"image\/png"}],"twitter_card":"summary_large_image","twitter_site":"@ModeratSthlm","twitter_misc":{"Ber\u00e4knad l\u00e4stid":"2 minuter"},"schema":{"@context":"https:\/\/schema.org","@graph":[{"@type":"WebPage","@id":"https:\/\/moderaterna.se\/stockholm\/unga-som-mar-daligt-ska-fa-hjalp-i-tid\/","url":"https:\/\/moderaterna.se\/stockholm\/unga-som-mar-daligt-ska-fa-hjalp-i-tid\/","name":"Unga som m\u00e5r d\u00e5ligt ska f\u00e5 hj\u00e4lp i tid | Moderaterna i Stockholms stad och l\u00e4n","isPartOf":{"@id":"https:\/\/moderaterna.se\/stockholm\/#website"},"datePublished":"2025-05-19T13:24:38+00:00","dateModified":"2025-05-23T07:25:06+00:00","breadcrumb":{"@id":"https:\/\/moderaterna.se\/stockholm\/unga-som-mar-daligt-ska-fa-hjalp-i-tid\/#breadcrumb"},"inLanguage":"sv-SE","potentialAction":[{"@type":"ReadAction","target":["https:\/\/moderaterna.se\/stockholm\/unga-som-mar-daligt-ska-fa-hjalp-i-tid\/"]}]},{"@type":"BreadcrumbList","@id":"https:\/\/moderaterna.se\/stockholm\/unga-som-mar-daligt-ska-fa-hjalp-i-tid\/#breadcrumb","itemListElement":[{"@type":"ListItem","position":1,"name":"Hem","item":"https:\/\/moderaterna.se\/stockholm\/"},{"@type":"ListItem","position":2,"name":"Unga som m\u00e5r d\u00e5ligt ska f\u00e5 hj\u00e4lp i tid"}]},{"@type":"WebSite","@id":"https:\/\/moderaterna.se\/stockholm\/#website","url":"https:\/\/moderaterna.se\/stockholm\/","name":"Moderaterna i Stockholms stad och l\u00e4n","description":"Nu f\u00e5r vi ordning p\u00e5 Sverige","publisher":{"@id":"https:\/\/moderaterna.se\/stockholm\/#organization"},"potentialAction":[{"@type":"SearchAction","target":{"@type":"EntryPoint","urlTemplate":"https:\/\/moderaterna.se\/stockholm\/?s={search_term_string}"},"query-input":{"@type":"PropertyValueSpecification","valueRequired":true,"valueName":"search_term_string"}}],"inLanguage":"sv-SE"},{"@type":"Organization","@id":"https:\/\/moderaterna.se\/stockholm\/#organization","name":"Moderaterna","url":"https:\/\/moderaterna.se\/stockholm\/","logo":{"@type":"ImageObject","inLanguage":"sv-SE","@id":"https:\/\/moderaterna.se\/stockholm\/#\/schema\/logo\/image\/","url":"https:\/\/moderaterna.se\/app\/uploads\/2021\/10\/logo-general@2x.png","contentUrl":"https:\/\/moderaterna.se\/app\/uploads\/2021\/10\/logo-general@2x.png","width":122,"height":122,"caption":"Moderaterna"},"image":{"@id":"https:\/\/moderaterna.se\/stockholm\/#\/schema\/logo\/image\/"},"sameAs":["https:\/\/www.facebook.com\/ModeraternaSthlm","https:\/\/x.com\/ModeratSthlm","https:\/\/www.instagram.com\/moderatsthlm\/","https:\/\/www.youtube.com\/user\/ModeraternaSthlm"]}]}},"publishpress_future_action":{"enabled":false,"date":"2026-04-20 21:34:50","action":"change-status","newStatus":"draft","terms":[],"taxonomy":"subject"},"_links":{"self":[{"href":"https:\/\/moderaterna.se\/stockholm\/wp-json\/wp\/v2\/pages\/6444","targetHints":{"allow":["GET"]}}],"collection":[{"href":"https:\/\/moderaterna.se\/stockholm\/wp-json\/wp\/v2\/pages"}],"about":[{"href":"https:\/\/moderaterna.se\/stockholm\/wp-json\/wp\/v2\/types\/page"}],"author":[{"embeddable":true,"href":"https:\/\/moderaterna.se\/stockholm\/wp-json\/wp\/v2\/users\/55"}],"replies":[{"embeddable":true,"href":"https:\/\/moderaterna.se\/stockholm\/wp-json\/wp\/v2\/comments?post=6444"}],"version-history":[{"count":9,"href":"https:\/\/moderaterna.se\/stockholm\/wp-json\/wp\/v2\/pages\/6444\/revisions"}],"predecessor-version":[{"id":6558,"href":"https:\/\/moderaterna.se\/stockholm\/wp-json\/wp\/v2\/pages\/6444\/revisions\/6558"}],"wp:attachment":[{"href":"https:\/\/moderaterna.se\/stockholm\/wp-json\/wp\/v2\/media?parent=6444"}],"wp:term":[{"taxonomy":"subject","embeddable":true,"href":"https:\/\/moderaterna.se\/stockholm\/wp-json\/wp\/v2\/subject?post=6444"}],"curies":[{"name":"wp","href":"https:\/\/api.w.org\/{rel}","templated":true}]}}