{"id":6438,"date":"2025-05-19T15:15:11","date_gmt":"2025-05-19T13:15:11","guid":{"rendered":"https:\/\/moderaterna.se\/stockholm\/?page_id=6438"},"modified":"2025-05-21T11:06:15","modified_gmt":"2025-05-21T09:06:15","slug":"det-ska-vara-latt-att-boka-besok","status":"publish","type":"page","link":"https:\/\/moderaterna.se\/stockholm\/det-ska-vara-latt-att-boka-besok\/","title":{"rendered":"Det ska vara l\u00e4tt att boka bes\u00f6k"},"content":{"rendered":"\n<p><\/p>\n\n\n\n<p><strong>Det ska vara l\u00e4tt att boka bes\u00f6k<\/strong><br>M\u00e5nga k\u00e4nner igen sig i att v\u00e4nta i telefonk\u00f6 till sjukv\u00e5rdsr\u00e5dgivningen, 1177. F\u00f6r att sedan f\u00e5 r\u00e5det att s\u00f6ka sig till en akutmottagning med flera timmars v\u00e4ntetid. Inte s\u00e4llan f\u00f6r tillst\u00e5nd som snabbt hade kunnat behandlas av en l\u00e4kare eller sjuksk\u00f6terska som redan k\u00e4nner dig och f\u00f6rst\u00e5r din sjukdomshistorik.<\/p>\n\n\n\n<p>Eller k\u00e4nner du igen dig i att kasta dig p\u00e5 telefonen precis n\u00e4r v\u00e5rdcentralen \u00f6ppnar f\u00f6r att inte missa chansen att f\u00e5 hj\u00e4lp med barnens besv\u00e4r? Att det tar flera veckor, eller ibland m\u00e5nader, att f\u00e5 tid hos en l\u00e4kare? Det m\u00e5ste bli l\u00e4ttare att boka bes\u00f6k i v\u00e5rden.<\/p>\n\n\n\n<div style=\"height:34px\" aria-hidden=\"true\" class=\"wp-block-spacer\"><\/div>\n\n\n\n<p><strong>B\u00e4ttre r\u00e5dgivning och ny teknik<\/strong><br>Sjukv\u00e5rdsr\u00e5dgivningen p\u00e5 telefon, 1177, \u00e4r en avg\u00f6rande del av v\u00e5rdkedjan. Men samtalen skulle bli b\u00e4ttre av att besvaras hos den mottagning som patienten bes\u00f6ker, med den personal som l\u00e4rt k\u00e4nna sin patient. Fler v\u00e5rdcentraler borde ocks\u00e5 ges m\u00f6jlighet att ha \u00f6ppet p\u00e5 kv\u00e4llar och helger n\u00e4r patienterna har l\u00e4ttare att bes\u00f6ka v\u00e5rden.<\/p>\n\n\n\n<p>Det \u00e4r ocks\u00e5 h\u00f6g tid att v\u00e5rden digitaliseras p\u00e5 riktigt. Medan man kan planera sin resa, k\u00f6pa biljett, se var bussen befinner sig och chatta med trygghetscentralen i SL-appen \u2013 \u00e4r det fortfarande kr\u00e5ngligt att boka bes\u00f6k och f\u00f6lja sina v\u00e5rd\u00e4renden i en och samma app. D\u00e4r borde ocks\u00e5 tillg\u00e4ngligg\u00f6ras information om hur l\u00e5nga v\u00e4ntetider som r\u00e5der p\u00e5 akutmottagningarna, och finnas m\u00f6jlighet att kommunicera med sin l\u00e4kare. V\u00e5rden beh\u00f6ver helt sin egen SL-app \u2013 en och samma app f\u00f6r alla v\u00e5rdbes\u00f6k, oavsett var du s\u00f6ker v\u00e5rd eller av vem du f\u00e5r hj\u00e4lp.<strong><br><\/strong><\/p>\n\n\n\n<div style=\"height:35px\" aria-hidden=\"true\" class=\"wp-block-spacer\"><\/div>\n","protected":false},"excerpt":{"rendered":"<p>Det ska vara l\u00e4tt att boka bes\u00f6kM\u00e5nga k\u00e4nner igen sig i att v\u00e4nta i telefonk\u00f6 till sjukv\u00e5rdsr\u00e5dgivningen, 1177. F\u00f6r att sedan f\u00e5 r\u00e5det att s\u00f6ka sig till en akutmottagning med flera timmars v\u00e4ntetid. Inte s\u00e4llan f\u00f6r tillst\u00e5nd som snabbt hade kunnat behandlas av en l\u00e4kare eller sjuksk\u00f6terska som redan k\u00e4nner dig och f\u00f6rst\u00e5r din sjukdomshistorik. [&hellip;]<\/p>\n","protected":false},"author":55,"featured_media":0,"parent":0,"menu_order":0,"comment_status":"closed","ping_status":"closed","template":"","meta":{"_acf_changed":false,"_relevanssi_hide_post":"","_relevanssi_hide_content":"","_relevanssi_pin_for_all":"","_relevanssi_pin_keywords":"","_relevanssi_unpin_keywords":"","_relevanssi_related_keywords":"","_relevanssi_related_include_ids":"","_relevanssi_related_exclude_ids":"","_relevanssi_related_no_append":"","_relevanssi_related_not_related":"","_relevanssi_related_posts":"4558,2163,1906,979,1865,4974","_relevanssi_noindex_reason":"","footnotes":""},"subject":[],"class_list":["post-6438","page","type-page","status-publish","hentry"],"acf":[],"yoast_head":"<!-- This site is optimized with the Yoast SEO Premium plugin v27.1 (Yoast SEO v27.1.1) - https:\/\/yoast.com\/product\/yoast-seo-premium-wordpress\/ -->\n<title>Det ska vara l\u00e4tt att boka bes\u00f6k | Moderaterna i Stockholms stad och l\u00e4n<\/title>\n<meta name=\"robots\" content=\"index, follow, max-snippet:-1, max-image-preview:large, max-video-preview:-1\" \/>\n<link rel=\"canonical\" href=\"https:\/\/moderaterna.se\/stockholm\/det-ska-vara-latt-att-boka-besok\/\" \/>\n<meta property=\"og:locale\" content=\"sv_SE\" \/>\n<meta property=\"og:type\" content=\"article\" \/>\n<meta property=\"og:title\" content=\"Det ska vara l\u00e4tt att boka bes\u00f6k\" \/>\n<meta property=\"og:url\" content=\"https:\/\/moderaterna.se\/stockholm\/det-ska-vara-latt-att-boka-besok\/\" \/>\n<meta property=\"og:site_name\" content=\"Moderaterna i Stockholms stad och l\u00e4n\" \/>\n<meta property=\"article:publisher\" content=\"https:\/\/www.facebook.com\/ModeraternaSthlm\" \/>\n<meta property=\"article:modified_time\" content=\"2025-05-21T09:06:15+00:00\" \/>\n<meta property=\"og:image\" content=\"https:\/\/moderaterna.se\/app\/uploads\/sites\/5\/2022\/01\/DELNINGSBILD_hemsida_fo\u0308rstasida.png\" \/>\n\t<meta property=\"og:image:width\" content=\"1200\" \/>\n\t<meta property=\"og:image:height\" content=\"628\" \/>\n\t<meta property=\"og:image:type\" content=\"image\/png\" \/>\n<meta name=\"twitter:card\" content=\"summary_large_image\" \/>\n<meta name=\"twitter:site\" content=\"@ModeratSthlm\" \/>\n<meta name=\"twitter:label1\" content=\"Ber\u00e4knad l\u00e4stid\" \/>\n\t<meta name=\"twitter:data1\" content=\"2 minuter\" \/>\n<script type=\"application\/ld+json\" class=\"yoast-schema-graph\">{\"@context\":\"https:\/\/schema.org\",\"@graph\":[{\"@type\":\"WebPage\",\"@id\":\"https:\/\/moderaterna.se\/stockholm\/det-ska-vara-latt-att-boka-besok\/\",\"url\":\"https:\/\/moderaterna.se\/stockholm\/det-ska-vara-latt-att-boka-besok\/\",\"name\":\"Det ska vara l\u00e4tt att boka bes\u00f6k | Moderaterna i Stockholms stad och l\u00e4n\",\"isPartOf\":{\"@id\":\"https:\/\/moderaterna.se\/stockholm\/#website\"},\"datePublished\":\"2025-05-19T13:15:11+00:00\",\"dateModified\":\"2025-05-21T09:06:15+00:00\",\"breadcrumb\":{\"@id\":\"https:\/\/moderaterna.se\/stockholm\/det-ska-vara-latt-att-boka-besok\/#breadcrumb\"},\"inLanguage\":\"sv-SE\",\"potentialAction\":[{\"@type\":\"ReadAction\",\"target\":[\"https:\/\/moderaterna.se\/stockholm\/det-ska-vara-latt-att-boka-besok\/\"]}]},{\"@type\":\"BreadcrumbList\",\"@id\":\"https:\/\/moderaterna.se\/stockholm\/det-ska-vara-latt-att-boka-besok\/#breadcrumb\",\"itemListElement\":[{\"@type\":\"ListItem\",\"position\":1,\"name\":\"Hem\",\"item\":\"https:\/\/moderaterna.se\/stockholm\/\"},{\"@type\":\"ListItem\",\"position\":2,\"name\":\"Det ska vara l\u00e4tt att boka bes\u00f6k\"}]},{\"@type\":\"WebSite\",\"@id\":\"https:\/\/moderaterna.se\/stockholm\/#website\",\"url\":\"https:\/\/moderaterna.se\/stockholm\/\",\"name\":\"Moderaterna i Stockholms stad och l\u00e4n\",\"description\":\"Nu f\u00e5r vi ordning p\u00e5 Sverige\",\"publisher\":{\"@id\":\"https:\/\/moderaterna.se\/stockholm\/#organization\"},\"potentialAction\":[{\"@type\":\"SearchAction\",\"target\":{\"@type\":\"EntryPoint\",\"urlTemplate\":\"https:\/\/moderaterna.se\/stockholm\/?s={search_term_string}\"},\"query-input\":{\"@type\":\"PropertyValueSpecification\",\"valueRequired\":true,\"valueName\":\"search_term_string\"}}],\"inLanguage\":\"sv-SE\"},{\"@type\":\"Organization\",\"@id\":\"https:\/\/moderaterna.se\/stockholm\/#organization\",\"name\":\"Moderaterna\",\"url\":\"https:\/\/moderaterna.se\/stockholm\/\",\"logo\":{\"@type\":\"ImageObject\",\"inLanguage\":\"sv-SE\",\"@id\":\"https:\/\/moderaterna.se\/stockholm\/#\/schema\/logo\/image\/\",\"url\":\"https:\/\/moderaterna.se\/app\/uploads\/2021\/10\/logo-general@2x.png\",\"contentUrl\":\"https:\/\/moderaterna.se\/app\/uploads\/2021\/10\/logo-general@2x.png\",\"width\":122,\"height\":122,\"caption\":\"Moderaterna\"},\"image\":{\"@id\":\"https:\/\/moderaterna.se\/stockholm\/#\/schema\/logo\/image\/\"},\"sameAs\":[\"https:\/\/www.facebook.com\/ModeraternaSthlm\",\"https:\/\/x.com\/ModeratSthlm\",\"https:\/\/www.instagram.com\/moderatsthlm\/\",\"https:\/\/www.youtube.com\/user\/ModeraternaSthlm\"]}]}<\/script>\n<!-- \/ Yoast SEO Premium plugin. -->","yoast_head_json":{"title":"Det ska vara l\u00e4tt att boka bes\u00f6k | Moderaterna i Stockholms stad och l\u00e4n","robots":{"index":"index","follow":"follow","max-snippet":"max-snippet:-1","max-image-preview":"max-image-preview:large","max-video-preview":"max-video-preview:-1"},"canonical":"https:\/\/moderaterna.se\/stockholm\/det-ska-vara-latt-att-boka-besok\/","og_locale":"sv_SE","og_type":"article","og_title":"Det ska vara l\u00e4tt att boka bes\u00f6k","og_url":"https:\/\/moderaterna.se\/stockholm\/det-ska-vara-latt-att-boka-besok\/","og_site_name":"Moderaterna i Stockholms stad och l\u00e4n","article_publisher":"https:\/\/www.facebook.com\/ModeraternaSthlm","article_modified_time":"2025-05-21T09:06:15+00:00","og_image":[{"width":1200,"height":628,"url":"https:\/\/moderaterna.se\/app\/uploads\/sites\/5\/2022\/01\/DELNINGSBILD_hemsida_fo\u0308rstasida.png","type":"image\/png"}],"twitter_card":"summary_large_image","twitter_site":"@ModeratSthlm","twitter_misc":{"Ber\u00e4knad l\u00e4stid":"2 minuter"},"schema":{"@context":"https:\/\/schema.org","@graph":[{"@type":"WebPage","@id":"https:\/\/moderaterna.se\/stockholm\/det-ska-vara-latt-att-boka-besok\/","url":"https:\/\/moderaterna.se\/stockholm\/det-ska-vara-latt-att-boka-besok\/","name":"Det ska vara l\u00e4tt att boka bes\u00f6k | Moderaterna i Stockholms stad och l\u00e4n","isPartOf":{"@id":"https:\/\/moderaterna.se\/stockholm\/#website"},"datePublished":"2025-05-19T13:15:11+00:00","dateModified":"2025-05-21T09:06:15+00:00","breadcrumb":{"@id":"https:\/\/moderaterna.se\/stockholm\/det-ska-vara-latt-att-boka-besok\/#breadcrumb"},"inLanguage":"sv-SE","potentialAction":[{"@type":"ReadAction","target":["https:\/\/moderaterna.se\/stockholm\/det-ska-vara-latt-att-boka-besok\/"]}]},{"@type":"BreadcrumbList","@id":"https:\/\/moderaterna.se\/stockholm\/det-ska-vara-latt-att-boka-besok\/#breadcrumb","itemListElement":[{"@type":"ListItem","position":1,"name":"Hem","item":"https:\/\/moderaterna.se\/stockholm\/"},{"@type":"ListItem","position":2,"name":"Det ska vara l\u00e4tt att boka bes\u00f6k"}]},{"@type":"WebSite","@id":"https:\/\/moderaterna.se\/stockholm\/#website","url":"https:\/\/moderaterna.se\/stockholm\/","name":"Moderaterna i Stockholms stad och l\u00e4n","description":"Nu f\u00e5r vi ordning p\u00e5 Sverige","publisher":{"@id":"https:\/\/moderaterna.se\/stockholm\/#organization"},"potentialAction":[{"@type":"SearchAction","target":{"@type":"EntryPoint","urlTemplate":"https:\/\/moderaterna.se\/stockholm\/?s={search_term_string}"},"query-input":{"@type":"PropertyValueSpecification","valueRequired":true,"valueName":"search_term_string"}}],"inLanguage":"sv-SE"},{"@type":"Organization","@id":"https:\/\/moderaterna.se\/stockholm\/#organization","name":"Moderaterna","url":"https:\/\/moderaterna.se\/stockholm\/","logo":{"@type":"ImageObject","inLanguage":"sv-SE","@id":"https:\/\/moderaterna.se\/stockholm\/#\/schema\/logo\/image\/","url":"https:\/\/moderaterna.se\/app\/uploads\/2021\/10\/logo-general@2x.png","contentUrl":"https:\/\/moderaterna.se\/app\/uploads\/2021\/10\/logo-general@2x.png","width":122,"height":122,"caption":"Moderaterna"},"image":{"@id":"https:\/\/moderaterna.se\/stockholm\/#\/schema\/logo\/image\/"},"sameAs":["https:\/\/www.facebook.com\/ModeraternaSthlm","https:\/\/x.com\/ModeratSthlm","https:\/\/www.instagram.com\/moderatsthlm\/","https:\/\/www.youtube.com\/user\/ModeraternaSthlm"]}]}},"publishpress_future_action":{"enabled":false,"date":"2026-04-27 16:00:11","action":"change-status","newStatus":"draft","terms":[],"taxonomy":"subject"},"_links":{"self":[{"href":"https:\/\/moderaterna.se\/stockholm\/wp-json\/wp\/v2\/pages\/6438","targetHints":{"allow":["GET"]}}],"collection":[{"href":"https:\/\/moderaterna.se\/stockholm\/wp-json\/wp\/v2\/pages"}],"about":[{"href":"https:\/\/moderaterna.se\/stockholm\/wp-json\/wp\/v2\/types\/page"}],"author":[{"embeddable":true,"href":"https:\/\/moderaterna.se\/stockholm\/wp-json\/wp\/v2\/users\/55"}],"replies":[{"embeddable":true,"href":"https:\/\/moderaterna.se\/stockholm\/wp-json\/wp\/v2\/comments?post=6438"}],"version-history":[{"count":5,"href":"https:\/\/moderaterna.se\/stockholm\/wp-json\/wp\/v2\/pages\/6438\/revisions"}],"predecessor-version":[{"id":6512,"href":"https:\/\/moderaterna.se\/stockholm\/wp-json\/wp\/v2\/pages\/6438\/revisions\/6512"}],"wp:attachment":[{"href":"https:\/\/moderaterna.se\/stockholm\/wp-json\/wp\/v2\/media?parent=6438"}],"wp:term":[{"taxonomy":"subject","embeddable":true,"href":"https:\/\/moderaterna.se\/stockholm\/wp-json\/wp\/v2\/subject?post=6438"}],"curies":[{"name":"wp","href":"https:\/\/api.w.org\/{rel}","templated":true}]}}