{"id":3281,"date":"2023-12-14T17:26:19","date_gmt":"2023-12-14T16:26:19","guid":{"rendered":"https:\/\/moderaterna.se\/stockholm\/?post_type=contact&#038;p=3281"},"modified":"2025-08-19T15:08:36","modified_gmt":"2025-08-19T13:08:36","slug":"mikael-wigg","status":"publish","type":"contact","link":"https:\/\/moderaterna.se\/stockholm\/kontaktpersoner\/mikael-wigg\/","title":{"rendered":"Mikael Wigg | Moderaterna i Stockholms stad och l\u00e4n"},"content":{"rendered":"\n<p>Projektledare<br><\/p>\n","protected":false},"featured_media":6889,"template":"","department":[95],"class_list":["post-3281","contact","type-contact","status-publish","has-post-thumbnail","hentry"],"acf":[],"yoast_head":"<!-- This site is optimized with the Yoast SEO Premium plugin v27.1 (Yoast SEO v27.1.1) - https:\/\/yoast.com\/product\/yoast-seo-premium-wordpress\/ -->\n<title>Mikael Wigg | Moderaterna i Stockholms stad och l\u00e4n | Moderaterna i Stockholms stad och l\u00e4n<\/title>\n<meta name=\"robots\" content=\"index, follow, max-snippet:-1, max-image-preview:large, max-video-preview:-1\" \/>\n<link rel=\"canonical\" href=\"https:\/\/moderaterna.se\/stockholm\/kontaktpersoner\/mikael-wigg\/\" \/>\n<meta property=\"og:locale\" content=\"sv_SE\" \/>\n<meta property=\"og:type\" content=\"article\" \/>\n<meta property=\"og:title\" content=\"Mikael Wigg | Moderaterna i Stockholms stad och l\u00e4n\" \/>\n<meta property=\"og:description\" content=\"Projektledare\" \/>\n<meta property=\"og:url\" content=\"https:\/\/moderaterna.se\/stockholm\/kontaktpersoner\/mikael-wigg\/\" \/>\n<meta property=\"og:site_name\" content=\"Moderaterna i Stockholms stad och l\u00e4n\" \/>\n<meta property=\"article:publisher\" content=\"https:\/\/www.facebook.com\/ModeraternaSthlm\" \/>\n<meta property=\"article:modified_time\" content=\"2025-08-19T13:08:36+00:00\" \/>\n<meta property=\"og:image\" content=\"https:\/\/moderaterna.se\/app\/uploads\/sites\/5\/2023\/12\/4Z8A7593-LOW-e1755608910939.jpg\" \/>\n\t<meta property=\"og:image:width\" content=\"1666\" \/>\n\t<meta property=\"og:image:height\" content=\"1886\" \/>\n\t<meta property=\"og:image:type\" content=\"image\/jpeg\" \/>\n<meta name=\"twitter:card\" content=\"summary_large_image\" \/>\n<meta name=\"twitter:site\" content=\"@ModeratSthlm\" \/>\n<meta name=\"twitter:label1\" content=\"Ber\u00e4knad l\u00e4stid\" \/>\n\t<meta name=\"twitter:data1\" content=\"1 minut\" \/>\n<script type=\"application\/ld+json\" class=\"yoast-schema-graph\">{\"@context\":\"https:\/\/schema.org\",\"@graph\":[{\"@type\":\"WebPage\",\"@id\":\"https:\/\/moderaterna.se\/stockholm\/kontaktpersoner\/mikael-wigg\/\",\"url\":\"https:\/\/moderaterna.se\/stockholm\/kontaktpersoner\/mikael-wigg\/\",\"name\":\"Mikael Wigg | Moderaterna i Stockholms stad och l\u00e4n | Moderaterna i Stockholms stad och l\u00e4n\",\"isPartOf\":{\"@id\":\"https:\/\/moderaterna.se\/stockholm\/#website\"},\"primaryImageOfPage\":{\"@id\":\"https:\/\/moderaterna.se\/stockholm\/kontaktpersoner\/mikael-wigg\/#primaryimage\"},\"image\":{\"@id\":\"https:\/\/moderaterna.se\/stockholm\/kontaktpersoner\/mikael-wigg\/#primaryimage\"},\"thumbnailUrl\":\"https:\/\/moderaterna.se\/app\/uploads\/sites\/5\/2023\/12\/4Z8A7593-LOW-e1755608910939.jpg\",\"datePublished\":\"2023-12-14T16:26:19+00:00\",\"dateModified\":\"2025-08-19T13:08:36+00:00\",\"breadcrumb\":{\"@id\":\"https:\/\/moderaterna.se\/stockholm\/kontaktpersoner\/mikael-wigg\/#breadcrumb\"},\"inLanguage\":\"sv-SE\",\"potentialAction\":[{\"@type\":\"ReadAction\",\"target\":[\"https:\/\/moderaterna.se\/stockholm\/kontaktpersoner\/mikael-wigg\/\"]}]},{\"@type\":\"ImageObject\",\"inLanguage\":\"sv-SE\",\"@id\":\"https:\/\/moderaterna.se\/stockholm\/kontaktpersoner\/mikael-wigg\/#primaryimage\",\"url\":\"https:\/\/moderaterna.se\/app\/uploads\/sites\/5\/2023\/12\/4Z8A7593-LOW-e1755608910939.jpg\",\"contentUrl\":\"https:\/\/moderaterna.se\/app\/uploads\/sites\/5\/2023\/12\/4Z8A7593-LOW-e1755608910939.jpg\",\"width\":1666,\"height\":1886},{\"@type\":\"BreadcrumbList\",\"@id\":\"https:\/\/moderaterna.se\/stockholm\/kontaktpersoner\/mikael-wigg\/#breadcrumb\",\"itemListElement\":[{\"@type\":\"ListItem\",\"position\":1,\"name\":\"Hem\",\"item\":\"https:\/\/moderaterna.se\/stockholm\/\"},{\"@type\":\"ListItem\",\"position\":2,\"name\":\"Mikael Wigg | Moderaterna i Stockholms stad och l\u00e4n\"}]},{\"@type\":\"WebSite\",\"@id\":\"https:\/\/moderaterna.se\/stockholm\/#website\",\"url\":\"https:\/\/moderaterna.se\/stockholm\/\",\"name\":\"Moderaterna i Stockholms stad och l\u00e4n\",\"description\":\"Nu f\u00e5r vi ordning p\u00e5 Sverige\",\"publisher\":{\"@id\":\"https:\/\/moderaterna.se\/stockholm\/#organization\"},\"potentialAction\":[{\"@type\":\"SearchAction\",\"target\":{\"@type\":\"EntryPoint\",\"urlTemplate\":\"https:\/\/moderaterna.se\/stockholm\/?s={search_term_string}\"},\"query-input\":{\"@type\":\"PropertyValueSpecification\",\"valueRequired\":true,\"valueName\":\"search_term_string\"}}],\"inLanguage\":\"sv-SE\"},{\"@type\":\"Organization\",\"@id\":\"https:\/\/moderaterna.se\/stockholm\/#organization\",\"name\":\"Moderaterna\",\"url\":\"https:\/\/moderaterna.se\/stockholm\/\",\"logo\":{\"@type\":\"ImageObject\",\"inLanguage\":\"sv-SE\",\"@id\":\"https:\/\/moderaterna.se\/stockholm\/#\/schema\/logo\/image\/\",\"url\":\"https:\/\/moderaterna.se\/app\/uploads\/2021\/10\/logo-general@2x.png\",\"contentUrl\":\"https:\/\/moderaterna.se\/app\/uploads\/2021\/10\/logo-general@2x.png\",\"width\":122,\"height\":122,\"caption\":\"Moderaterna\"},\"image\":{\"@id\":\"https:\/\/moderaterna.se\/stockholm\/#\/schema\/logo\/image\/\"},\"sameAs\":[\"https:\/\/www.facebook.com\/ModeraternaSthlm\",\"https:\/\/x.com\/ModeratSthlm\",\"https:\/\/www.instagram.com\/moderatsthlm\/\",\"https:\/\/www.youtube.com\/user\/ModeraternaSthlm\"]}]}<\/script>\n<!-- \/ Yoast SEO Premium plugin. -->","yoast_head_json":{"title":"Mikael Wigg | Moderaterna i Stockholms stad och l\u00e4n | Moderaterna i Stockholms stad och l\u00e4n","robots":{"index":"index","follow":"follow","max-snippet":"max-snippet:-1","max-image-preview":"max-image-preview:large","max-video-preview":"max-video-preview:-1"},"canonical":"https:\/\/moderaterna.se\/stockholm\/kontaktpersoner\/mikael-wigg\/","og_locale":"sv_SE","og_type":"article","og_title":"Mikael Wigg | Moderaterna i Stockholms stad och l\u00e4n","og_description":"Projektledare","og_url":"https:\/\/moderaterna.se\/stockholm\/kontaktpersoner\/mikael-wigg\/","og_site_name":"Moderaterna i Stockholms stad och l\u00e4n","article_publisher":"https:\/\/www.facebook.com\/ModeraternaSthlm","article_modified_time":"2025-08-19T13:08:36+00:00","og_image":[{"width":1666,"height":1886,"url":"https:\/\/moderaterna.se\/app\/uploads\/sites\/5\/2023\/12\/4Z8A7593-LOW-e1755608910939.jpg","type":"image\/jpeg"}],"twitter_card":"summary_large_image","twitter_site":"@ModeratSthlm","twitter_misc":{"Ber\u00e4knad l\u00e4stid":"1 minut"},"schema":{"@context":"https:\/\/schema.org","@graph":[{"@type":"WebPage","@id":"https:\/\/moderaterna.se\/stockholm\/kontaktpersoner\/mikael-wigg\/","url":"https:\/\/moderaterna.se\/stockholm\/kontaktpersoner\/mikael-wigg\/","name":"Mikael Wigg | Moderaterna i Stockholms stad och l\u00e4n | Moderaterna i Stockholms stad och l\u00e4n","isPartOf":{"@id":"https:\/\/moderaterna.se\/stockholm\/#website"},"primaryImageOfPage":{"@id":"https:\/\/moderaterna.se\/stockholm\/kontaktpersoner\/mikael-wigg\/#primaryimage"},"image":{"@id":"https:\/\/moderaterna.se\/stockholm\/kontaktpersoner\/mikael-wigg\/#primaryimage"},"thumbnailUrl":"https:\/\/moderaterna.se\/app\/uploads\/sites\/5\/2023\/12\/4Z8A7593-LOW-e1755608910939.jpg","datePublished":"2023-12-14T16:26:19+00:00","dateModified":"2025-08-19T13:08:36+00:00","breadcrumb":{"@id":"https:\/\/moderaterna.se\/stockholm\/kontaktpersoner\/mikael-wigg\/#breadcrumb"},"inLanguage":"sv-SE","potentialAction":[{"@type":"ReadAction","target":["https:\/\/moderaterna.se\/stockholm\/kontaktpersoner\/mikael-wigg\/"]}]},{"@type":"ImageObject","inLanguage":"sv-SE","@id":"https:\/\/moderaterna.se\/stockholm\/kontaktpersoner\/mikael-wigg\/#primaryimage","url":"https:\/\/moderaterna.se\/app\/uploads\/sites\/5\/2023\/12\/4Z8A7593-LOW-e1755608910939.jpg","contentUrl":"https:\/\/moderaterna.se\/app\/uploads\/sites\/5\/2023\/12\/4Z8A7593-LOW-e1755608910939.jpg","width":1666,"height":1886},{"@type":"BreadcrumbList","@id":"https:\/\/moderaterna.se\/stockholm\/kontaktpersoner\/mikael-wigg\/#breadcrumb","itemListElement":[{"@type":"ListItem","position":1,"name":"Hem","item":"https:\/\/moderaterna.se\/stockholm\/"},{"@type":"ListItem","position":2,"name":"Mikael Wigg | Moderaterna i Stockholms stad och l\u00e4n"}]},{"@type":"WebSite","@id":"https:\/\/moderaterna.se\/stockholm\/#website","url":"https:\/\/moderaterna.se\/stockholm\/","name":"Moderaterna i Stockholms stad och l\u00e4n","description":"Nu f\u00e5r vi ordning p\u00e5 Sverige","publisher":{"@id":"https:\/\/moderaterna.se\/stockholm\/#organization"},"potentialAction":[{"@type":"SearchAction","target":{"@type":"EntryPoint","urlTemplate":"https:\/\/moderaterna.se\/stockholm\/?s={search_term_string}"},"query-input":{"@type":"PropertyValueSpecification","valueRequired":true,"valueName":"search_term_string"}}],"inLanguage":"sv-SE"},{"@type":"Organization","@id":"https:\/\/moderaterna.se\/stockholm\/#organization","name":"Moderaterna","url":"https:\/\/moderaterna.se\/stockholm\/","logo":{"@type":"ImageObject","inLanguage":"sv-SE","@id":"https:\/\/moderaterna.se\/stockholm\/#\/schema\/logo\/image\/","url":"https:\/\/moderaterna.se\/app\/uploads\/2021\/10\/logo-general@2x.png","contentUrl":"https:\/\/moderaterna.se\/app\/uploads\/2021\/10\/logo-general@2x.png","width":122,"height":122,"caption":"Moderaterna"},"image":{"@id":"https:\/\/moderaterna.se\/stockholm\/#\/schema\/logo\/image\/"},"sameAs":["https:\/\/www.facebook.com\/ModeraternaSthlm","https:\/\/x.com\/ModeratSthlm","https:\/\/www.instagram.com\/moderatsthlm\/","https:\/\/www.youtube.com\/user\/ModeraternaSthlm"]}]}},"_links":{"self":[{"href":"https:\/\/moderaterna.se\/stockholm\/wp-json\/wp\/v2\/contact\/3281","targetHints":{"allow":["GET"]}}],"collection":[{"href":"https:\/\/moderaterna.se\/stockholm\/wp-json\/wp\/v2\/contact"}],"about":[{"href":"https:\/\/moderaterna.se\/stockholm\/wp-json\/wp\/v2\/types\/contact"}],"wp:featuredmedia":[{"embeddable":true,"href":"https:\/\/moderaterna.se\/stockholm\/wp-json\/wp\/v2\/media\/6889"}],"wp:attachment":[{"href":"https:\/\/moderaterna.se\/stockholm\/wp-json\/wp\/v2\/media?parent=3281"}],"wp:term":[{"taxonomy":"department","embeddable":true,"href":"https:\/\/moderaterna.se\/stockholm\/wp-json\/wp\/v2\/department?post=3281"}],"curies":[{"name":"wp","href":"https:\/\/api.w.org\/{rel}","templated":true}]}}

Mikael Wigg | Moderaterna i Stockholms stad och län

<!-- This site is optimized with the Yoast SEO Premium plugin v27.1 (Yoast SEO v27.1.1) - https://yoast.com/product/yoast-seo-premium-wordpress/ -->
<title>Mikael Wigg | Moderaterna i Stockholms stad och län | Moderaterna i Stockholms stad och län</title>
<meta name="robots" content="index, follow, max-snippet:-1, max-image-preview:large, max-video-preview:-1" />
<link rel="canonical" href="https://moderaterna.se/stockholm/kontaktpersoner/mikael-wigg/" />
<meta property="og:locale" content="sv_SE" />
<meta property="og:type" content="article" />
<meta property="og:title" content="Mikael Wigg | Moderaterna i Stockholms stad och län" />
<meta property="og:description" content="Projektledare" />
<meta property="og:url" content="https://moderaterna.se/stockholm/kontaktpersoner/mikael-wigg/" />
<meta property="og:site_name" content="Moderaterna i Stockholms stad och län" />
<meta property="article:publisher" content="https://www.facebook.com/ModeraternaSthlm" />
<meta property="article:modified_time" content="2025-08-19T13:08:36+00:00" />
<meta property="og:image" content="https://moderaterna.se/app/uploads/sites/5/2023/12/4Z8A7593-LOW-e1755608910939.jpg" />
	<meta property="og:image:width" content="1666" />
	<meta property="og:image:height" content="1886" />
	<meta property="og:image:type" content="image/jpeg" />
<meta name="twitter:card" content="summary_large_image" />
<meta name="twitter:site" content="@ModeratSthlm" />
<meta name="twitter:label1" content="Beräknad lästid" />
	<meta name="twitter:data1" content="1 minut" />
<script type="application/ld+json" class="yoast-schema-graph">{"@context":"https://schema.org","@graph":[{"@type":"WebPage","@id":"https://moderaterna.se/stockholm/kontaktpersoner/mikael-wigg/","url":"https://moderaterna.se/stockholm/kontaktpersoner/mikael-wigg/","name":"Mikael Wigg | Moderaterna i Stockholms stad och län | Moderaterna i Stockholms stad och län","isPartOf":{"@id":"https://moderaterna.se/stockholm/#website"},"primaryImageOfPage":{"@id":"https://moderaterna.se/stockholm/kontaktpersoner/mikael-wigg/#primaryimage"},"image":{"@id":"https://moderaterna.se/stockholm/kontaktpersoner/mikael-wigg/#primaryimage"},"thumbnailUrl":"https://moderaterna.se/app/uploads/sites/5/2023/12/4Z8A7593-LOW-e1755608910939.jpg","datePublished":"2023-12-14T16:26:19+00:00","dateModified":"2025-08-19T13:08:36+00:00","breadcrumb":{"@id":"https://moderaterna.se/stockholm/kontaktpersoner/mikael-wigg/#breadcrumb"},"inLanguage":"sv-SE","potentialAction":[{"@type":"ReadAction","target":["https://moderaterna.se/stockholm/kontaktpersoner/mikael-wigg/"]}]},{"@type":"ImageObject","inLanguage":"sv-SE","@id":"https://moderaterna.se/stockholm/kontaktpersoner/mikael-wigg/#primaryimage","url":"https://moderaterna.se/app/uploads/sites/5/2023/12/4Z8A7593-LOW-e1755608910939.jpg","contentUrl":"https://moderaterna.se/app/uploads/sites/5/2023/12/4Z8A7593-LOW-e1755608910939.jpg","width":1666,"height":1886},{"@type":"BreadcrumbList","@id":"https://moderaterna.se/stockholm/kontaktpersoner/mikael-wigg/#breadcrumb","itemListElement":[{"@type":"ListItem","position":1,"name":"Hem","item":"https://moderaterna.se/stockholm/"},{"@type":"ListItem","position":2,"name":"Mikael Wigg | Moderaterna i Stockholms stad och län"}]},{"@type":"WebSite","@id":"https://moderaterna.se/stockholm/#website","url":"https://moderaterna.se/stockholm/","name":"Moderaterna i Stockholms stad och län","description":"Nu får vi ordning på Sverige","publisher":{"@id":"https://moderaterna.se/stockholm/#organization"},"potentialAction":[{"@type":"SearchAction","target":{"@type":"EntryPoint","urlTemplate":"https://moderaterna.se/stockholm/?s={search_term_string}"},"query-input":{"@type":"PropertyValueSpecification","valueRequired":true,"valueName":"search_term_string"}}],"inLanguage":"sv-SE"},{"@type":"Organization","@id":"https://moderaterna.se/stockholm/#organization","name":"Moderaterna","url":"https://moderaterna.se/stockholm/","logo":{"@type":"ImageObject","inLanguage":"sv-SE","@id":"https://moderaterna.se/stockholm/#/schema/logo/image/","url":"https://moderaterna.se/app/uploads/2021/10/logo-general@2x.png","contentUrl":"https://moderaterna.se/app/uploads/2021/10/logo-general@2x.png","width":122,"height":122,"caption":"Moderaterna"},"image":{"@id":"https://moderaterna.se/stockholm/#/schema/logo/image/"},"sameAs":["https://www.facebook.com/ModeraternaSthlm","https://x.com/ModeratSthlm","https://www.instagram.com/moderatsthlm/","https://www.youtube.com/user/ModeraternaSthlm"]}]}</script>
<!-- / Yoast SEO Premium plugin. -->

Mikael Wigg | Moderaterna i Stockholms stad och län | Moderaterna i Stockholms stad och län

Moderaterna i Stockholms stad och län

Nu får vi ordning på Sverige
