{"id":868,"date":"2022-01-12T11:11:16","date_gmt":"2022-01-12T10:11:16","guid":{"rendered":"https:\/\/moderaterna.se\/sodermanland\/?post_type=compound&#038;p=868"},"modified":"2026-08-20T09:39:01","modified_gmt":"2026-08-20T07:39:01","slug":"vingaker","status":"publish","type":"compound","link":"https:\/\/moderaterna.se\/sodermanland\/foreningar\/vingaker\/","title":{"rendered":"Ving\u00e5ker"},"content":{"rendered":"\n<p><strong>Moderaternas partif\u00f6rening Ving\u00e5ker<\/strong><br>F\u00f6reningsordf\u00f6rande f\u00f6r Moderaterna i Ving\u00e5ker \u00e4r Pierre Szabo.<\/p>\n\n\n\n<p>Kommunstyrelsen ordf\u00f6rande i Ving\u00e5kers kommun\u00a0\u00e4r Charlotte Prennfors (<a href=\"mailto:charlotte.prennfors@vingaker.se\">charlotte.prennfors@vingaker.se<\/a>)<\/p>\n\n\n\n<p><\/p>\n","protected":false},"featured_media":0,"template":"","class_list":["post-868","compound","type-compound","status-publish","hentry"],"acf":[],"_links":{"self":[{"href":"https:\/\/moderaterna.se\/sodermanland\/wp-json\/wp\/v2\/compound\/868","targetHints":{"allow":["GET"]}}],"collection":[{"href":"https:\/\/moderaterna.se\/sodermanland\/wp-json\/wp\/v2\/compound"}],"about":[{"href":"https:\/\/moderaterna.se\/sodermanland\/wp-json\/wp\/v2\/types\/compound"}],"wp:attachment":[{"href":"https:\/\/moderaterna.se\/sodermanland\/wp-json\/wp\/v2\/media?parent=868"}],"curies":[{"name":"wp","href":"https:\/\/api.w.org\/{rel}","templated":true}]}}

Vingåker

<p><strong>Moderaternas partiförening Vingåker</strong><br>Föreningsordförande för Moderaterna i Vingåker är Pierre Szabo.</p>



<p>Kommunstyrelsen ordförande i Vingåkers kommun är Charlotte Prennfors (<a href="mailto:charlotte.prennfors@vingaker.se">charlotte.prennfors@vingaker.se</a>)</p>



<p></p>
