{"id":867,"date":"2022-01-12T11:06:52","date_gmt":"2022-01-12T10:06:52","guid":{"rendered":"https:\/\/moderaterna.se\/sodermanland\/?post_type=compound&#038;p=867"},"modified":"2026-08-25T14:17:51","modified_gmt":"2026-08-25T12:17:51","slug":"trosa","status":"publish","type":"compound","link":"https:\/\/moderaterna.se\/sodermanland\/foreningar\/trosa\/","title":{"rendered":"Trosa"},"content":{"rendered":"\n<p><strong>Moderaternas partif\u00f6rening Trosa, styrelse<\/strong><br>F\u00f6reningsordf\u00f6rande f\u00f6r Moderaterna i Trosa \u00e4r Michael Swedberg.<\/p>\n\n\n\n<p>Moderaternas kommunalr\u00e5d och kommunstyrelseordf\u00f6rande i Trosa kommun \u00e4r Daniel Portnoff (<a href=\"mailto:daniel.portnoff@trosa.se\">daniel.portnoff@trosa.se<\/a>).<\/p>\n\n\n\n<p>H\u00e4r hittar du Trosas lokala Alliansprogram inf\u00f6r valet 2026.<\/p>\n\n\n\n<p><a href=\"https:\/\/alliansfortrosa.se\">https:\/\/alliansfortrosa.se<\/a><\/p>\n","protected":false},"featured_media":0,"template":"","class_list":["post-867","compound","type-compound","status-publish","hentry"],"acf":[],"_links":{"self":[{"href":"https:\/\/moderaterna.se\/sodermanland\/wp-json\/wp\/v2\/compound\/867","targetHints":{"allow":["GET"]}}],"collection":[{"href":"https:\/\/moderaterna.se\/sodermanland\/wp-json\/wp\/v2\/compound"}],"about":[{"href":"https:\/\/moderaterna.se\/sodermanland\/wp-json\/wp\/v2\/types\/compound"}],"wp:attachment":[{"href":"https:\/\/moderaterna.se\/sodermanland\/wp-json\/wp\/v2\/media?parent=867"}],"curies":[{"name":"wp","href":"https:\/\/api.w.org\/{rel}","templated":true}]}}

<p><strong>Moderaternas partiförening Trosa, styrelse</strong><br>Föreningsordförande för Moderaterna i Trosa är Michael Swedberg.</p>



<p>Moderaternas kommunalråd och kommunstyrelseordförande i Trosa kommun är Daniel Portnoff (<a href="mailto:daniel.portnoff@trosa.se">daniel.portnoff@trosa.se</a>).</p>



<p>Här hittar du Trosas lokala Alliansprogram inför valet 2026.</p>



<p><a href="https://alliansfortrosa.se">https://alliansfortrosa.se</a></p>
