{"id":866,"date":"2022-01-12T11:05:24","date_gmt":"2022-01-12T10:05:24","guid":{"rendered":"https:\/\/moderaterna.se\/sodermanland\/?post_type=compound&#038;p=866"},"modified":"2026-08-20T09:41:10","modified_gmt":"2026-08-20T07:41:10","slug":"strangnas","status":"publish","type":"compound","link":"https:\/\/moderaterna.se\/sodermanland\/foreningar\/strangnas\/","title":{"rendered":"Str\u00e4ngn\u00e4s"},"content":{"rendered":"\n<p><strong>Moderaternas partif\u00f6rening Str\u00e4ngn\u00e4s<\/strong><br>F\u00f6reningsordf\u00f6rande f\u00f6r Moderaterna i Str\u00e4ngn\u00e4s \u00e4r Magnus Qvist.<\/p>\n\n\n\n<p>Moderaternas kommunalr\u00e5d och kommunstyrelseordf\u00f6rande i Str\u00e4ngn\u00e4s kommun \u00e4r Jacob H\u00f6gfeldt (<a href=\"mailto:jacob.hogfeldt@strangnas.se\">jacob.hogfeldt@strangnas.se<\/a>).<\/p>\n","protected":false},"featured_media":0,"template":"","class_list":["post-866","compound","type-compound","status-publish","hentry"],"acf":[],"_links":{"self":[{"href":"https:\/\/moderaterna.se\/sodermanland\/wp-json\/wp\/v2\/compound\/866","targetHints":{"allow":["GET"]}}],"collection":[{"href":"https:\/\/moderaterna.se\/sodermanland\/wp-json\/wp\/v2\/compound"}],"about":[{"href":"https:\/\/moderaterna.se\/sodermanland\/wp-json\/wp\/v2\/types\/compound"}],"wp:attachment":[{"href":"https:\/\/moderaterna.se\/sodermanland\/wp-json\/wp\/v2\/media?parent=866"}],"curies":[{"name":"wp","href":"https:\/\/api.w.org\/{rel}","templated":true}]}}

Strängnäs

<p><strong>Moderaternas partiförening Strängnäs</strong><br>Föreningsordförande för Moderaterna i Strängnäs är Magnus Qvist.</p>



<p>Moderaternas kommunalråd och kommunstyrelseordförande i Strängnäs kommun är Jacob Högfeldt (<a href="mailto:jacob.hogfeldt@strangnas.se">jacob.hogfeldt@strangnas.se</a>).</p>
