{"id":864,"date":"2022-01-12T10:55:34","date_gmt":"2022-01-12T09:55:34","guid":{"rendered":"https:\/\/moderaterna.se\/sodermanland\/?post_type=compound&#038;p=864"},"modified":"2026-08-20T09:43:45","modified_gmt":"2026-08-20T07:43:45","slug":"oxelosund","status":"publish","type":"compound","link":"https:\/\/moderaterna.se\/sodermanland\/foreningar\/oxelosund\/","title":{"rendered":"Oxel\u00f6sund"},"content":{"rendered":"\n<p><strong>Moderaternas partif\u00f6rening Oxel\u00f6sund<\/strong><br>F\u00f6reningsordf\u00f6rande f\u00f6r Moderaterna i Oxel\u00f6sund \u00e4r Cathrine Tholander.<\/p>\n\n\n\n<p>Moderaternas kommunalr\u00e5d och kommunstyrelseordf\u00f6rande i Oxel\u00f6sunds kommun \u00e4r Dag Bergentoft, <a href=\"mailto:dag.bergentoft@oxelosund.se\">dag.bergentoft@oxelosund.se<\/a>, 070-567 66 55<\/p>\n","protected":false},"featured_media":0,"template":"","class_list":["post-864","compound","type-compound","status-publish","hentry"],"acf":[],"_links":{"self":[{"href":"https:\/\/moderaterna.se\/sodermanland\/wp-json\/wp\/v2\/compound\/864","targetHints":{"allow":["GET"]}}],"collection":[{"href":"https:\/\/moderaterna.se\/sodermanland\/wp-json\/wp\/v2\/compound"}],"about":[{"href":"https:\/\/moderaterna.se\/sodermanland\/wp-json\/wp\/v2\/types\/compound"}],"wp:attachment":[{"href":"https:\/\/moderaterna.se\/sodermanland\/wp-json\/wp\/v2\/media?parent=864"}],"curies":[{"name":"wp","href":"https:\/\/api.w.org\/{rel}","templated":true}]}}

Oxelösund

<p><strong>Moderaternas partiförening Oxelösund</strong><br>Föreningsordförande för Moderaterna i Oxelösund är Cathrine Tholander.</p>



<p>Moderaternas kommunalråd och kommunstyrelseordförande i Oxelösunds kommun är Dag Bergentoft, <a href="mailto:dag.bergentoft@oxelosund.se">dag.bergentoft@oxelosund.se</a>, 070-567 66 55</p>
