{"id":863,"date":"2022-01-12T10:51:32","date_gmt":"2022-01-12T09:51:32","guid":{"rendered":"https:\/\/moderaterna.se\/sodermanland\/?post_type=compound&#038;p=863"},"modified":"2026-08-20T09:44:41","modified_gmt":"2026-08-20T07:44:41","slug":"nykoping","status":"publish","type":"compound","link":"https:\/\/moderaterna.se\/sodermanland\/foreningar\/nykoping\/","title":{"rendered":"Nyk\u00f6ping"},"content":{"rendered":"\n<p><strong>Moderaternas partif\u00f6rening Nyk\u00f6ping<\/strong><br>F\u00f6reningsordf\u00f6rande f\u00f6r Moderaterna i Nyk\u00f6ping \u00e4r Tommy Jonsson.<\/p>\n\n\n\n<p>Kommunalr\u00e5d f\u00f6r Moderaterna i Nyk\u00f6ping \u00e4r Ahmad Eid (<a href=\"mailto:ahmad.eid@moderaterna.se\">ahmad.eid@moderaterna.se<\/a>)<\/p>\n","protected":false},"featured_media":0,"template":"","class_list":["post-863","compound","type-compound","status-publish","hentry"],"acf":[],"_links":{"self":[{"href":"https:\/\/moderaterna.se\/sodermanland\/wp-json\/wp\/v2\/compound\/863","targetHints":{"allow":["GET"]}}],"collection":[{"href":"https:\/\/moderaterna.se\/sodermanland\/wp-json\/wp\/v2\/compound"}],"about":[{"href":"https:\/\/moderaterna.se\/sodermanland\/wp-json\/wp\/v2\/types\/compound"}],"wp:attachment":[{"href":"https:\/\/moderaterna.se\/sodermanland\/wp-json\/wp\/v2\/media?parent=863"}],"curies":[{"name":"wp","href":"https:\/\/api.w.org\/{rel}","templated":true}]}}

Nyköping

<p><strong>Moderaternas partiförening Nyköping</strong><br>Föreningsordförande för Moderaterna i Nyköping är Tommy Jonsson.</p>



<p>Kommunalråd för Moderaterna i Nyköping är Ahmad Eid (<a href="mailto:ahmad.eid@moderaterna.se">ahmad.eid@moderaterna.se</a>)</p>
