{"id":862,"date":"2022-01-12T10:50:18","date_gmt":"2022-01-12T09:50:18","guid":{"rendered":"https:\/\/moderaterna.se\/sodermanland\/?post_type=compound&#038;p=862"},"modified":"2025-05-08T13:44:46","modified_gmt":"2025-05-08T11:44:46","slug":"mariefred","status":"publish","type":"compound","link":"https:\/\/moderaterna.se\/sodermanland\/foreningar\/mariefred\/","title":{"rendered":"Mariefred"},"content":{"rendered":"\n<p><strong>Moderaternas partif\u00f6rening Mariefred<\/strong><br>Christoffer Sonesson, ordf\u00f6rande<br>Daniel Petersen, vice ordf\u00f6rande<br>Andreas Tapper<br>Maria Kopsch<br>Kaarina Saviluoto<br>Jan Heini\u00f6<br>Jaya Foucher<br>Linus Fagerstr\u00f6m<\/p>\n\n\n\n<p>Moderaternas kommunalr\u00e5d och kommunstyrelseordf\u00f6rande i Str\u00e4ngn\u00e4s kommun \u00e4r Jacob H\u00f6gfeldt (<a href=\"mailto:jacob.hogfeldt@strangnas.se\">jacob.hogfeldt@strangnas.se<\/a>).<\/p>\n","protected":false},"featured_media":0,"template":"","class_list":["post-862","compound","type-compound","status-publish","hentry"],"acf":[],"_links":{"self":[{"href":"https:\/\/moderaterna.se\/sodermanland\/wp-json\/wp\/v2\/compound\/862","targetHints":{"allow":["GET"]}}],"collection":[{"href":"https:\/\/moderaterna.se\/sodermanland\/wp-json\/wp\/v2\/compound"}],"about":[{"href":"https:\/\/moderaterna.se\/sodermanland\/wp-json\/wp\/v2\/types\/compound"}],"wp:attachment":[{"href":"https:\/\/moderaterna.se\/sodermanland\/wp-json\/wp\/v2\/media?parent=862"}],"curies":[{"name":"wp","href":"https:\/\/api.w.org\/{rel}","templated":true}]}}

<p><strong>Moderaternas partiförening Mariefred</strong><br>Christoffer Sonesson, ordförande<br>Daniel Petersen, vice ordförande<br>Andreas Tapper<br>Maria Kopsch<br>Kaarina Saviluoto<br>Jan Heiniö<br>Jaya Foucher<br>Linus Fagerström</p>



<p>Moderaternas kommunalråd och kommunstyrelseordförande i Strängnäs kommun är Jacob Högfeldt (<a href="mailto:jacob.hogfeldt@strangnas.se">jacob.hogfeldt@strangnas.se</a>).</p>
