{"id":861,"date":"2022-01-12T10:48:36","date_gmt":"2022-01-12T09:48:36","guid":{"rendered":"https:\/\/moderaterna.se\/sodermanland\/?post_type=compound&#038;p=861"},"modified":"2026-08-20T09:54:43","modified_gmt":"2026-08-20T07:54:43","slug":"katrineholm","status":"publish","type":"compound","link":"https:\/\/moderaterna.se\/sodermanland\/foreningar\/katrineholm\/","title":{"rendered":"Katrineholm"},"content":{"rendered":"\n<p><strong>Moderaternas partif\u00f6rening Katrineholm<\/strong><br>F\u00f6reningsordf\u00f6rande f\u00f6r Moderaterna i Katrineholm \u00e4r Robert Zweiniger.<\/p>\n\n\n\n<p>Moderat kommunalr\u00e5d i Katrineholms kommun \u00e4r Christer Sundqvist (christer.sundqvist@katrineholm.se).<\/p>\n","protected":false},"featured_media":0,"template":"","class_list":["post-861","compound","type-compound","status-publish","hentry"],"acf":[],"_links":{"self":[{"href":"https:\/\/moderaterna.se\/sodermanland\/wp-json\/wp\/v2\/compound\/861","targetHints":{"allow":["GET"]}}],"collection":[{"href":"https:\/\/moderaterna.se\/sodermanland\/wp-json\/wp\/v2\/compound"}],"about":[{"href":"https:\/\/moderaterna.se\/sodermanland\/wp-json\/wp\/v2\/types\/compound"}],"wp:attachment":[{"href":"https:\/\/moderaterna.se\/sodermanland\/wp-json\/wp\/v2\/media?parent=861"}],"curies":[{"name":"wp","href":"https:\/\/api.w.org\/{rel}","templated":true}]}}

<p><strong>Moderaternas partiförening Katrineholm</strong><br>Föreningsordförande för Moderaterna i Katrineholm är Robert Zweiniger.</p>



<p>Moderat kommunalråd i Katrineholms kommun är Christer Sundqvist (christer.sundqvist@katrineholm.se).</p>
