{"id":860,"date":"2022-01-12T10:43:48","date_gmt":"2022-01-12T09:43:48","guid":{"rendered":"https:\/\/moderaterna.se\/sodermanland\/?post_type=compound&#038;p=860"},"modified":"2026-08-20T09:48:23","modified_gmt":"2026-08-20T07:48:23","slug":"gnesta","status":"publish","type":"compound","link":"https:\/\/moderaterna.se\/sodermanland\/foreningar\/gnesta\/","title":{"rendered":"Gnesta"},"content":{"rendered":"\n<p><strong>Moderaternas partif\u00f6rening Gnesta<\/strong><br>F\u00f6reningsordf\u00f6rande f\u00f6r Moderaterna i Gnesta \u00e4r Anna Ekstr\u00f6m.<\/p>\n\n\n\n<p>Moderaternas kommunalr\u00e5d i Gnesta kommun \u00e4r Anna Ekstr\u00f6m (<a href=\"mailto:anna.ekstrom@gnesta.se\">anna.ekstrom@gnesta.se<\/a>).<\/p>\n","protected":false},"featured_media":0,"template":"","class_list":["post-860","compound","type-compound","status-publish","hentry"],"acf":[],"_links":{"self":[{"href":"https:\/\/moderaterna.se\/sodermanland\/wp-json\/wp\/v2\/compound\/860","targetHints":{"allow":["GET"]}}],"collection":[{"href":"https:\/\/moderaterna.se\/sodermanland\/wp-json\/wp\/v2\/compound"}],"about":[{"href":"https:\/\/moderaterna.se\/sodermanland\/wp-json\/wp\/v2\/types\/compound"}],"wp:attachment":[{"href":"https:\/\/moderaterna.se\/sodermanland\/wp-json\/wp\/v2\/media?parent=860"}],"curies":[{"name":"wp","href":"https:\/\/api.w.org\/{rel}","templated":true}]}}

<p><strong>Moderaternas partiförening Gnesta</strong><br>Föreningsordförande för Moderaterna i Gnesta är Anna Ekström.</p>



<p>Moderaternas kommunalråd i Gnesta kommun är Anna Ekström (<a href="mailto:anna.ekstrom@gnesta.se">anna.ekstrom@gnesta.se</a>).</p>
