{"id":857,"date":"2022-01-12T10:37:57","date_gmt":"2022-01-12T09:37:57","guid":{"rendered":"https:\/\/moderaterna.se\/sodermanland\/?post_type=compound&#038;p=857"},"modified":"2026-08-20T10:50:57","modified_gmt":"2026-08-20T08:50:57","slug":"eskilstuna-husby-arla","status":"publish","type":"compound","link":"https:\/\/moderaterna.se\/sodermanland\/foreningar\/eskilstuna-husby-arla\/","title":{"rendered":"Eskilstuna"},"content":{"rendered":"\n<p><strong>Styrelse Moderaterna i Eskils<\/strong>tuna<br>F\u00f6reningsordf\u00f6rande f\u00f6r Moderaterna i Eskilstuna \u00e4r Joakim Granberg.<\/p>\n\n\n\n<p>Moderaternas kommunalr\u00e5d i Eskilstuna kommun \u00e4r Filip Rundstr\u00f6m och Peter Utas.<\/p>\n","protected":false},"featured_media":0,"template":"","class_list":["post-857","compound","type-compound","status-publish","hentry"],"acf":[],"_links":{"self":[{"href":"https:\/\/moderaterna.se\/sodermanland\/wp-json\/wp\/v2\/compound\/857","targetHints":{"allow":["GET"]}}],"collection":[{"href":"https:\/\/moderaterna.se\/sodermanland\/wp-json\/wp\/v2\/compound"}],"about":[{"href":"https:\/\/moderaterna.se\/sodermanland\/wp-json\/wp\/v2\/types\/compound"}],"wp:attachment":[{"href":"https:\/\/moderaterna.se\/sodermanland\/wp-json\/wp\/v2\/media?parent=857"}],"curies":[{"name":"wp","href":"https:\/\/api.w.org\/{rel}","templated":true}]}}

<p><strong>Styrelse Moderaterna i Eskils</strong>tuna<br>Föreningsordförande för Moderaterna i Eskilstuna är Joakim Granberg.</p>



<p>Moderaternas kommunalråd i Eskilstuna kommun är Filip Rundström och Peter Utas.</p>
