{"id":855,"date":"2022-01-12T10:36:02","date_gmt":"2022-01-12T09:36:02","guid":{"rendered":"https:\/\/moderaterna.se\/sodermanland\/?post_type=compound&#038;p=855"},"modified":"2026-08-20T09:54:52","modified_gmt":"2026-08-20T07:54:52","slug":"bjorkvik","status":"publish","type":"compound","link":"https:\/\/moderaterna.se\/sodermanland\/foreningar\/bjorkvik\/","title":{"rendered":"Bj\u00f6rkvik"},"content":{"rendered":"\n<p><strong>Styrelse Moderaterna Bj\u00f6rkvik<\/strong><br>F\u00f6reningsordf\u00f6rande f\u00f6r Moderaterna i Bj\u00f6rkvik \u00e4r Kenneth Svahn.<\/p>\n\n\n\n<p>Moderat kommunalr\u00e5d i Katrineholms kommun \u00e4r Christer Sundqvist (christer.sundqvist@katrineholm.se).<\/p>\n","protected":false},"featured_media":0,"template":"","class_list":["post-855","compound","type-compound","status-publish","hentry"],"acf":[],"_links":{"self":[{"href":"https:\/\/moderaterna.se\/sodermanland\/wp-json\/wp\/v2\/compound\/855","targetHints":{"allow":["GET"]}}],"collection":[{"href":"https:\/\/moderaterna.se\/sodermanland\/wp-json\/wp\/v2\/compound"}],"about":[{"href":"https:\/\/moderaterna.se\/sodermanland\/wp-json\/wp\/v2\/types\/compound"}],"wp:attachment":[{"href":"https:\/\/moderaterna.se\/sodermanland\/wp-json\/wp\/v2\/media?parent=855"}],"curies":[{"name":"wp","href":"https:\/\/api.w.org\/{rel}","templated":true}]}}

Björkvik

<p><strong>Styrelse Moderaterna Björkvik</strong><br>Föreningsordförande för Moderaterna i Björkvik är Kenneth Svahn.</p>



<p>Moderat kommunalråd i Katrineholms kommun är Christer Sundqvist (christer.sundqvist@katrineholm.se).</p>
