{"id":1570,"date":"2025-08-18T09:40:56","date_gmt":"2025-08-18T07:40:56","guid":{"rendered":"https:\/\/moderaterna.se\/skane\/?page_id=1570"},"modified":"2025-08-26T14:12:01","modified_gmt":"2025-08-26T12:12:01","slug":"nu-forbattras-kollektivtrafiken-i-skane","status":"publish","type":"page","link":"https:\/\/moderaterna.se\/skane\/nu-forbattras-kollektivtrafiken-i-skane\/","title":{"rendered":"Nu f\u00f6rb\u00e4ttras kollektivtrafiken i Sk\u00e5ne!"},"content":{"rendered":"\n<p>Det ska vara enkelt och smidigt att pendla f\u00f6r att vardagspusslet ska g\u00e5 ihop, oavsett var du bor i Sk\u00e5ne.<\/p>\n\n\n\n<p>D\u00e4rf\u00f6r f\u00f6rb\u00e4ttrar vi nu kollektivtrafiken p\u00e5 flera st\u00e4llen. Det g\u00e4ller b\u00e5de ut\u00f6kade turer men ocks\u00e5 att busslinjer ska takta b\u00e4ttre med t\u00e5gturer. Tidigare under mandatperioden har vi dessutom inf\u00f6rt en seniorrabatt f\u00f6r att s\u00e4nka priset f\u00f6r v\u00e5ra \u00e4ldre och satsat p\u00e5 ett extra billigt sommarkort f\u00f6r alla sk\u00e5ningar.<\/p>\n\n\n\n<p>Med Moderaterna f\u00e5r Sk\u00e5ne en kollektivtrafik f\u00f6r hela v\u00e5r region d\u00e4r vi lyssnar in f\u00f6rslag och tankar fr\u00e5n resen\u00e4rerna. Nedan kan du l\u00e4sa om de senaste f\u00f6rb\u00e4ttringarna:<\/p>\n\n\n\n<p><\/p>\n\n\n\n<p><strong>Syd\u00f6st<\/strong><\/p>\n\n\n\n<p>Linje 338 Sj\u00f6bo-Tomelilla f\u00e5r en ut\u00f6kning med en dubbeltur mitt p\u00e5 dagen, blir varannan timmes trafik ist\u00e4llet f\u00f6r som tidigare d\u00e5 det inte var n\u00e5gon trafik p\u00e5 4 timmar.<\/p>\n\n\n\n<p>Linje 340 Vollsj\u00f6 -Sj\u00f6bo f\u00f6rst\u00e4rks med en dubbeltur.<\/p>\n\n\n\n<p>Linje 571 Simrishamn-Ystad ut\u00f6kas en dubbeltur p\u00e5 fredagkv\u00e4llar.<\/p>\n\n\n\n<p>Linje 577 Simrishamn -Ystad ut\u00f6kas med en dubbeltur fredag och l\u00f6rdag kv\u00e4ll<\/p>\n\n\n\n<p><strong>Sydv\u00e4st<\/strong><\/p>\n\n\n\n<p>Linje 150 Vellinge-Malm\u00f6 Hyllie, ny linje-variant mellan Vellinge \u00c4ngar och Hyllie som inneb\u00e4r att linjen f\u00e5r 10 min trafik i rusningstid.<\/p>\n\n\n\n<p>Linje 165 Svedala -Lund via Kl\u00e5gerup och Staffanstorp ut\u00f6ka med 12 dubbelturer vilket inneb\u00e4r att linjen f\u00e5r 15 min trafik i rusningstid.<\/p>\n\n\n\n<p>Linje 146 och 300 de turer som tidigare endast g\u00e5tt skoldagar k\u00f6r nu \u00e4ven lovdagarna undantag sommaren.<\/p>\n\n\n\n<p><strong>Nordv\u00e4st<\/strong><\/p>\n\n\n\n<p>Sk\u00e5neexpressen 11 H\u00f6gan\u00e4s-Helsingborg, ut\u00f6kas med extra morgontur och halvtimmes trafik fram till klockan 23.00 m\u00e5ndag-l\u00f6rdag.<\/p>\n\n\n\n<p>Line 220 H\u00f6gan\u00e4s-Helsingborg via Viken, ut\u00f6kas med &nbsp;tidig morgontur 05.15 och halvtimmes trafik fram till 23.00 m\u00e5ndag-l\u00f6rdag.<\/p>\n\n\n\n<p>Linje 240 Landskrona-Sval\u00f6v via Asmundtorp, anpassningar i tidtabell f\u00f6r b\u00e4ttre koppling med t\u00e5g .<\/p>\n\n\n\n<p>Linje 243 R\u00f6st\u00e5nga-Sval\u00f6v, b\u00e4ttre tidtabells anpassning till t\u00e5gen i Sval\u00f6v.<\/p>\n\n\n\n<p>Linje 250 Ekeby-Billesholm-Bjuv-Helsingborg, f\u00f6r\u00e4ndring av turerna tidig morgon och fler kv\u00e4llsturer samt tillkommer \u00e4ven nattrafik. Tidtabellen anpassas till t\u00e5gen i Bjuv och Billesholm.<\/p>\n\n\n\n<p><strong>Nord\u00f6st<\/strong><\/p>\n\n\n\n<p>Linje 542 Sibbhult-H\u00e4ssleholm, ut\u00f6kas med en ny dubbeltur hela v\u00e4gen till H\u00e4ssleholm (tidigare enbart Sibbhult-Broby)<\/p>\n\n\n\n<p>Linje 551 \u00c5hus-Kristianstad, ut\u00f6kas med nya turer under rusningstid p\u00e5 eftermiddagen.<\/p>\n\n\n\n<p><\/p>\n","protected":false},"excerpt":{"rendered":"<p>Det ska vara enkelt och smidigt att pendla f\u00f6r att vardagspusslet ska g\u00e5 ihop, oavsett var du bor i Sk\u00e5ne. D\u00e4rf\u00f6r f\u00f6rb\u00e4ttrar vi nu kollektivtrafiken p\u00e5 flera st\u00e4llen. Det g\u00e4ller b\u00e5de ut\u00f6kade turer men ocks\u00e5 att busslinjer ska takta b\u00e4ttre med t\u00e5gturer. Tidigare under mandatperioden har vi dessutom inf\u00f6rt en seniorrabatt f\u00f6r att s\u00e4nka priset [&hellip;]<\/p>\n","protected":false},"author":128,"featured_media":0,"parent":0,"menu_order":0,"comment_status":"closed","ping_status":"closed","template":"","meta":{"_acf_changed":false,"_relevanssi_hide_post":"","_relevanssi_hide_content":"","_relevanssi_pin_for_all":"","_relevanssi_pin_keywords":"","_relevanssi_unpin_keywords":"","_relevanssi_related_keywords":"","_relevanssi_related_include_ids":"","_relevanssi_related_exclude_ids":"","_relevanssi_related_no_append":"","_relevanssi_related_not_related":"","_relevanssi_related_posts":"","_relevanssi_noindex_reason":"","footnotes":""},"subject":[],"class_list":["post-1570","page","type-page","status-publish","hentry"],"acf":[],"publishpress_future_action":{"enabled":false,"date":"2026-04-11 09:26:46","action":"change-status","newStatus":"draft","terms":[],"taxonomy":"subject"},"_links":{"self":[{"href":"https:\/\/moderaterna.se\/skane\/wp-json\/wp\/v2\/pages\/1570","targetHints":{"allow":["GET"]}}],"collection":[{"href":"https:\/\/moderaterna.se\/skane\/wp-json\/wp\/v2\/pages"}],"about":[{"href":"https:\/\/moderaterna.se\/skane\/wp-json\/wp\/v2\/types\/page"}],"author":[{"embeddable":true,"href":"https:\/\/moderaterna.se\/skane\/wp-json\/wp\/v2\/users\/128"}],"replies":[{"embeddable":true,"href":"https:\/\/moderaterna.se\/skane\/wp-json\/wp\/v2\/comments?post=1570"}],"version-history":[{"count":3,"href":"https:\/\/moderaterna.se\/skane\/wp-json\/wp\/v2\/pages\/1570\/revisions"}],"predecessor-version":[{"id":1575,"href":"https:\/\/moderaterna.se\/skane\/wp-json\/wp\/v2\/pages\/1570\/revisions\/1575"}],"wp:attachment":[{"href":"https:\/\/moderaterna.se\/skane\/wp-json\/wp\/v2\/media?parent=1570"}],"wp:term":[{"taxonomy":"subject","embeddable":true,"href":"https:\/\/moderaterna.se\/skane\/wp-json\/wp\/v2\/subject?post=1570"}],"curies":[{"name":"wp","href":"https:\/\/api.w.org\/{rel}","templated":true}]}}