{"id":877,"date":"2022-01-04T13:17:18","date_gmt":"2022-01-04T12:17:18","guid":{"rendered":"https:\/\/moderaterna.se\/ostergotland\/?post_type=politiker&#038;p=877"},"modified":"2022-08-30T09:24:01","modified_gmt":"2022-08-30T07:24:01","slug":"john-weinerhall","status":"publish","type":"politiker","link":"https:\/\/moderaterna.se\/ostergotland\/politiker\/john-weinerhall\/","title":{"rendered":"John E. Weinerhall"},"content":{"rendered":"\n<blockquote class=\"wp-block-quote is-layout-flow wp-block-quote-is-layout-flow\"><p>Hela min politiska \u00f6vertygelse bygger p\u00e5 att det \u00e4r fria m\u00e4nniskor som ska f\u00e5 best\u00e4mma s\u00e5 mycket som m\u00f6jligt \u00f6ver <em>sina egna liv som m\u00f6jligt. Det inneb\u00e4r att politiker och byr\u00e5krater m\u00e5ste ta ett steg tillbaka \u2013 makt m\u00e5ste flyttas fr\u00e5n sammantr\u00e4desborden till k\u00f6ksborden.<\/em><\/p><cite>&#8211; John E. Weinerhall<\/cite><\/blockquote>\n\n\n\n<p><strong>Rent konkret inneb\u00e4r det bland annat:<\/strong><\/p>\n\n\n\n<p>L\u00e4gre skatter och ett enhetligt skattesystem som \u00e4r enkelt och r\u00e4ttvist \u2013 alla ska kunna leva p\u00e5 sin l\u00f6n eller pension n\u00e4r skatten \u00e4r betald.<\/p>\n\n\n\n<p>Fler m\u00e5ste f\u00e5 m\u00f6jlighet att f\u00f6rverkliga sina id\u00e9er genom att starta och driva f\u00f6retag &#8211; hinder s\u00e5som kr\u00e5ngliga regler och h\u00f6ga skatter beh\u00f6ver minska.<\/p>\n\n\n\n<p>Den grova och systemhotande kriminaliteten m\u00e5ste besegras med en f\u00f6rst\u00e4rkning av hela r\u00e4ttsv\u00e4sendet samt med f\u00f6rebyggande \u00e5tg\u00e4rder \u2013 tryggheten ska \u00e5teruppr\u00e4ttas.<\/p>\n\n\n\n<p>Energipolitik m\u00e5ste vara klimatsmart, stabil och f\u00f6rse oss med billig energi f\u00f6r att s\u00e4kra elektrifieringen och n\u00e4ringslivets behov. \u00c4gander\u00e4tten m\u00e5ste v\u00e4rnas och k\u00e4rnkraften byggas ut.<\/p>\n\n\n\n<p>Sjukv\u00e5rden har l\u00e4nge haft behov av stora reformer. Vi beh\u00f6ver ett nytt och samlat sjukv\u00e5rdssystem med st\u00f6rre patientmakt och eget ansvarstagande.<\/p>\n\n\n\n<p>F\u00f6rsvaret av v\u00e5rt land \u00e4r statens mest grundl\u00e4ggande uppgift. F\u00f6rsvarsanslagen ska snabbt upp till 2 % och Sverige ska vara medlem i NATO.<\/p>\n","protected":false},"featured_media":1236,"template":"","role":[20],"secondary-role":[],"class_list":["post-877","politiker","type-politiker","status-publish","has-post-thumbnail","hentry"],"acf":[],"_links":{"self":[{"href":"https:\/\/moderaterna.se\/ostergotland\/wp-json\/wp\/v2\/politiker\/877","targetHints":{"allow":["GET"]}}],"collection":[{"href":"https:\/\/moderaterna.se\/ostergotland\/wp-json\/wp\/v2\/politiker"}],"about":[{"href":"https:\/\/moderaterna.se\/ostergotland\/wp-json\/wp\/v2\/types\/politiker"}],"wp:featuredmedia":[{"embeddable":true,"href":"https:\/\/moderaterna.se\/ostergotland\/wp-json\/wp\/v2\/media\/1236"}],"wp:attachment":[{"href":"https:\/\/moderaterna.se\/ostergotland\/wp-json\/wp\/v2\/media?parent=877"}],"wp:term":[{"taxonomy":"role","embeddable":true,"href":"https:\/\/moderaterna.se\/ostergotland\/wp-json\/wp\/v2\/role?post=877"},{"taxonomy":"secondary-role","embeddable":true,"href":"https:\/\/moderaterna.se\/ostergotland\/wp-json\/wp\/v2\/secondary-role?post=877"}],"curies":[{"name":"wp","href":"https:\/\/api.w.org\/{rel}","templated":true}]}}

<blockquote class="wp-block-quote is-layout-flow wp-block-quote-is-layout-flow"><p>Hela min politiska övertygelse bygger på att det är fria människor som ska få bestämma så mycket som möjligt över <em>sina egna liv som möjligt. Det innebär att politiker och byråkrater måste ta ett steg tillbaka – makt måste flyttas från sammanträdesborden till köksborden.</em></p><cite>&#8211; John E. Weinerhall</cite></blockquote>



<p><strong>Rent konkret innebär det bland annat:</strong></p>



<p>Lägre skatter och ett enhetligt skattesystem som är enkelt och rättvist – alla ska kunna leva på sin lön eller pension när skatten är betald.</p>



<p>Fler måste få möjlighet att förverkliga sina idéer genom att starta och driva företag &#8211; hinder såsom krångliga regler och höga skatter behöver minska.</p>



<p>Den grova och systemhotande kriminaliteten måste besegras med en förstärkning av hela rättsväsendet samt med förebyggande åtgärder – tryggheten ska återupprättas.</p>



<p>Energipolitik måste vara klimatsmart, stabil och förse oss med billig energi för att säkra elektrifieringen och näringslivets behov. Äganderätten måste värnas och kärnkraften byggas ut.</p>



<p>Sjukvården har länge haft behov av stora reformer. Vi behöver ett nytt och samlat sjukvårdssystem med större patientmakt och eget ansvarstagande.</p>



<p>Försvaret av vårt land är statens mest grundläggande uppgift. Försvarsanslagen ska snabbt upp till 2 % och Sverige ska vara medlem i NATO.</p>
