{"id":1270,"date":"2022-02-16T14:56:39","date_gmt":"2022-02-16T13:56:39","guid":{"rendered":"https:\/\/moderaterna.se\/ostergotland\/?post_type=politiker&#038;p=1270"},"modified":"2022-11-04T09:12:06","modified_gmt":"2022-11-04T08:12:06","slug":"susanne-nordstrom","status":"publish","type":"politiker","link":"https:\/\/moderaterna.se\/ostergotland\/politiker\/susanne-nordstrom\/","title":{"rendered":"Susanne Nordstr\u00f6m"},"content":{"rendered":"\n<p>Just nu \u00e4r jag tj\u00e4nstledig fr\u00e5n mitt jobb p\u00e5 riksorganisationen i Stockholm.<\/p>\n\n\n\n<p>Jag har ett f\u00f6rflutet i MUF, d\u00e4r jag s\u00e5 sm\u00e5ningom blev jag anst\u00e4lld som MUF ombudsman, f\u00f6rst i&nbsp;Skaraborgs l\u00e4n och sen i \u00d6sterg\u00f6tland.<\/p>\n\n\n\n<p>Innan jag b\u00f6rjade jobba f\u00f6r Moderaterna igen, som politisk sekreterare 2004, och sen som partiombudsman 2006,&nbsp;har jag bland annat varit egen f\u00f6retagare, jobbat med utbildningar och \u00e4ven provat p\u00e5 f\u00f6rs\u00e4ljningsyrket.<\/p>\n\n\n\n<p><strong>Kommun:<\/strong> Link\u00f6ping<\/p>\n\n\n\n<p><strong>Yrke:<\/strong> Partiombudsman<\/p>\n\n\n\n<p><strong>Nuvarande uppdrag<\/strong>:<\/p>\n\n\n\n<p>N\u00e4mndeman i tingsr\u00e4tten<\/p>\n\n\n\n<p><strong>Tidigare uppdrag:<\/strong><\/p>\n\n\n\n<p>Ledamot i styrelsens f\u00f6r \u00d6stg\u00f6tateatern<\/p>\n\n\n\n<p>Ledamot i styrelsen f\u00f6r Vadstena-Akademien<\/p>\n","protected":false},"featured_media":1273,"template":"","role":[20],"secondary-role":[],"class_list":["post-1270","politiker","type-politiker","status-publish","has-post-thumbnail","hentry"],"acf":[],"_links":{"self":[{"href":"https:\/\/moderaterna.se\/ostergotland\/wp-json\/wp\/v2\/politiker\/1270","targetHints":{"allow":["GET"]}}],"collection":[{"href":"https:\/\/moderaterna.se\/ostergotland\/wp-json\/wp\/v2\/politiker"}],"about":[{"href":"https:\/\/moderaterna.se\/ostergotland\/wp-json\/wp\/v2\/types\/politiker"}],"wp:featuredmedia":[{"embeddable":true,"href":"https:\/\/moderaterna.se\/ostergotland\/wp-json\/wp\/v2\/media\/1273"}],"wp:attachment":[{"href":"https:\/\/moderaterna.se\/ostergotland\/wp-json\/wp\/v2\/media?parent=1270"}],"wp:term":[{"taxonomy":"role","embeddable":true,"href":"https:\/\/moderaterna.se\/ostergotland\/wp-json\/wp\/v2\/role?post=1270"},{"taxonomy":"secondary-role","embeddable":true,"href":"https:\/\/moderaterna.se\/ostergotland\/wp-json\/wp\/v2\/secondary-role?post=1270"}],"curies":[{"name":"wp","href":"https:\/\/api.w.org\/{rel}","templated":true}]}}

Susanne Nordström

<p>Just nu är jag tjänstledig från mitt jobb på riksorganisationen i Stockholm.</p>



<p>Jag har ett förflutet i MUF, där jag så småningom blev jag anställd som MUF ombudsman, först i&nbsp;Skaraborgs län och sen i Östergötland.</p>



<p>Innan jag började jobba för Moderaterna igen, som politisk sekreterare 2004, och sen som partiombudsman 2006,&nbsp;har jag bland annat varit egen företagare, jobbat med utbildningar och även provat på försäljningsyrket.</p>



<p><strong>Kommun:</strong> Linköping</p>



<p><strong>Yrke:</strong> Partiombudsman</p>



<p><strong>Nuvarande uppdrag</strong>:</p>



<p>Nämndeman i tingsrätten</p>



<p><strong>Tidigare uppdrag:</strong></p>



<p>Ledamot i styrelsens för Östgötateatern</p>



<p>Ledamot i styrelsen för Vadstena-Akademien</p>
