{"id":635,"date":"2021-12-08T09:54:05","date_gmt":"2021-12-08T08:54:05","guid":{"rendered":"https:\/\/moderaterna.se\/ostergotland\/?page_id=635"},"modified":"2022-01-19T19:44:36","modified_gmt":"2022-01-19T18:44:36","slug":"foreningar","status":"publish","type":"page","link":"https:\/\/moderaterna.se\/ostergotland\/foreningar\/","title":{"rendered":"F\u00f6reningar"},"content":{"rendered":"<div id=\"listing-block_61bf11c1b1771\" class=\"listing custom-block custom-block__full theme__background--blue\">\n    <div class=\"listing__content\">\n                    <h2 class=\"listing__content--title theme__color--dark-blue\">Moderata partif\u00f6reningar i \u00d6sterg\u00f6tland<\/h2>\n                            <div class=\"listing__content--description theme__color--dark-blue\"><p>H\u00e4r listas de lokala partif\u00f6reningar (och kretsar om s\u00e5dana finns) i regionen.<\/p>\n<\/div>\n                <div class=\"listing__content--list\">\n                                <ul class=\"listing__content--list__standard\">\n                                                    <li>\n                                <a class=\"p--purple\" href=\"https:\/\/moderaterna.se\/ostergotland\/foreningar\/boxholm\/\">Boxholm<\/a>\n                            <\/li>\n                                                    <li>\n                                <a class=\"p--purple\" href=\"https:\/\/moderaterna.se\/ostergotland\/foreningar\/finspang\/\">Finsp\u00e5ng<\/a>\n                            <\/li>\n                                                    <li>\n                                <a class=\"p--purple\" href=\"https:\/\/moderaterna.se\/ostergotland\/foreningar\/kinda\/\">Kinda<\/a>\n                            <\/li>\n                                                    <li>\n                                <a class=\"p--purple\" href=\"https:\/\/moderaterna.se\/ostergotland\/foreningar\/linkoping-valkebo\/\">Link\u00f6ping \u2013 Link\u00f6ping Norra<\/a>\n                            <\/li>\n                                                    <li>\n                                <a class=\"p--purple\" href=\"https:\/\/moderaterna.se\/ostergotland\/foreningar\/linkoping-berga-johannelund\/\">Link\u00f6ping \u2013 Link\u00f6ping S\u00f6dra<\/a>\n                            <\/li>\n                                                    <li>\n                                <a class=\"p--purple\" href=\"https:\/\/moderaterna.se\/ostergotland\/foreningar\/linkoping-landeryd\/\">Link\u00f6ping \u2013 Link\u00f6ping \u00d6stra<\/a>\n                            <\/li>\n                                                    <li>\n                                <a class=\"p--purple\" href=\"https:\/\/moderaterna.se\/ostergotland\/foreningar\/linkopings-krets\/\">Link\u00f6pings krets<\/a>\n                            <\/li>\n                                                    <li>\n                                <a class=\"p--purple\" href=\"https:\/\/moderaterna.se\/ostergotland\/foreningar\/mjolby\/\">Mj\u00f6lby<\/a>\n                            <\/li>\n                                                    <li>\n                                <a class=\"p--purple\" href=\"https:\/\/moderaterna.se\/ostergotland\/foreningar\/mss-moderata-seniorer-ostergotland\/\">Moderata Seniorer \u00d6sterg\u00f6tland<\/a>\n                            <\/li>\n                                                    <li>\n                                <a class=\"p--purple\" href=\"https:\/\/moderaterna.se\/ostergotland\/foreningar\/moderatkvinnorna-ostergotland\/\">Moderatkvinnorna \u00d6sterg\u00f6tland<\/a>\n                            <\/li>\n                                                    <li>\n                                <a class=\"p--purple\" href=\"https:\/\/moderaterna.se\/ostergotland\/foreningar\/motala\/\">Motala-Borensberg<\/a>\n                            <\/li>\n                                                    <li>\n                                <a class=\"p--purple\" href=\"https:\/\/moderaterna.se\/ostergotland\/foreningar\/muf-ostergotland\/\">MUF \u00d6sterg\u00f6tland<\/a>\n                            <\/li>\n                                                    <li>\n                                <a class=\"p--purple\" href=\"https:\/\/moderaterna.se\/ostergotland\/foreningar\/norrkoping-borg\/\">Norrk\u00f6ping \u2013 Borg<\/a>\n                            <\/li>\n                                                    <li>\n                                <a class=\"p--purple\" href=\"https:\/\/moderaterna.se\/ostergotland\/foreningar\/norrkoping-eneby-svartinge\/\">Norrk\u00f6ping \u2013 Eneby-Sv\u00e4rtinge<\/a>\n                            <\/li>\n                                                    <li>\n                                <a class=\"p--purple\" href=\"https:\/\/moderaterna.se\/ostergotland\/foreningar\/norrkoping-lindo\/\">Norrk\u00f6ping \u2013 Lind\u00f6<\/a>\n                            <\/li>\n                                                    <li>\n                                <a class=\"p--purple\" href=\"https:\/\/moderaterna.se\/ostergotland\/foreningar\/norrkoping-stadsforeningen\/\">Norrk\u00f6ping \u2013 Stadsf\u00f6reningen<\/a>\n                            <\/li>\n                                                    <li>\n                                <a class=\"p--purple\" href=\"https:\/\/moderaterna.se\/ostergotland\/foreningar\/norrkoping-vikbolandet\/\">Norrk\u00f6ping \u2013 Vikbolandet<\/a>\n                            <\/li>\n                                                    <li>\n                                <a class=\"p--purple\" href=\"https:\/\/moderaterna.se\/ostergotland\/foreningar\/norrkoping-aby-kolmarden\/\">Norrk\u00f6ping \u2013 \u00c5by-Kolm\u00e5rden<\/a>\n                            <\/li>\n                                                    <li>\n                                <a class=\"p--purple\" href=\"https:\/\/moderaterna.se\/ostergotland\/foreningar\/norrkopings-krets\/\">Norrk\u00f6pings krets<\/a>\n                            <\/li>\n                                                    <li>\n                                <a class=\"p--purple\" href=\"https:\/\/moderaterna.se\/ostergotland\/foreningar\/soderkoping\/\">S\u00f6derk\u00f6ping<\/a>\n                            <\/li>\n                                                    <li>\n                                <a class=\"p--purple\" href=\"https:\/\/moderaterna.se\/ostergotland\/foreningar\/vadstena\/\">Vadstena<\/a>\n                            <\/li>\n                                                    <li>\n                                <a class=\"p--purple\" href=\"https:\/\/moderaterna.se\/ostergotland\/foreningar\/valdemarsvik\/\">Valdemarsvik<\/a>\n                            <\/li>\n                                                    <li>\n                                <a class=\"p--purple\" href=\"https:\/\/moderaterna.se\/ostergotland\/foreningar\/ydre\/\">Ydre<\/a>\n                            <\/li>\n                                                    <li>\n                                <a class=\"p--purple\" href=\"https:\/\/moderaterna.se\/ostergotland\/foreningar\/atvidaberg\/\">\u00c5tvidaberg<\/a>\n                            <\/li>\n                                                    <li>\n                                <a class=\"p--purple\" href=\"https:\/\/moderaterna.se\/ostergotland\/foreningar\/odeshog\/\">\u00d6desh\u00f6g<\/a>\n                            <\/li>\n                                            <\/ul>\n                        <\/div>\n    <\/div>\n<\/div>\n","protected":false},"excerpt":{"rendered":"","protected":false},"author":9,"featured_media":0,"parent":0,"menu_order":3,"comment_status":"closed","ping_status":"closed","template":"","meta":{"_acf_changed":false,"_relevanssi_hide_post":"","_relevanssi_hide_content":"","_relevanssi_pin_for_all":"","_relevanssi_pin_keywords":"","_relevanssi_unpin_keywords":"","_relevanssi_related_keywords":"","_relevanssi_related_include_ids":"","_relevanssi_related_exclude_ids":"","_relevanssi_related_no_append":"","_relevanssi_related_not_related":"","_relevanssi_related_posts":"526","_relevanssi_noindex_reason":"","footnotes":""},"subject":[],"class_list":["post-635","page","type-page","status-publish","hentry"],"acf":[],"publishpress_future_action":{"enabled":false,"date":"2026-04-12 20:35:26","action":"change-status","newStatus":"draft","terms":[],"taxonomy":"subject"},"_links":{"self":[{"href":"https:\/\/moderaterna.se\/ostergotland\/wp-json\/wp\/v2\/pages\/635","targetHints":{"allow":["GET"]}}],"collection":[{"href":"https:\/\/moderaterna.se\/ostergotland\/wp-json\/wp\/v2\/pages"}],"about":[{"href":"https:\/\/moderaterna.se\/ostergotland\/wp-json\/wp\/v2\/types\/page"}],"author":[{"embeddable":true,"href":"https:\/\/moderaterna.se\/ostergotland\/wp-json\/wp\/v2\/users\/9"}],"replies":[{"embeddable":true,"href":"https:\/\/moderaterna.se\/ostergotland\/wp-json\/wp\/v2\/comments?post=635"}],"version-history":[{"count":11,"href":"https:\/\/moderaterna.se\/ostergotland\/wp-json\/wp\/v2\/pages\/635\/revisions"}],"predecessor-version":[{"id":1019,"href":"https:\/\/moderaterna.se\/ostergotland\/wp-json\/wp\/v2\/pages\/635\/revisions\/1019"}],"wp:attachment":[{"href":"https:\/\/moderaterna.se\/ostergotland\/wp-json\/wp\/v2\/media?parent=635"}],"wp:term":[{"taxonomy":"subject","embeddable":true,"href":"https:\/\/moderaterna.se\/ostergotland\/wp-json\/wp\/v2\/subject?post=635"}],"curies":[{"name":"wp","href":"https:\/\/api.w.org\/{rel}","templated":true}]}}