{"id":1309,"date":"2022-03-02T16:04:13","date_gmt":"2022-03-02T15:04:13","guid":{"rendered":"https:\/\/moderaterna.se\/ostergotland\/?page_id=1309"},"modified":"2022-10-07T16:29:42","modified_gmt":"2022-10-07T14:29:42","slug":"vara-regionpolitiker","status":"publish","type":"page","link":"https:\/\/moderaterna.se\/ostergotland\/region-ostergotland\/vara-regionpolitiker\/","title":{"rendered":"V\u00e5ra Regionpolitiker"},"content":{"rendered":"\n<figure class=\"wp-block-gallery columns-0 is-cropped wp-block-gallery-1 is-layout-flex wp-block-gallery-is-layout-flex\"><ul class=\"blocks-gallery-grid\"><\/ul><\/figure>\n\n\n\n<p><strong>Moderata regiongruppen 2022-2026 &nbsp;<\/strong><\/p>\n\n\n\n<p>22 mandat<br>F\u00f6rste ers\u00e4ttare \u00e4r markerad med *<\/p>\n\n\n\n<p><strong><u>Link\u00f6ping: 8 mandat<\/u><\/strong><\/p>\n\n\n\n<p>1. Fredrik Sj\u00f6strand<\/p>\n\n\n\n<p>2. Matilda Ekeblad<\/p>\n\n\n\n<p>3. Maria Almes\u00e5ker<\/p>\n\n\n\n<p>4. Ralf Holm\u00e9r<\/p>\n\n\n\n<p>5. Oscar Str\u00f6mblad<\/p>\n\n\n\n<p>6. Jacob Cernvall<\/p>\n\n\n\n<p>7. Tommy \u00c4hlstr\u00f6m<\/p>\n\n\n\n<p>8. Suada Tolic&nbsp;&nbsp;&nbsp;&nbsp;&nbsp;<\/p>\n\n\n\n<p>*9. Andrea Bernicu<\/p>\n\n\n\n<p><em>\u00d6vr. ers: Helena Persdotter, Per-Arne Fall, Niclas Bladf\u00e4lt,<\/em><\/p>\n\n\n\n<p><em>William Jonsson, Sandra Sannemo B\u00e5rman<\/em><\/p>\n\n\n\n<p><strong><u>Norrk\u00f6ping: 7 mandat<\/u><\/strong><\/p>\n\n\n\n<p>1. Marie Morell<\/p>\n\n\n\n<p>2. Per Jameson<\/p>\n\n\n\n<p>3. Emil Steen<\/p>\n\n\n\n<p>4. Eva Hermansson&nbsp;&nbsp;<\/p>\n\n\n\n<p>5. Jan Owe-Larsson&nbsp;<\/p>\n\n\n\n<p>6. J\u00f6rgen Rundgren<\/p>\n\n\n\n<p>7. Mia Landell<\/p>\n\n\n\n<p>*8. Lars Ahlm<\/p>\n\n\n\n<p><em>\u00d6vr. ers: Johan Rutfors, Lars Nilsson, P\u00e4ivi Johansson, Anders Boqvist, Charlize Ertas<\/em><\/p>\n\n\n\n<p><strong><u>Motala, Finsp\u00e5ng: 3 mandat<\/u><\/strong><\/p>\n\n\n\n<p>1. Tobias Eriksson<\/p>\n\n\n\n<p>2. Bert Egnell<\/p>\n\n\n\n<p>3. Helen Albrektsson&nbsp;&nbsp;&nbsp;&nbsp;&nbsp;&nbsp;&nbsp;&nbsp;&nbsp;<\/p>\n\n\n\n<p>*4. Daniel Flodin<\/p>\n\n\n\n<p><em>\u00d6vr. ers: Ritha Andersson, Agneta Larsson, Roger Markstr\u00f6m<\/em><\/p>\n\n\n\n<p><strong><u>Kinda, \u00c5tvid, Valdemarsvik, S\u00f6derk\u00f6ping: 2 mandat<\/u><\/strong><\/p>\n\n\n\n<p>1. Anna Nilsson<\/p>\n\n\n\n<p>2. Anwar Samuelsson<\/p>\n\n\n\n<p>* Katharina Segerst\u00e9en<\/p>\n\n\n\n<p><em>\u00d6vr. ers: Tommy Aarna, Eva Cox, Mikael W\u00e5rhem<\/em><em><\/em><\/p>\n\n\n\n<p><strong><u>\u00d6desh\u00f6g, Ydre, Boxholm, Mj\u00f6lby, Vadstena: 2 mandat<\/u><\/strong><\/p>\n\n\n\n<p>1. Annette Olsson<\/p>\n\n\n\n<p>2. Viola Ingvarsson<\/p>\n\n\n\n<p>*3. Jan Sundstr\u00f6m<\/p>\n\n\n\n<p><em>\u00d6vr. ers: Ester Huss, Per Ove Samuelsson, \u00c5ke Karlsson<\/em><\/p>\n\n\n\n<p><\/p>\n","protected":false},"excerpt":{"rendered":"<p>Moderata regiongruppen 2022-2026 &nbsp; 22 mandatF\u00f6rste ers\u00e4ttare \u00e4r markerad med * Link\u00f6ping: 8 mandat 1. Fredrik Sj\u00f6strand 2. Matilda Ekeblad 3. Maria Almes\u00e5ker 4. Ralf Holm\u00e9r 5. Oscar Str\u00f6mblad 6. Jacob Cernvall 7. Tommy \u00c4hlstr\u00f6m 8. Suada Tolic&nbsp;&nbsp;&nbsp;&nbsp;&nbsp; *9. Andrea Bernicu \u00d6vr. ers: Helena Persdotter, Per-Arne Fall, Niclas Bladf\u00e4lt, William Jonsson, Sandra Sannemo B\u00e5rman Norrk\u00f6ping: [&hellip;]<\/p>\n","protected":false},"author":68,"featured_media":0,"parent":912,"menu_order":1,"comment_status":"closed","ping_status":"closed","template":"","meta":{"_acf_changed":false,"_relevanssi_hide_post":"","_relevanssi_hide_content":"","_relevanssi_pin_for_all":"","_relevanssi_pin_keywords":"","_relevanssi_unpin_keywords":"","_relevanssi_related_keywords":"","_relevanssi_related_include_ids":"","_relevanssi_related_exclude_ids":"","_relevanssi_related_no_append":"","_relevanssi_related_not_related":"","_relevanssi_related_posts":"","_relevanssi_noindex_reason":"","footnotes":""},"subject":[],"class_list":["post-1309","page","type-page","status-publish","hentry"],"acf":[],"publishpress_future_action":{"enabled":false,"date":"2026-05-06 18:46:07","action":"change-status","newStatus":"draft","terms":[],"taxonomy":"subject"},"_links":{"self":[{"href":"https:\/\/moderaterna.se\/ostergotland\/wp-json\/wp\/v2\/pages\/1309","targetHints":{"allow":["GET"]}}],"collection":[{"href":"https:\/\/moderaterna.se\/ostergotland\/wp-json\/wp\/v2\/pages"}],"about":[{"href":"https:\/\/moderaterna.se\/ostergotland\/wp-json\/wp\/v2\/types\/page"}],"author":[{"embeddable":true,"href":"https:\/\/moderaterna.se\/ostergotland\/wp-json\/wp\/v2\/users\/68"}],"replies":[{"embeddable":true,"href":"https:\/\/moderaterna.se\/ostergotland\/wp-json\/wp\/v2\/comments?post=1309"}],"version-history":[{"count":9,"href":"https:\/\/moderaterna.se\/ostergotland\/wp-json\/wp\/v2\/pages\/1309\/revisions"}],"predecessor-version":[{"id":1699,"href":"https:\/\/moderaterna.se\/ostergotland\/wp-json\/wp\/v2\/pages\/1309\/revisions\/1699"}],"up":[{"embeddable":true,"href":"https:\/\/moderaterna.se\/ostergotland\/wp-json\/wp\/v2\/pages\/912"}],"wp:attachment":[{"href":"https:\/\/moderaterna.se\/ostergotland\/wp-json\/wp\/v2\/media?parent=1309"}],"wp:term":[{"taxonomy":"subject","embeddable":true,"href":"https:\/\/moderaterna.se\/ostergotland\/wp-json\/wp\/v2\/subject?post=1309"}],"curies":[{"name":"wp","href":"https:\/\/api.w.org\/{rel}","templated":true}]}}

Våra Regionpolitiker

<figure class="wp-block-gallery columns-0 is-cropped wp-block-gallery-1 is-layout-flex wp-block-gallery-is-layout-flex"><ul class="blocks-gallery-grid"></ul></figure>



<p><strong>Moderata regiongruppen 2022-2026 &nbsp;</strong></p>



<p>22 mandat<br>Förste ersättare är markerad med *</p>



<p><strong><u>Linköping: 8 mandat</u></strong></p>



<p>1. Fredrik Sjöstrand</p>



<p>2. Matilda Ekeblad</p>



<p>3. Maria Almesåker</p>



<p>4. Ralf Holmér</p>



<p>5. Oscar Strömblad</p>



<p>6. Jacob Cernvall</p>



<p>7. Tommy Ählström</p>



<p>8. Suada Tolic&nbsp;&nbsp;&nbsp;&nbsp;&nbsp;</p>



<p>*9. Andrea Bernicu</p>



<p><em>Övr. ers: Helena Persdotter, Per-Arne Fall, Niclas Bladfält,</em></p>



<p><em>William Jonsson, Sandra Sannemo Bårman</em></p>



<p><strong><u>Norrköping: 7 mandat</u></strong></p>



<p>1. Marie Morell</p>



<p>2. Per Jameson</p>



<p>3. Emil Steen</p>



<p>4. Eva Hermansson&nbsp;&nbsp;</p>



<p>5. Jan Owe-Larsson&nbsp;</p>



<p>6. Jörgen Rundgren</p>



<p>7. Mia Landell</p>



<p>*8. Lars Ahlm</p>



<p><em>Övr. ers: Johan Rutfors, Lars Nilsson, Päivi Johansson, Anders Boqvist, Charlize Ertas</em></p>



<p><strong><u>Motala, Finspång: 3 mandat</u></strong></p>



<p>1. Tobias Eriksson</p>



<p>2. Bert Egnell</p>



<p>3. Helen Albrektsson&nbsp;&nbsp;&nbsp;&nbsp;&nbsp;&nbsp;&nbsp;&nbsp;&nbsp;</p>



<p>*4. Daniel Flodin</p>



<p><em>Övr. ers: Ritha Andersson, Agneta Larsson, Roger Markström</em></p>



<p><strong><u>Kinda, Åtvid, Valdemarsvik, Söderköping: 2 mandat</u></strong></p>



<p>1. Anna Nilsson</p>



<p>2. Anwar Samuelsson</p>



<p>* Katharina Segerstéen</p>



<p><em>Övr. ers: Tommy Aarna, Eva Cox, Mikael Wårhem</em><em></em></p>



<p><strong><u>Ödeshög, Ydre, Boxholm, Mjölby, Vadstena: 2 mandat</u></strong></p>



<p>1. Annette Olsson</p>



<p>2. Viola Ingvarsson</p>



<p>*3. Jan Sundström</p>



<p><em>Övr. ers: Ester Huss, Per Ove Samuelsson, Åke Karlsson</em></p>



<p></p>

<p>Moderata regiongruppen 2022-2026 &nbsp; 22 mandatFörste ersättare är markerad med * Linköping: 8 mandat 1. Fredrik Sjöstrand 2. Matilda Ekeblad 3. Maria Almesåker 4. Ralf Holmér 5. Oscar Strömblad 6. Jacob Cernvall 7. Tommy Ählström 8. Suada Tolic&nbsp;&nbsp;&nbsp;&nbsp;&nbsp; *9. Andrea Bernicu Övr. ers: Helena Persdotter, Per-Arne Fall, Niclas Bladfält, William Jonsson, Sandra Sannemo Bårman Norrköping: [&hellip;]</p>
