{"id":635,"date":"2021-12-08T09:54:05","date_gmt":"2021-12-08T08:54:05","guid":{"rendered":"https:\/\/moderaterna.se\/orebro\/?page_id=635"},"modified":"2022-01-16T17:36:04","modified_gmt":"2022-01-16T16:36:04","slug":"foreningar","status":"publish","type":"page","link":"https:\/\/moderaterna.se\/orebro\/foreningar\/","title":{"rendered":"F\u00f6reningar"},"content":{"rendered":"<div id=\"listing-block_61bf11c1b1771\" class=\"listing custom-block custom-block__full theme__background--white\">\n    <div class=\"listing__content\">\n                    <h2 class=\"listing__content--title theme__color--black\">Moderata partif\u00f6reningar i \u00d6rebro l\u00e4n<\/h2>\n                            <div class=\"listing__content--description theme__color--black\"><p>H\u00e4r listas de lokala partif\u00f6reningar (och kretsar om s\u00e5dana finns) i regionen.<\/p>\n<\/div>\n                <div class=\"listing__content--list\">\n                                <ul class=\"listing__content--list__standard\">\n                                                    <li>\n                                <a class=\"p--purple\" href=\"https:\/\/moderaterna.se\/orebro\/foreningar\/askersund\/\">Askersund<\/a>\n                            <\/li>\n                                                    <li>\n                                <a class=\"p--purple\" href=\"https:\/\/moderaterna.se\/orebro\/foreningar\/degerfors\/\">Degerfors<\/a>\n                            <\/li>\n                                                    <li>\n                                <a class=\"p--purple\" href=\"https:\/\/moderaterna.se\/orebro\/foreningar\/hallsberg\/\">Hallsberg<\/a>\n                            <\/li>\n                                                    <li>\n                                <a class=\"p--purple\" href=\"https:\/\/moderaterna.se\/orebro\/foreningar\/hallefors-grythyttan\/\">H\u00e4llefors-Grythyttan<\/a>\n                            <\/li>\n                                                    <li>\n                                <a class=\"p--purple\" href=\"https:\/\/moderaterna.se\/orebro\/foreningar\/karlskoga\/\">Karlskoga<\/a>\n                            <\/li>\n                                                    <li>\n                                <a class=\"p--purple\" href=\"https:\/\/moderaterna.se\/orebro\/foreningar\/kumla\/\">Kumla<\/a>\n                            <\/li>\n                                                    <li>\n                                <a class=\"p--purple\" href=\"https:\/\/moderaterna.se\/orebro\/foreningar\/laxa\/\">Lax\u00e5<\/a>\n                            <\/li>\n                                                    <li>\n                                <a class=\"p--purple\" href=\"https:\/\/moderaterna.se\/orebro\/foreningar\/lekeberg\/\">Lekeberg<\/a>\n                            <\/li>\n                                                    <li>\n                                <a class=\"p--purple\" href=\"https:\/\/moderaterna.se\/orebro\/foreningar\/lindesberg\/\">Lindesberg<\/a>\n                            <\/li>\n                                                    <li>\n                                <a class=\"p--purple\" href=\"https:\/\/moderaterna.se\/orebro\/foreningar\/ljusnarsberg\/\">Ljusnarsberg<\/a>\n                            <\/li>\n                                                    <li>\n                                <a class=\"p--purple\" href=\"https:\/\/moderaterna.se\/orebro\/foreningar\/moderata-seniorer\/\">Moderata seniorer<\/a>\n                            <\/li>\n                                                    <li>\n                                <a class=\"p--purple\" href=\"https:\/\/moderaterna.se\/orebro\/foreningar\/moderata-studenter-orebro\/\">Moderata studenter \u00d6rebro<\/a>\n                            <\/li>\n                                                    <li>\n                                <a class=\"p--purple\" href=\"https:\/\/moderaterna.se\/orebro\/foreningar\/moderatkvinnorna-orebro\/\">Moderatkvinnorna \u00d6rebro<\/a>\n                            <\/li>\n                                                    <li>\n                                <a class=\"p--purple\" href=\"https:\/\/moderaterna.se\/orebro\/foreningar\/muf-orebro-lan\/\">MUF \u00d6rebro l\u00e4n<\/a>\n                            <\/li>\n                                                    <li>\n                                <a class=\"p--purple\" href=\"https:\/\/moderaterna.se\/orebro\/foreningar\/nora\/\">Nora<\/a>\n                            <\/li>\n                                                    <li>\n                                <a class=\"p--purple\" href=\"https:\/\/moderaterna.se\/orebro\/foreningar\/oppna-moderater\/\">\u00d6ppna Moderater<\/a>\n                            <\/li>\n                                                    <li>\n                                <a class=\"p--purple\" href=\"https:\/\/moderaterna.se\/orebro\/foreningar\/orebro-mitt\/\">\u00d6rebro mitt<\/a>\n                            <\/li>\n                                                    <li>\n                                <a class=\"p--purple\" href=\"https:\/\/moderaterna.se\/orebro\/foreningar\/orebrokretsen\/\">\u00d6rebrokretsen<\/a>\n                            <\/li>\n                                                    <li>\n                                <a class=\"p--purple\" href=\"https:\/\/moderaterna.se\/orebro\/foreningar\/osternarke\/\">\u00d6stern\u00e4rke<\/a>\n                            <\/li>\n                                            <\/ul>\n                        <\/div>\n    <\/div>\n<\/div>\n","protected":false},"excerpt":{"rendered":"","protected":false},"author":9,"featured_media":0,"parent":0,"menu_order":0,"comment_status":"closed","ping_status":"closed","template":"","meta":{"_acf_changed":false,"_relevanssi_hide_post":"","_relevanssi_hide_content":"","_relevanssi_pin_for_all":"","_relevanssi_pin_keywords":"","_relevanssi_unpin_keywords":"","_relevanssi_related_keywords":"","_relevanssi_related_include_ids":"","_relevanssi_related_exclude_ids":"","_relevanssi_related_no_append":"","_relevanssi_related_not_related":"","_relevanssi_related_posts":"526","_relevanssi_noindex_reason":"","footnotes":""},"subject":[],"class_list":["post-635","page","type-page","status-publish","hentry"],"acf":[],"publishpress_future_action":{"enabled":false,"date":"2026-05-05 18:33:19","action":"change-status","newStatus":"draft","terms":[],"taxonomy":"subject"},"_links":{"self":[{"href":"https:\/\/moderaterna.se\/orebro\/wp-json\/wp\/v2\/pages\/635","targetHints":{"allow":["GET"]}}],"collection":[{"href":"https:\/\/moderaterna.se\/orebro\/wp-json\/wp\/v2\/pages"}],"about":[{"href":"https:\/\/moderaterna.se\/orebro\/wp-json\/wp\/v2\/types\/page"}],"author":[{"embeddable":true,"href":"https:\/\/moderaterna.se\/orebro\/wp-json\/wp\/v2\/users\/9"}],"replies":[{"embeddable":true,"href":"https:\/\/moderaterna.se\/orebro\/wp-json\/wp\/v2\/comments?post=635"}],"version-history":[{"count":13,"href":"https:\/\/moderaterna.se\/orebro\/wp-json\/wp\/v2\/pages\/635\/revisions"}],"predecessor-version":[{"id":1088,"href":"https:\/\/moderaterna.se\/orebro\/wp-json\/wp\/v2\/pages\/635\/revisions\/1088"}],"wp:attachment":[{"href":"https:\/\/moderaterna.se\/orebro\/wp-json\/wp\/v2\/media?parent=635"}],"wp:term":[{"taxonomy":"subject","embeddable":true,"href":"https:\/\/moderaterna.se\/orebro\/wp-json\/wp\/v2\/subject?post=635"}],"curies":[{"name":"wp","href":"https:\/\/api.w.org\/{rel}","templated":true}]}}

Föreningar

<div id="listing-block_61bf11c1b1771" class="listing custom-block custom-block__full theme__background--white">
    <div class="listing__content">
                    <h2 class="listing__content--title theme__color--black">Moderata partiföreningar i Örebro län</h2>
                            <div class="listing__content--description theme__color--black"><p>Här listas de lokala partiföreningar (och kretsar om sådana finns) i regionen.</p>
</div>
                <div class="listing__content--list">
                                <ul class="listing__content--list__standard">
                                                    <li>
                                <a class="p--purple" href="https://moderaterna.se/orebro/foreningar/askersund/">Askersund</a>
                            </li>
                                                    <li>
                                <a class="p--purple" href="https://moderaterna.se/orebro/foreningar/degerfors/">Degerfors</a>
                            </li>
                                                    <li>
                                <a class="p--purple" href="https://moderaterna.se/orebro/foreningar/hallsberg/">Hallsberg</a>
                            </li>
                                                    <li>
                                <a class="p--purple" href="https://moderaterna.se/orebro/foreningar/hallefors-grythyttan/">Hällefors-Grythyttan</a>
                            </li>
                                                    <li>
                                <a class="p--purple" href="https://moderaterna.se/orebro/foreningar/karlskoga/">Karlskoga</a>
                            </li>
                                                    <li>
                                <a class="p--purple" href="https://moderaterna.se/orebro/foreningar/kumla/">Kumla</a>
                            </li>
                                                    <li>
                                <a class="p--purple" href="https://moderaterna.se/orebro/foreningar/laxa/">Laxå</a>
                            </li>
                                                    <li>
                                <a class="p--purple" href="https://moderaterna.se/orebro/foreningar/lekeberg/">Lekeberg</a>
                            </li>
                                                    <li>
                                <a class="p--purple" href="https://moderaterna.se/orebro/foreningar/lindesberg/">Lindesberg</a>
                            </li>
                                                    <li>
                                <a class="p--purple" href="https://moderaterna.se/orebro/foreningar/ljusnarsberg/">Ljusnarsberg</a>
                            </li>
                                                    <li>
                                <a class="p--purple" href="https://moderaterna.se/orebro/foreningar/moderata-seniorer/">Moderata seniorer</a>
                            </li>
                                                    <li>
                                <a class="p--purple" href="https://moderaterna.se/orebro/foreningar/moderata-studenter-orebro/">Moderata studenter Örebro</a>
                            </li>
                                                    <li>
                                <a class="p--purple" href="https://moderaterna.se/orebro/foreningar/moderatkvinnorna-orebro/">Moderatkvinnorna Örebro</a>
                            </li>
                                                    <li>
                                <a class="p--purple" href="https://moderaterna.se/orebro/foreningar/muf-orebro-lan/">MUF Örebro län</a>
                            </li>
                                                    <li>
                                <a class="p--purple" href="https://moderaterna.se/orebro/foreningar/nora/">Nora</a>
                            </li>
                                                    <li>
                                <a class="p--purple" href="https://moderaterna.se/orebro/foreningar/oppna-moderater/">Öppna Moderater</a>
                            </li>
                                                    <li>
                                <a class="p--purple" href="https://moderaterna.se/orebro/foreningar/orebro-mitt/">Örebro mitt</a>
                            </li>
                                                    <li>
                                <a class="p--purple" href="https://moderaterna.se/orebro/foreningar/orebrokretsen/">Örebrokretsen</a>
                            </li>
                                                    <li>
                                <a class="p--purple" href="https://moderaterna.se/orebro/foreningar/osternarke/">Östernärke</a>
                            </li>
                                            </ul>
                        </div>
    </div>
</div>
