{"id":1588,"date":"2022-05-05T10:03:08","date_gmt":"2022-05-05T08:03:08","guid":{"rendered":"https:\/\/moderaterna.se\/orebro\/?page_id=1588"},"modified":"2022-05-05T10:03:08","modified_gmt":"2022-05-05T08:03:08","slug":"akutsjukvard-pa-lindesbergs-lasarett-dygnet-runt-aret-om","status":"publish","type":"page","link":"https:\/\/moderaterna.se\/orebro\/akutsjukvard-pa-lindesbergs-lasarett-dygnet-runt-aret-om\/","title":{"rendered":"Akutsjukv\u00e5rd p\u00e5 Lindesbergs lasarett \u2013 dygnet runt, \u00e5ret om"},"content":{"rendered":"\n<p>Akutsjukv\u00e5rd \u00e4r sjukv\u00e5rdstj\u00e4nster som hanterar akuta och oplanerade patienter med sjukdomar eller skador som ofta kr\u00e4ver en omg\u00e5ende v\u00e5rdinsats. Akuten \u00e4r dessutom den enda ing\u00e5ngen till sjukv\u00e5rden nattetid. Viss akutsjukv\u00e5rd, exempelvis vid sv\u00e5ra trauman, kr\u00e4ver mycket omfattande insatser fr\u00e5n den h\u00f6gspecialiserade v\u00e5rden.<\/p>\n\n\n\n<p>Lindesbergs lasarett \u00e4r ett viktigt kugghjul f\u00f6r den specialiserade v\u00e5rden i l\u00e4net. D\u00e4rf\u00f6r m\u00e5ste Lindesbergs lasarett forts\u00e4tta utvecklas. Det \u00e4r styrka f\u00f6r v\u00e5rt l\u00e4n att ha tre akutsjukhus, d\u00e4rf\u00f6r beh\u00f6ver det \u00e4ven forts\u00e4ttningsvis finnas en akutmottagning som \u00e4r \u00f6ppen dygnet runt, \u00e5ret om p\u00e5 Lindesbergs lasarett. Det \u00e4r rimligt att \u00e4ven patienter med enklare \u00e5kommor kan f\u00e5 hj\u00e4lp med dessa vid l\u00e4nets samtliga tre akutmottagningar under dygnets alla timmar.<\/p>\n\n\n\n<p>&nbsp;Det \u00e4r viktigt att h\u00e4lso- och sjukv\u00e5rden jobbar med effektivisering. V\u00e5r uppfattning \u00e4r att centralisering n\u00f6dv\u00e4ndigtvis inte \u00e4r detsamma som effektivisering. Regionen m\u00e5ste d\u00e4rf\u00f6r se \u00f6ver f\u00f6r\u00e4ndringar av verksamhet s\u00e5 att eventuella f\u00f6r\u00e4ndringar faktiskt f\u00e5r \u00f6nskad effekt.<\/p>\n\n\n\n<p>Regionen b\u00f6r utreda m\u00f6jligheten att st\u00e4rka akutmottagningarna med specialistutbildade akutl\u00e4kare f\u00f6r att kunna m\u00f6ta de akuta behoven. Detta skulle ocks\u00e5 bidra till en f\u00f6rst\u00e4rkning av kompetensen p\u00e5 l\u00e4nets akutmottagningar.<\/p>\n\n\n\n<p>Moderaterna vill:<\/p>\n\n\n\n<ul class=\"wp-block-list\"><li>Att l\u00e4net ska ha tre fullv\u00e4rdiga akutsjukhus<\/li><li>Att akutsjukv\u00e5rd finns tillg\u00e4nglig p\u00e5 Lindesbergs lasarett dygnet runt, \u00e5ret om<\/li><li>Utreda m\u00f6jligheten att st\u00e4rka akutmottagningarna med specialistutbildade akutl\u00e4kare<\/li><\/ul>\n\n\n\n<p>Vill du veta mer om v\u00e5r politik f\u00f6r Region \u00d6rebro l\u00e4n kan du l\u00e4sa v\u00e5rt Regionpolitiska program <a href=\"https:\/\/moderaterna.se\/orebro\/var-politik\/\">h\u00e4r<\/a><\/p>\n","protected":false},"excerpt":{"rendered":"<p>Akutsjukv\u00e5rd \u00e4r sjukv\u00e5rdstj\u00e4nster som hanterar akuta och oplanerade patienter med sjukdomar eller skador som ofta kr\u00e4ver en omg\u00e5ende v\u00e5rdinsats. Akuten \u00e4r dessutom den enda ing\u00e5ngen till sjukv\u00e5rden nattetid. Viss akutsjukv\u00e5rd, exempelvis vid sv\u00e5ra trauman, kr\u00e4ver mycket omfattande insatser fr\u00e5n den h\u00f6gspecialiserade v\u00e5rden. Lindesbergs lasarett \u00e4r ett viktigt kugghjul f\u00f6r den specialiserade v\u00e5rden i l\u00e4net. D\u00e4rf\u00f6r [&hellip;]<\/p>\n","protected":false},"author":19,"featured_media":0,"parent":0,"menu_order":0,"comment_status":"closed","ping_status":"closed","template":"","meta":{"_acf_changed":false,"_relevanssi_hide_post":"","_relevanssi_hide_content":"","_relevanssi_pin_for_all":"","_relevanssi_pin_keywords":"","_relevanssi_unpin_keywords":"","_relevanssi_related_keywords":"","_relevanssi_related_include_ids":"","_relevanssi_related_exclude_ids":"","_relevanssi_related_no_append":"","_relevanssi_related_not_related":"","_relevanssi_related_posts":"","_relevanssi_noindex_reason":"","footnotes":""},"subject":[],"class_list":["post-1588","page","type-page","status-publish","hentry"],"acf":[],"publishpress_future_action":{"enabled":false,"date":"2026-05-05 20:01:07","action":"change-status","newStatus":"draft","terms":[],"taxonomy":"subject"},"_links":{"self":[{"href":"https:\/\/moderaterna.se\/orebro\/wp-json\/wp\/v2\/pages\/1588","targetHints":{"allow":["GET"]}}],"collection":[{"href":"https:\/\/moderaterna.se\/orebro\/wp-json\/wp\/v2\/pages"}],"about":[{"href":"https:\/\/moderaterna.se\/orebro\/wp-json\/wp\/v2\/types\/page"}],"author":[{"embeddable":true,"href":"https:\/\/moderaterna.se\/orebro\/wp-json\/wp\/v2\/users\/19"}],"replies":[{"embeddable":true,"href":"https:\/\/moderaterna.se\/orebro\/wp-json\/wp\/v2\/comments?post=1588"}],"version-history":[{"count":1,"href":"https:\/\/moderaterna.se\/orebro\/wp-json\/wp\/v2\/pages\/1588\/revisions"}],"predecessor-version":[{"id":1589,"href":"https:\/\/moderaterna.se\/orebro\/wp-json\/wp\/v2\/pages\/1588\/revisions\/1589"}],"wp:attachment":[{"href":"https:\/\/moderaterna.se\/orebro\/wp-json\/wp\/v2\/media?parent=1588"}],"wp:term":[{"taxonomy":"subject","embeddable":true,"href":"https:\/\/moderaterna.se\/orebro\/wp-json\/wp\/v2\/subject?post=1588"}],"curies":[{"name":"wp","href":"https:\/\/api.w.org\/{rel}","templated":true}]}}

Akutsjukvård på Lindesbergs lasarett – dygnet runt, året om

<p>Akutsjukvård är sjukvårdstjänster som hanterar akuta och oplanerade patienter med sjukdomar eller skador som ofta kräver en omgående vårdinsats. Akuten är dessutom den enda ingången till sjukvården nattetid. Viss akutsjukvård, exempelvis vid svåra trauman, kräver mycket omfattande insatser från den högspecialiserade vården.</p>



<p>Lindesbergs lasarett är ett viktigt kugghjul för den specialiserade vården i länet. Därför måste Lindesbergs lasarett fortsätta utvecklas. Det är styrka för vårt län att ha tre akutsjukhus, därför behöver det även fortsättningsvis finnas en akutmottagning som är öppen dygnet runt, året om på Lindesbergs lasarett. Det är rimligt att även patienter med enklare åkommor kan få hjälp med dessa vid länets samtliga tre akutmottagningar under dygnets alla timmar.</p>



<p>&nbsp;Det är viktigt att hälso- och sjukvården jobbar med effektivisering. Vår uppfattning är att centralisering nödvändigtvis inte är detsamma som effektivisering. Regionen måste därför se över förändringar av verksamhet så att eventuella förändringar faktiskt får önskad effekt.</p>



<p>Regionen bör utreda möjligheten att stärka akutmottagningarna med specialistutbildade akutläkare för att kunna möta de akuta behoven. Detta skulle också bidra till en förstärkning av kompetensen på länets akutmottagningar.</p>



<p>Moderaterna vill:</p>



<ul class="wp-block-list"><li>Att länet ska ha tre fullvärdiga akutsjukhus</li><li>Att akutsjukvård finns tillgänglig på Lindesbergs lasarett dygnet runt, året om</li><li>Utreda möjligheten att stärka akutmottagningarna med specialistutbildade akutläkare</li></ul>



<p>Vill du veta mer om vår politik för Region Örebro län kan du läsa vårt Regionpolitiska program <a href="https://moderaterna.se/orebro/var-politik/">här</a></p>

<p>Akutsjukvård är sjukvårdstjänster som hanterar akuta och oplanerade patienter med sjukdomar eller skador som ofta kräver en omgående vårdinsats. Akuten är dessutom den enda ingången till sjukvården nattetid. Viss akutsjukvård, exempelvis vid svåra trauman, kräver mycket omfattande insatser från den högspecialiserade vården. Lindesbergs lasarett är ett viktigt kugghjul för den specialiserade vården i länet. Därför [&hellip;]</p>
