{"id":1057,"date":"2022-01-16T16:19:41","date_gmt":"2022-01-16T15:19:41","guid":{"rendered":"https:\/\/moderaterna.se\/orebro\/?page_id=1057"},"modified":"2022-01-27T12:27:54","modified_gmt":"2022-01-27T11:27:54","slug":"moderatkvinnorna","status":"publish","type":"page","link":"https:\/\/moderaterna.se\/orebro\/moderatkvinnorna\/","title":{"rendered":"Moderatkvinnorna"},"content":{"rendered":"\n<p>Moderatkvinnorna \u00e4r ett n\u00e4tverk i Moderaterna med huvuduppgiften att arbeta politiskt, genomf\u00f6ra utbildningar, rekrytera nya medlemmar och att lyfta fram kvinnliga f\u00f6retr\u00e4dare och kvinnors aspekter i politiska fr\u00e5gor. P\u00e5 s\u00e5 s\u00e4tt skapas f\u00f6ruts\u00e4ttningar f\u00f6r \u00f6kade insatser av kvinnor i partiorganisationen som f\u00f6rtroendevalda i politiska f\u00f6rsamlingar.<\/p>\n\n\n\n<ul class=\"wp-block-list\"><li><\/li><\/ul>\n\n\n\n<p>Ordf\u00f6rande f\u00f6r Moderatkvinnorna i l\u00e4net \u00e4r Anna Danielsson och du n\u00e5r henne p\u00e5 anna.danielsson@moderaterna.se eller 070-741 67 38<\/p>\n","protected":false},"excerpt":{"rendered":"<p>Moderatkvinnorna \u00e4r ett n\u00e4tverk i Moderaterna med huvuduppgiften att arbeta politiskt, genomf\u00f6ra utbildningar, rekrytera nya medlemmar och att lyfta fram kvinnliga f\u00f6retr\u00e4dare och kvinnors aspekter i politiska fr\u00e5gor. P\u00e5 s\u00e5 s\u00e4tt skapas f\u00f6ruts\u00e4ttningar f\u00f6r \u00f6kade insatser av kvinnor i partiorganisationen som f\u00f6rtroendevalda i politiska f\u00f6rsamlingar. Ordf\u00f6rande f\u00f6r Moderatkvinnorna i l\u00e4net \u00e4r Anna Danielsson och du [&hellip;]<\/p>\n","protected":false},"author":9,"featured_media":0,"parent":0,"menu_order":0,"comment_status":"closed","ping_status":"closed","template":"","meta":{"_acf_changed":false,"_relevanssi_hide_post":"","_relevanssi_hide_content":"","_relevanssi_pin_for_all":"","_relevanssi_pin_keywords":"","_relevanssi_unpin_keywords":"","_relevanssi_related_keywords":"","_relevanssi_related_include_ids":"","_relevanssi_related_exclude_ids":"","_relevanssi_related_no_append":"","_relevanssi_related_not_related":"","_relevanssi_related_posts":"882,884","_relevanssi_noindex_reason":"","footnotes":""},"subject":[],"class_list":["post-1057","page","type-page","status-publish","hentry"],"acf":[],"publishpress_future_action":{"enabled":false,"date":"2026-04-11 09:14:21","action":"change-status","newStatus":"draft","terms":[],"taxonomy":"subject"},"_links":{"self":[{"href":"https:\/\/moderaterna.se\/orebro\/wp-json\/wp\/v2\/pages\/1057","targetHints":{"allow":["GET"]}}],"collection":[{"href":"https:\/\/moderaterna.se\/orebro\/wp-json\/wp\/v2\/pages"}],"about":[{"href":"https:\/\/moderaterna.se\/orebro\/wp-json\/wp\/v2\/types\/page"}],"author":[{"embeddable":true,"href":"https:\/\/moderaterna.se\/orebro\/wp-json\/wp\/v2\/users\/9"}],"replies":[{"embeddable":true,"href":"https:\/\/moderaterna.se\/orebro\/wp-json\/wp\/v2\/comments?post=1057"}],"version-history":[{"count":2,"href":"https:\/\/moderaterna.se\/orebro\/wp-json\/wp\/v2\/pages\/1057\/revisions"}],"predecessor-version":[{"id":1429,"href":"https:\/\/moderaterna.se\/orebro\/wp-json\/wp\/v2\/pages\/1057\/revisions\/1429"}],"wp:attachment":[{"href":"https:\/\/moderaterna.se\/orebro\/wp-json\/wp\/v2\/media?parent=1057"}],"wp:term":[{"taxonomy":"subject","embeddable":true,"href":"https:\/\/moderaterna.se\/orebro\/wp-json\/wp\/v2\/subject?post=1057"}],"curies":[{"name":"wp","href":"https:\/\/api.w.org\/{rel}","templated":true}]}}