{"version":"1.0","provider_name":"Moderaterna Norrbotten","provider_url":"https:\/\/moderaterna.se\/norrbotten","author_name":"Lina Fredriksson","author_url":"https:\/\/moderaterna.se\/norrbotten\/author\/linafredriksson\/","title":"Brott och straff","type":"rich","width":600,"height":338,"html":"<blockquote class=\"wp-embedded-content\" data-secret=\"rbx3peJuGE\"><a href=\"https:\/\/moderaterna.se\/norrbotten\/var-politik\/brott-och-straff\/\">Brott och straff<\/a><\/blockquote><iframe sandbox=\"allow-scripts\" security=\"restricted\" src=\"https:\/\/moderaterna.se\/norrbotten\/var-politik\/brott-och-straff\/embed\/#?secret=rbx3peJuGE\" width=\"600\" height=\"338\" title=\"\u201dBrott och straff\u201d &ndash; Moderaterna Norrbotten\" data-secret=\"rbx3peJuGE\" frameborder=\"0\" marginwidth=\"0\" marginheight=\"0\" scrolling=\"no\" class=\"wp-embedded-content\"><\/iframe><script>\n\/*! This file is auto-generated *\/\n!function(d,l){\"use strict\";l.querySelector&&d.addEventListener&&\"undefined\"!=typeof URL&&(d.wp=d.wp||{},d.wp.receiveEmbedMessage||(d.wp.receiveEmbedMessage=function(e){var t=e.data;if((t||t.secret||t.message||t.value)&&!\/[^a-zA-Z0-9]\/.test(t.secret)){for(var s,r,n,a=l.querySelectorAll('iframe[data-secret=\"'+t.secret+'\"]'),o=l.querySelectorAll('blockquote[data-secret=\"'+t.secret+'\"]'),c=new RegExp(\"^https?:$\",\"i\"),i=0;i<o.length;i++)o[i].style.display=\"none\";for(i=0;i<a.length;i++)s=a[i],e.source===s.contentWindow&&(s.removeAttribute(\"style\"),\"height\"===t.message?(1e3<(r=parseInt(t.value,10))?r=1e3:~~r<200&&(r=200),s.height=r):\"link\"===t.message&&(r=new URL(s.getAttribute(\"src\")),n=new URL(t.value),c.test(n.protocol))&&n.host===r.host&&l.activeElement===s&&(d.top.location.href=t.value))}},d.addEventListener(\"message\",d.wp.receiveEmbedMessage,!1),l.addEventListener(\"DOMContentLoaded\",function(){for(var e,t,s=l.querySelectorAll(\"iframe.wp-embedded-content\"),r=0;r<s.length;r++)(t=(e=s[r]).getAttribute(\"data-secret\"))||(t=Math.random().toString(36).substring(2,12),e.src+=\"#?secret=\"+t,e.setAttribute(\"data-secret\",t)),e.contentWindow.postMessage({message:\"ready\",secret:t},\"*\")},!1)))}(window,document);\n\/\/# sourceURL=https:\/\/moderaterna.se\/norrbotten\/wp-includes\/js\/wp-embed.min.js\n<\/script>\n","description":"Det beh\u00f6vs&nbsp;ett paradigmskifte&nbsp;i kriminalpolitiken&nbsp;f\u00f6r att&nbsp;\u00e5teruppr\u00e4tta tryggheten Sverige befinner sig i ett mycket allvarligt l\u00e4ge. Den grova organiserade brottsligheten hotar v\u00e5rt fria och \u00f6ppna samh\u00e4lle. Vi har skjutningar och spr\u00e4ngningar p\u00e5 helt oacceptabla niv\u00e5er. Regeringen har d\u00e4rf\u00f6r gjort det till en av sina viktigaste uppgifter att v\u00e4nda utvecklingen och \u00e5teruppr\u00e4tta tryggheten i Sverige. Planen ligger fast: [&hellip;]","thumbnail_url":"https:\/\/moderaterna.se\/app\/uploads\/sites\/12\/2021\/12\/DELNINGSBILD_hemsida_fo\u0308rstasida.png","thumbnail_width":1200,"thumbnail_height":628}

Det behövs&nbsp;ett paradigmskifte&nbsp;i kriminalpolitiken&nbsp;för att&nbsp;återupprätta tryggheten Sverige befinner sig i ett mycket allvarligt läge. Den grova organiserade brottsligheten hotar vårt fria och öppna samhälle. Vi har skjutningar och sprängningar på helt oacceptabla nivåer. Regeringen har därför gjort det till en av sina viktigaste uppgifter att vända utvecklingen och återupprätta tryggheten i Sverige. Planen ligger fast: [&hellip;]
