{"id":819,"date":"2022-01-03T16:42:39","date_gmt":"2022-01-03T15:42:39","guid":{"rendered":"https:\/\/moderaterna.se\/moderatkvinnorna\/?page_id=819"},"modified":"2026-03-06T13:01:03","modified_gmt":"2026-03-06T12:01:03","slug":"en-stark-rost-ett-jamstallt-sverige","status":"publish","type":"page","link":"https:\/\/moderaterna.se\/moderatkvinnorna\/en-stark-rost-ett-jamstallt-sverige\/","title":{"rendered":"V\u00e5r politik"},"content":{"rendered":"\n<p>Sverige \u00e4r ett av v\u00e4rldens mest j\u00e4mst\u00e4llda l\u00e4nder, och de senaste \u00e5ren har vi tagit m\u00e5nga viktiga steg fram\u00e5t f\u00f6r att st\u00e4rka kvinnors frihet och m\u00f6jligheter. <\/p>\n\n\n\n<p>P\u00e5 flera omr\u00e5den finns det dock fortfarande mycket att g\u00f6ra f\u00f6r att Sverige ska forts\u00e4tta vara ett f\u00f6red\u00f6me p\u00e5 j\u00e4mst\u00e4lldhetsomr\u00e5det. <\/p>\n\n\n\n<p>Var tredje kvinna i Sverige k\u00e4nner sig otrygg, v\u00e5rden \u00e4r fortsatt oj\u00e4mlik och fler \u00e4n dubbelt s\u00e5 m\u00e5nga kvinnor som m\u00e4n i Sverige \u00e4ger f\u00f6retag. Det \u00e4r problem som begr\u00e4nsar kvinnors frihet. <\/p>\n\n\n\n<p>Moderaterna \u00e4r Sveriges fr\u00e4msta parti f\u00f6r den som b\u00e5de bryr sig om j\u00e4mst\u00e4lldhet och varje m\u00e4nniskas frihet att forma sitt eget liv. <\/p>\n\n\n\n<p>P\u00e5 l\u00e4nkarna nedan hittar ni delar av regeringens viktigaste politiska f\u00f6r\u00e4ndringar, samt f\u00f6rslag relaterade till n\u00e5gra av v\u00e5ra mest prioriterade politikomr\u00e5den. <\/p>\n\n\n\n<p><\/p>\n\n\n\n<div class=\"wp-block-buttons is-layout-flex wp-block-buttons-is-layout-flex\">\n<div class=\"wp-block-button has-custom-width wp-block-button__width-100\"><a class=\"wp-block-button__link wp-element-button\" href=\"https:\/\/moderaterna.se\/moderatkvinnorna\/den-moderatledda-regeringens-arbete-for-okad-frihet-och-jamstalldhet\/\"><strong>Regeringens viktigaste politik<\/strong><\/a><\/div>\n<\/div>\n\n\n\n<div style=\"height:26px\" aria-hidden=\"true\" class=\"wp-block-spacer\"><\/div>\n\n\n\n<div class=\"wp-block-group\"><div class=\"wp-block-group__inner-container is-layout-flow wp-block-group-is-layout-flow\">\n<div class=\"wp-block-buttons is-layout-flex wp-block-buttons-is-layout-flex\">\n<div class=\"wp-block-button has-custom-width wp-block-button__width-50\"><a class=\"wp-block-button__link has-blue-color has-dark-blue-background-color has-text-color has-background wp-element-button\" href=\"https:\/\/moderaterna.se\/moderatkvinnorna\/artikel\/en-jamstalld-sjukvard\/\"><strong>En j\u00e4mst\u00e4lld sjukv\u00e5rd<\/strong><\/a><\/div>\n\n\n\n<div class=\"wp-block-button has-custom-width wp-block-button__width-50\"><a class=\"wp-block-button__link has-blue-color has-dark-blue-background-color has-text-color has-background wp-element-button\" href=\"https:\/\/moderaterna.se\/moderatkvinnorna\/artikel\/ett-tryggare-sverige-for-alla\/\"><strong>S\u00e5 \u00f6kar vi kvinnors trygghet<\/strong> <\/a><\/div>\n<\/div>\n<\/div><\/div>\n\n\n\n<div class=\"wp-block-group\"><div class=\"wp-block-group__inner-container is-layout-flow wp-block-group-is-layout-flow\">\n<div class=\"wp-block-columns is-layout-flex wp-container-core-columns-is-layout-9d6595d7 wp-block-columns-is-layout-flex\">\n<div class=\"wp-block-column is-layout-flow wp-block-column-is-layout-flow\" style=\"flex-basis:100%\">\n<div class=\"wp-block-buttons is-layout-flex wp-block-buttons-is-layout-flex\">\n<div class=\"wp-block-button has-custom-width wp-block-button__width-50 is-style-fill\"><a class=\"wp-block-button__link has-blue-color has-dark-blue-background-color has-text-color has-background wp-element-button\" href=\"https:\/\/moderaterna.se\/moderatkvinnorna\/artikel\/arbetslinjen-ar-nyckeln-till-ett-jamstallt-sverige\/\"><strong>J\u00e4mst\u00e4lldhet b\u00f6rjar i pl\u00e5nboken<\/strong><\/a><\/div>\n\n\n\n<div class=\"wp-block-button has-custom-width wp-block-button__width-50\"><a class=\"wp-block-button__link has-blue-color has-dark-blue-background-color has-text-color has-background wp-element-button\" href=\"https:\/\/moderaterna.se\/moderatkvinnorna\/artikel\/utanforskap-och-hedersfortryck\/\"><strong>Utanf\u00f6rskap och hedersf\u00f6rtryck<\/strong><\/a><\/div>\n\n\n<\/div>\n\n\n\n<div style=\"height:27px\" aria-hidden=\"true\" class=\"wp-block-spacer\"><\/div>\n\n\n\n<div class=\"wp-block-buttons is-layout-flex wp-block-buttons-is-layout-flex\">\n<div class=\"wp-block-button has-custom-width wp-block-button__width-100\"><a class=\"wp-block-button__link wp-element-button\" href=\"https:\/\/moderaterna.se\/moderatkvinnorna\/integration\/\"><strong>Integration och arbetsmarknad<\/strong><\/a><\/div>\n<\/div>\n<\/div>\n<\/div>\n<\/div><\/div>\n\n\n\n<hr class=\"wp-block-separator has-css-opacity\" \/>\n\n\n\n<p><strong>L\u00e4s mer:<\/strong><\/p>\n\n\n\n<div class=\"wp-block-columns is-layout-flex wp-container-core-columns-is-layout-9d6595d7 wp-block-columns-is-layout-flex\">\n<div class=\"wp-block-column is-vertically-aligned-top is-layout-flow wp-block-column-is-layout-flow\" style=\"flex-basis:100%\">\n<div class=\"wp-block-group has-dark-blue-color has-text-color\"><div class=\"wp-block-group__inner-container is-layout-constrained wp-block-group-is-layout-constrained\">\n<div class=\"wp-block-columns is-layout-flex wp-container-core-columns-is-layout-9d6595d7 wp-block-columns-is-layout-flex\">\n<div class=\"wp-block-column is-layout-flow wp-block-column-is-layout-flow\">\n<figure class=\"wp-block-embed is-type-wp-embed is-provider-moderatkvinnorna wp-block-embed-moderatkvinnorna\"><div class=\"wp-block-embed__wrapper\">\n<blockquote class=\"wp-embedded-content\" data-secret=\"gzuawPOZqz\"><a href=\"https:\/\/moderaterna.se\/moderatkvinnorna\/nyhet\/reformer-for-ett-jamstallt-sverige-2025\/\">Reformer f\u00f6r ett j\u00e4mst\u00e4llt Sverige 2025<\/a><\/blockquote><iframe loading=\"lazy\" class=\"wp-embedded-content\" sandbox=\"allow-scripts\" security=\"restricted\" style=\"position: absolute; visibility: hidden;\" title=\"\u201dReformer f\u00f6r ett j\u00e4mst\u00e4llt Sverige 2025\u201d &ndash; Moderatkvinnorna\" src=\"https:\/\/moderaterna.se\/moderatkvinnorna\/nyhet\/reformer-for-ett-jamstallt-sverige-2025\/embed\/#?secret=KB2uDHFHID#?secret=gzuawPOZqz\" data-secret=\"gzuawPOZqz\" width=\"600\" height=\"338\" frameborder=\"0\" marginwidth=\"0\" marginheight=\"0\" scrolling=\"no\"><\/iframe>\n<\/div><\/figure>\n<\/div>\n\n\n\n<div class=\"wp-block-column is-layout-flow wp-block-column-is-layout-flow\">\n<figure class=\"wp-block-embed aligncenter is-type-wp-embed is-provider-moderatkvinnorna wp-block-embed-moderatkvinnorna\"><div class=\"wp-block-embed__wrapper\">\n<blockquote class=\"wp-embedded-content\" data-secret=\"37ujGm8UBM\"><a href=\"https:\/\/moderaterna.se\/moderatkvinnorna\/nyhet\/jamstalldhetspolitiskt-valmanifest\/\">J\u00e4mst\u00e4lldhetspolitiskt valmanifest<\/a><\/blockquote><iframe loading=\"lazy\" class=\"wp-embedded-content\" sandbox=\"allow-scripts\" security=\"restricted\" style=\"position: absolute; visibility: hidden;\" title=\"\u201dJ\u00e4mst\u00e4lldhetspolitiskt valmanifest\u201d &ndash; Moderatkvinnorna\" src=\"https:\/\/moderaterna.se\/moderatkvinnorna\/nyhet\/jamstalldhetspolitiskt-valmanifest\/embed\/#?secret=lMOjlPd47w#?secret=37ujGm8UBM\" data-secret=\"37ujGm8UBM\" width=\"600\" height=\"338\" frameborder=\"0\" marginwidth=\"0\" marginheight=\"0\" scrolling=\"no\"><\/iframe>\n<\/div><\/figure>\n<\/div>\n<\/div>\n<\/div><\/div>\n<\/div>\n<\/div>\n\n\n\n<div class=\"wp-block-group\"><div class=\"wp-block-group__inner-container is-layout-flow wp-block-group-is-layout-flow\">\n<div class=\"wp-block-columns are-vertically-aligned-center is-layout-flex wp-container-core-columns-is-layout-9d6595d7 wp-block-columns-is-layout-flex\">\n<div class=\"wp-block-column is-vertically-aligned-center is-layout-flow wp-block-column-is-layout-flow\" style=\"flex-basis:100%\"><\/div>\n<\/div>\n<\/div><\/div>\n","protected":false},"excerpt":{"rendered":"<p>Sverige \u00e4r ett av v\u00e4rldens mest j\u00e4mst\u00e4llda l\u00e4nder, och de senaste \u00e5ren har vi tagit m\u00e5nga viktiga steg fram\u00e5t f\u00f6r att st\u00e4rka kvinnors frihet och m\u00f6jligheter. P\u00e5 flera omr\u00e5den finns det dock fortfarande mycket att g\u00f6ra f\u00f6r att Sverige ska forts\u00e4tta vara ett f\u00f6red\u00f6me p\u00e5 j\u00e4mst\u00e4lldhetsomr\u00e5det. Var tredje kvinna i Sverige k\u00e4nner sig otrygg, v\u00e5rden [&hellip;]<\/p>\n","protected":false},"author":9,"featured_media":0,"parent":0,"menu_order":0,"comment_status":"closed","ping_status":"closed","template":"","meta":{"_acf_changed":false,"_relevanssi_hide_post":"","_relevanssi_hide_content":"","_relevanssi_pin_for_all":"","_relevanssi_pin_keywords":"","_relevanssi_unpin_keywords":"","_relevanssi_related_keywords":"","_relevanssi_related_include_ids":"","_relevanssi_related_exclude_ids":"","_relevanssi_related_no_append":"","_relevanssi_related_not_related":"","_relevanssi_related_posts":"1502,2082,1898,1511,2032,1893","_relevanssi_noindex_reason":"","footnotes":""},"subject":[122,121,123],"class_list":["post-819","page","type-page","status-publish","hentry","subject-ekonomi","subject-trygghet","subject-utanforskap-och-hedersfortryck"],"acf":[],"publishpress_future_action":{"enabled":false,"date":"2026-04-16 07:10:05","action":"change-status","newStatus":"draft","terms":[],"taxonomy":"subject"},"_links":{"self":[{"href":"https:\/\/moderaterna.se\/moderatkvinnorna\/wp-json\/wp\/v2\/pages\/819","targetHints":{"allow":["GET"]}}],"collection":[{"href":"https:\/\/moderaterna.se\/moderatkvinnorna\/wp-json\/wp\/v2\/pages"}],"about":[{"href":"https:\/\/moderaterna.se\/moderatkvinnorna\/wp-json\/wp\/v2\/types\/page"}],"author":[{"embeddable":true,"href":"https:\/\/moderaterna.se\/moderatkvinnorna\/wp-json\/wp\/v2\/users\/9"}],"replies":[{"embeddable":true,"href":"https:\/\/moderaterna.se\/moderatkvinnorna\/wp-json\/wp\/v2\/comments?post=819"}],"version-history":[{"count":110,"href":"https:\/\/moderaterna.se\/moderatkvinnorna\/wp-json\/wp\/v2\/pages\/819\/revisions"}],"predecessor-version":[{"id":2494,"href":"https:\/\/moderaterna.se\/moderatkvinnorna\/wp-json\/wp\/v2\/pages\/819\/revisions\/2494"}],"wp:attachment":[{"href":"https:\/\/moderaterna.se\/moderatkvinnorna\/wp-json\/wp\/v2\/media?parent=819"}],"wp:term":[{"taxonomy":"subject","embeddable":true,"href":"https:\/\/moderaterna.se\/moderatkvinnorna\/wp-json\/wp\/v2\/subject?post=819"}],"curies":[{"name":"wp","href":"https:\/\/api.w.org\/{rel}","templated":true}]}}