{"id":902,"date":"2022-01-03T15:32:59","date_gmt":"2022-01-03T14:32:59","guid":{"rendered":"https:\/\/moderaterna.se\/kronoberg\/?post_type=politiker&#038;p=902"},"modified":"2024-09-12T12:40:01","modified_gmt":"2024-09-12T10:40:01","slug":"magnus-gunnarsson","status":"publish","type":"politiker","link":"https:\/\/moderaterna.se\/kronoberg\/politiker\/magnus-gunnarsson\/","title":{"rendered":"Magnus Gunnarsson"},"content":{"rendered":"\n<p>Magnus \u00e4r Kommunstyrelsens ordf\u00f6rande Ljungby samt 1:a vice ordf\u00f6rande i f\u00f6rbundsstyrelsen.<\/p>\n","protected":false},"featured_media":903,"template":"","role":[75,77,81],"secondary-role":[],"class_list":["post-902","politiker","type-politiker","status-publish","has-post-thumbnail","hentry"],"acf":[],"_links":{"self":[{"href":"https:\/\/moderaterna.se\/kronoberg\/wp-json\/wp\/v2\/politiker\/902","targetHints":{"allow":["GET"]}}],"collection":[{"href":"https:\/\/moderaterna.se\/kronoberg\/wp-json\/wp\/v2\/politiker"}],"about":[{"href":"https:\/\/moderaterna.se\/kronoberg\/wp-json\/wp\/v2\/types\/politiker"}],"wp:featuredmedia":[{"embeddable":true,"href":"https:\/\/moderaterna.se\/kronoberg\/wp-json\/wp\/v2\/media\/903"}],"wp:attachment":[{"href":"https:\/\/moderaterna.se\/kronoberg\/wp-json\/wp\/v2\/media?parent=902"}],"wp:term":[{"taxonomy":"role","embeddable":true,"href":"https:\/\/moderaterna.se\/kronoberg\/wp-json\/wp\/v2\/role?post=902"},{"taxonomy":"secondary-role","embeddable":true,"href":"https:\/\/moderaterna.se\/kronoberg\/wp-json\/wp\/v2\/secondary-role?post=902"}],"curies":[{"name":"wp","href":"https:\/\/api.w.org\/{rel}","templated":true}]}}

<p>Magnus är Kommunstyrelsens ordförande Ljungby samt 1:a vice ordförande i förbundsstyrelsen.</p>
