{"id":954,"date":"2022-01-11T19:20:42","date_gmt":"2022-01-11T18:20:42","guid":{"rendered":"https:\/\/moderaterna.se\/kronoberg\/?post_type=compound&#038;p=954"},"modified":"2025-08-06T09:39:51","modified_gmt":"2025-08-06T07:39:51","slug":"markaryd","status":"publish","type":"compound","link":"https:\/\/moderaterna.se\/kronoberg\/foreningar\/markaryd\/","title":{"rendered":"Markaryd"},"content":{"rendered":"\n<div class=\"wp-block-media-text alignwide has-media-on-the-right is-stacked-on-mobile is-vertically-aligned-top\" style=\"grid-template-columns:auto 33%\"><div class=\"wp-block-media-text__content\">\n<p>H\u00e4lften av alla som invandrat till Sverige tar emot bidrag f\u00f6r att klara sin f\u00f6rs\u00f6rjning. Var fj\u00e4rde elev n\u00e5r inte kunskapsm\u00e5len i grundskolan. Polist\u00e4theten \u00e4r tredje l\u00e4gst i EU. Du f\u00f6rtj\u00e4nar b\u00e4ttre. Vi gick till val med ny energi f\u00f6r Markaryd och f\u00f6reslog bland annat:<\/p>\n\n\n\n<p>Respekt f\u00f6r din pl\u00e5nbok, g\u00f6r hela Markaryd tryggt, fortsatt fokus p\u00e5 fler jobb och trygg skola med kunskapsfokus.<\/p>\n<\/div><figure class=\"wp-block-media-text__media\"><img loading=\"lazy\" decoding=\"async\" width=\"1024\" height=\"1024\" src=\"https:\/\/moderaterna.se\/app\/uploads\/sites\/11\/2025\/08\/95e5a5f4-a985-4d42-a12a-2137a674bda5-1024x1024.png\" alt=\"\" class=\"wp-image-2573 size-full\" srcset=\"https:\/\/moderaterna.se\/app\/uploads\/sites\/11\/2025\/08\/95e5a5f4-a985-4d42-a12a-2137a674bda5-1024x1024.png 1024w, https:\/\/moderaterna.se\/app\/uploads\/sites\/11\/2025\/08\/95e5a5f4-a985-4d42-a12a-2137a674bda5-300x300.png 300w, https:\/\/moderaterna.se\/app\/uploads\/sites\/11\/2025\/08\/95e5a5f4-a985-4d42-a12a-2137a674bda5-150x150.png 150w, https:\/\/moderaterna.se\/app\/uploads\/sites\/11\/2025\/08\/95e5a5f4-a985-4d42-a12a-2137a674bda5-768x768.png 768w, https:\/\/moderaterna.se\/app\/uploads\/sites\/11\/2025\/08\/95e5a5f4-a985-4d42-a12a-2137a674bda5.png 1200w\" sizes=\"auto, (max-width: 1024px) 100vw, 1024px\" \/><\/figure><\/div>\n","protected":false},"featured_media":0,"template":"","class_list":["post-954","compound","type-compound","status-publish","hentry"],"acf":[],"_links":{"self":[{"href":"https:\/\/moderaterna.se\/kronoberg\/wp-json\/wp\/v2\/compound\/954","targetHints":{"allow":["GET"]}}],"collection":[{"href":"https:\/\/moderaterna.se\/kronoberg\/wp-json\/wp\/v2\/compound"}],"about":[{"href":"https:\/\/moderaterna.se\/kronoberg\/wp-json\/wp\/v2\/types\/compound"}],"wp:attachment":[{"href":"https:\/\/moderaterna.se\/kronoberg\/wp-json\/wp\/v2\/media?parent=954"}],"curies":[{"name":"wp","href":"https:\/\/api.w.org\/{rel}","templated":true}]}}

<div class="wp-block-media-text alignwide has-media-on-the-right is-stacked-on-mobile is-vertically-aligned-top" style="grid-template-columns:auto 33%"><div class="wp-block-media-text__content">
<p>Hälften av alla som invandrat till Sverige tar emot bidrag för att klara sin försörjning. Var fjärde elev når inte kunskapsmålen i grundskolan. Polistätheten är tredje lägst i EU. Du förtjänar bättre. Vi gick till val med ny energi för Markaryd och föreslog bland annat:</p>



<p>Respekt för din plånbok, gör hela Markaryd tryggt, fortsatt fokus på fler jobb och trygg skola med kunskapsfokus.</p>
</div><figure class="wp-block-media-text__media"><img loading="lazy" decoding="async" width="1024" height="1024" src="https://moderaterna.se/app/uploads/sites/11/2025/08/95e5a5f4-a985-4d42-a12a-2137a674bda5-1024x1024.png" alt="" class="wp-image-2573 size-full" srcset="https://moderaterna.se/app/uploads/sites/11/2025/08/95e5a5f4-a985-4d42-a12a-2137a674bda5-1024x1024.png 1024w, https://moderaterna.se/app/uploads/sites/11/2025/08/95e5a5f4-a985-4d42-a12a-2137a674bda5-300x300.png 300w, https://moderaterna.se/app/uploads/sites/11/2025/08/95e5a5f4-a985-4d42-a12a-2137a674bda5-150x150.png 150w, https://moderaterna.se/app/uploads/sites/11/2025/08/95e5a5f4-a985-4d42-a12a-2137a674bda5-768x768.png 768w, https://moderaterna.se/app/uploads/sites/11/2025/08/95e5a5f4-a985-4d42-a12a-2137a674bda5.png 1200w" sizes="auto, (max-width: 1024px) 100vw, 1024px" /></figure></div>
