{"id":635,"date":"2021-12-08T09:54:05","date_gmt":"2021-12-08T08:54:05","guid":{"rendered":"https:\/\/moderaterna.se\/kalmar\/?page_id=635"},"modified":"2024-06-05T10:26:47","modified_gmt":"2024-06-05T08:26:47","slug":"kommuner","status":"publish","type":"page","link":"https:\/\/moderaterna.se\/kalmar\/kommuner\/","title":{"rendered":"Kommuner"},"content":{"rendered":"<div id=\"listing-block_acf_block_66602146ad6c0\" class=\"listing custom-block custom-block__full theme__background--pink\">\n    <div class=\"listing__content\">\n                    <h2 class=\"listing__content--title theme__color--purple\">Moderata kommunala partif\u00f6reningar i Kalmar l\u00e4n<\/h2>\n                            <div class=\"listing__content--description theme__color--purple\"><div class=\"listing__content--description theme__color--dark-blue\">\n<p>H\u00e4r listas de kommunala partif\u00f6reningarna i Kalmar l\u00e4n. Varje kommun har en f\u00f6rening, ut\u00f6ver V\u00e4stervik som har tre f\u00f6reningar i kommunen som uppg\u00e5r i V\u00e4stervikskretsen. Kalmar kommun har nyligen slagit samman sina kommuner till en ny f\u00f6rening under namnet Kalmarmoderaterna.<\/p>\n<\/div>\n<div class=\"listing__content--list\"><\/div>\n<p>&nbsp;<\/p>\n<\/div>\n                <div class=\"listing__content--list\">\n                                <ul class=\"listing__content--list__standard\">\n                                                    <li>\n                                <a class=\"p--purple\" href=\"https:\/\/moderaterna.se\/kalmar\/foreningar\/borgholm\/\">Borgholm<\/a>\n                            <\/li>\n                                                    <li>\n                                <a class=\"p--purple\" href=\"https:\/\/moderaterna.se\/kalmar\/foreningar\/emmaboda\/\">Emmaboda<\/a>\n                            <\/li>\n                                                    <li>\n                                <a class=\"p--purple\" href=\"https:\/\/moderaterna.se\/kalmar\/foreningar\/hultsfred\/\">Hultsfred<\/a>\n                            <\/li>\n                                                    <li>\n                                <a class=\"p--purple\" href=\"https:\/\/moderaterna.se\/kalmar\/foreningar\/hogsby\/\">H\u00f6gsby<\/a>\n                            <\/li>\n                                                    <li>\n                                <a class=\"p--purple\" href=\"https:\/\/moderaterna.se\/kalmar\/foreningar\/kalmar\/\">Kalmar<\/a>\n                            <\/li>\n                                                    <li>\n                                <a class=\"p--purple\" href=\"https:\/\/moderaterna.se\/kalmar\/foreningar\/loftahammar\/\">Loftahammar<\/a>\n                            <\/li>\n                                                    <li>\n                                <a class=\"p--purple\" href=\"https:\/\/moderaterna.se\/kalmar\/foreningar\/monsteras\/\">M\u00f6nster\u00e5s<\/a>\n                            <\/li>\n                                                    <li>\n                                <a class=\"p--purple\" href=\"https:\/\/moderaterna.se\/kalmar\/foreningar\/morbylanga\/\">M\u00f6rbyl\u00e5nga<\/a>\n                            <\/li>\n                                                    <li>\n                                <a class=\"p--purple\" href=\"https:\/\/moderaterna.se\/kalmar\/foreningar\/norra-tjust\/\">Norra Tjust<\/a>\n                            <\/li>\n                                                    <li>\n                                <a class=\"p--purple\" href=\"https:\/\/moderaterna.se\/kalmar\/foreningar\/nybro\/\">Nybro<\/a>\n                            <\/li>\n                                                    <li>\n                                <a class=\"p--purple\" href=\"https:\/\/moderaterna.se\/kalmar\/foreningar\/oskarshamn\/\">Oskarshamn<\/a>\n                            <\/li>\n                                                    <li>\n                                <a class=\"p--purple\" href=\"https:\/\/moderaterna.se\/kalmar\/foreningar\/torsas\/\">Tors\u00e5s<\/a>\n                            <\/li>\n                                                    <li>\n                                <a class=\"p--purple\" href=\"https:\/\/moderaterna.se\/kalmar\/foreningar\/vimmerby\/\">Vimmerby<\/a>\n                            <\/li>\n                                                    <li>\n                                <a class=\"p--purple\" href=\"https:\/\/moderaterna.se\/kalmar\/foreningar\/vastervik\/\">V\u00e4stervik<\/a>\n                            <\/li>\n                                                    <li>\n                                <a class=\"p--purple\" href=\"https:\/\/moderaterna.se\/kalmar\/foreningar\/vastervikskretsen\/\">V\u00e4stervikskretsen<\/a>\n                            <\/li>\n                                            <\/ul>\n                        <\/div>\n    <\/div>\n<\/div>\n\n\n\n<p><strong><span class=\"has-inline-color has-dark-blue-color\">Kalender<\/span><\/strong><\/p>\n\n\n\n<p>H\u00e4r hittar du Moderaterna i Kalmar l\u00e4ns gemensamma kalender. F\u00e5 en \u00f6verblick kring vad som h\u00e4nder i l\u00e4net de kommande m\u00e5naderna. <\/p>\n\n\n\n<div class=\"wp-block-buttons is-layout-flex wp-block-buttons-is-layout-flex\">\n<div class=\"wp-block-button\"><a class=\"wp-block-button__link wp-element-button\" href=\"https:\/\/moderaterna.se\/kalmar\/kalender\/\">Kalender<\/a><\/div>\n<\/div>\n\n\n\n<div style=\"height:100px\" aria-hidden=\"true\" class=\"wp-block-spacer\"><\/div>\n\n\n\n<p><\/p>\n\n\n\n<p><\/p>\n\n\n\n<p><\/p>\n","protected":false},"excerpt":{"rendered":"<p>Kalender H\u00e4r hittar du Moderaterna i Kalmar l\u00e4ns gemensamma kalender. F\u00e5 en \u00f6verblick kring vad som h\u00e4nder i l\u00e4net de kommande m\u00e5naderna.<\/p>\n","protected":false},"author":9,"featured_media":0,"parent":0,"menu_order":0,"comment_status":"closed","ping_status":"closed","template":"","meta":{"_acf_changed":false,"_relevanssi_hide_post":"","_relevanssi_hide_content":"","_relevanssi_pin_for_all":"","_relevanssi_pin_keywords":"","_relevanssi_unpin_keywords":"","_relevanssi_related_keywords":"","_relevanssi_related_include_ids":"","_relevanssi_related_exclude_ids":"","_relevanssi_related_no_append":"","_relevanssi_related_not_related":"","_relevanssi_related_posts":"526","_relevanssi_noindex_reason":"","footnotes":""},"subject":[],"class_list":["post-635","page","type-page","status-publish","hentry"],"acf":[],"publishpress_future_action":{"enabled":false,"date":"2026-04-30 03:46:59","action":"change-status","newStatus":"draft","terms":[],"taxonomy":"subject"},"_links":{"self":[{"href":"https:\/\/moderaterna.se\/kalmar\/wp-json\/wp\/v2\/pages\/635","targetHints":{"allow":["GET"]}}],"collection":[{"href":"https:\/\/moderaterna.se\/kalmar\/wp-json\/wp\/v2\/pages"}],"about":[{"href":"https:\/\/moderaterna.se\/kalmar\/wp-json\/wp\/v2\/types\/page"}],"author":[{"embeddable":true,"href":"https:\/\/moderaterna.se\/kalmar\/wp-json\/wp\/v2\/users\/9"}],"replies":[{"embeddable":true,"href":"https:\/\/moderaterna.se\/kalmar\/wp-json\/wp\/v2\/comments?post=635"}],"version-history":[{"count":92,"href":"https:\/\/moderaterna.se\/kalmar\/wp-json\/wp\/v2\/pages\/635\/revisions"}],"predecessor-version":[{"id":3630,"href":"https:\/\/moderaterna.se\/kalmar\/wp-json\/wp\/v2\/pages\/635\/revisions\/3630"}],"wp:attachment":[{"href":"https:\/\/moderaterna.se\/kalmar\/wp-json\/wp\/v2\/media?parent=635"}],"wp:term":[{"taxonomy":"subject","embeddable":true,"href":"https:\/\/moderaterna.se\/kalmar\/wp-json\/wp\/v2\/subject?post=635"}],"curies":[{"name":"wp","href":"https:\/\/api.w.org\/{rel}","templated":true}]}}