{"id":647,"date":"2021-12-08T10:12:33","date_gmt":"2021-12-08T09:12:33","guid":{"rendered":"https:\/\/moderaterna.se\/jamtland\/?page_id=647"},"modified":"2025-02-25T15:39:47","modified_gmt":"2025-02-25T14:39:47","slug":"om-oss","status":"publish","type":"page","link":"https:\/\/moderaterna.se\/jamtland\/om-oss\/","title":{"rendered":"Om oss"},"content":{"rendered":"\n<p>Vi arbetar f\u00f6r ett b\u00e4ttre J\u00e4mtland.<\/p>\n\n\n\n<p><\/p>\n\n\n\n<h2 class=\"wp-block-heading\" id=\"h-riksdagen\"><strong>Riksdagen<\/strong><\/h2>\n\n\n\n<p>Moderaterna i J\u00e4mtlands l\u00e4n har en ledamot representerad i Sveriges Riksdag och det \u00e4r Saila Quicklund fr\u00e5n Bodsj\u00f6 i Br\u00e4cke kommun.<\/p>\n\n\n\n<h3 class=\"wp-block-heading\" id=\"h-regionen\"><strong>Regionen<\/strong><\/h3>\n\n\n\n<p>Moderaterna i J\u00e4mtlands l\u00e4n har nio ledam\u00f6ter representerade i Region J\u00e4mtland H\u00e4rjedalen.<\/p>\n\n\n\n<p>Vi har tv\u00e5 regionr\u00e5d i och dessa \u00e4r:<\/p>\n\n\n\n<p>Johan Loock, Pilgrimstad, Br\u00e4cke kommun<\/p>\n\n\n\n<p>Robert Hamberg, Lillsj\u00f6h\u00f6gen, \u00d6stersunds kommun<\/p>\n\n\n\n<p><\/p>\n\n\n<div id=\"listing-block_acf_block_67bdd6331be73\" class=\"listing custom-block custom-block__full theme__background--pink\">\n    <div class=\"listing__content\">\n                    <h2 class=\"listing__content--title theme__color--purple\">Moderata partif\u00f6reningar i J\u00e4mtland<\/h2>\n                        <div class=\"listing__content--list\">\n                                <ul class=\"listing__content--list__standard\">\n                                                    <li>\n                                <a class=\"p--purple\" href=\"https:\/\/moderaterna.se\/jamtland\/foreningar\/moderata-seniorer\/\">Moderata Seniorer<\/a>\n                            <\/li>\n                                                    <li>\n                                <a class=\"p--purple\" href=\"https:\/\/moderaterna.se\/jamtland\/foreningar\/moderaterna-i-bergs-kommun\/\">Moderaterna i Bergs kommun<\/a>\n                            <\/li>\n                                                    <li>\n                                <a class=\"p--purple\" href=\"https:\/\/moderaterna.se\/jamtland\/foreningar\/moderaterna-i-bracke-och-ragunda-kommuner\/\">Moderaterna i Br\u00e4cke kommun<\/a>\n                            <\/li>\n                                                    <li>\n                                <a class=\"p--purple\" href=\"https:\/\/moderaterna.se\/jamtland\/foreningar\/moderaterna-i-harjedalens-kommun\/\">Moderaterna i H\u00e4rjedalens kommun<\/a>\n                            <\/li>\n                                                    <li>\n                                <a class=\"p--purple\" href=\"https:\/\/moderaterna.se\/jamtland\/foreningar\/moderaterna-i-krokoms-kommun\/\">Moderaterna i Krokoms kommun<\/a>\n                            <\/li>\n                                                    <li>\n                                <a class=\"p--purple\" href=\"https:\/\/moderaterna.se\/jamtland\/foreningar\/moderaterna-i-ragunda-kommun\/\">Moderaterna i Ragunda kommun<\/a>\n                            <\/li>\n                                                    <li>\n                                <a class=\"p--purple\" href=\"https:\/\/moderaterna.se\/jamtland\/foreningar\/moderaterna-i-stromsunds-kommun\/\">Moderaterna i Str\u00f6msunds kommun<\/a>\n                            <\/li>\n                                                    <li>\n                                <a class=\"p--purple\" href=\"https:\/\/moderaterna.se\/jamtland\/foreningar\/moderaterna-i-are-kommun\/\">Moderaterna i \u00c5re kommun<\/a>\n                            <\/li>\n                                                    <li>\n                                <a class=\"p--purple\" href=\"https:\/\/moderaterna.se\/jamtland\/foreningar\/moderaterna-i-ostersunds-kommun\/\">Moderaterna i \u00d6stersunds kommun<\/a>\n                            <\/li>\n                                                    <li>\n                                <a class=\"p--purple\" href=\"https:\/\/moderaterna.se\/jamtland\/foreningar\/moderatkvinnorna-i-jamtlands-lan\/\">Moderatkvinnorna i J\u00e4mtlands l\u00e4n<\/a>\n                            <\/li>\n                                                    <li>\n                                <a class=\"p--purple\" href=\"https:\/\/moderaterna.se\/jamtland\/foreningar\/oppna-moderater-jamtlands-lan\/\">\u00d6ppna Moderater J\u00e4mtlands l\u00e4n<\/a>\n                            <\/li>\n                                            <\/ul>\n                        <\/div>\n    <\/div>\n<\/div>\n","protected":false},"excerpt":{"rendered":"<p>Vi arbetar f\u00f6r ett b\u00e4ttre J\u00e4mtland. Riksdagen Moderaterna i J\u00e4mtlands l\u00e4n har en ledamot representerad i Sveriges Riksdag och det \u00e4r Saila Quicklund fr\u00e5n Bodsj\u00f6 i Br\u00e4cke kommun. Regionen Moderaterna i J\u00e4mtlands l\u00e4n har nio ledam\u00f6ter representerade i Region J\u00e4mtland H\u00e4rjedalen. Vi har tv\u00e5 regionr\u00e5d i och dessa \u00e4r: Johan Loock, Pilgrimstad, Br\u00e4cke kommun Robert [&hellip;]<\/p>\n","protected":false},"author":9,"featured_media":0,"parent":0,"menu_order":0,"comment_status":"closed","ping_status":"closed","template":"","meta":{"_acf_changed":false,"_relevanssi_hide_post":"","_relevanssi_hide_content":"","_relevanssi_pin_for_all":"","_relevanssi_pin_keywords":"","_relevanssi_unpin_keywords":"","_relevanssi_related_keywords":"","_relevanssi_related_include_ids":"","_relevanssi_related_exclude_ids":"","_relevanssi_related_no_append":"","_relevanssi_related_not_related":"","_relevanssi_related_posts":"640,526,642","_relevanssi_noindex_reason":"","footnotes":""},"subject":[],"class_list":["post-647","page","type-page","status-publish","hentry"],"acf":[],"publishpress_future_action":{"enabled":false,"date":"2026-04-22 10:04:12","action":"change-status","newStatus":"draft","terms":[],"taxonomy":"subject"},"_links":{"self":[{"href":"https:\/\/moderaterna.se\/jamtland\/wp-json\/wp\/v2\/pages\/647","targetHints":{"allow":["GET"]}}],"collection":[{"href":"https:\/\/moderaterna.se\/jamtland\/wp-json\/wp\/v2\/pages"}],"about":[{"href":"https:\/\/moderaterna.se\/jamtland\/wp-json\/wp\/v2\/types\/page"}],"author":[{"embeddable":true,"href":"https:\/\/moderaterna.se\/jamtland\/wp-json\/wp\/v2\/users\/9"}],"replies":[{"embeddable":true,"href":"https:\/\/moderaterna.se\/jamtland\/wp-json\/wp\/v2\/comments?post=647"}],"version-history":[{"count":23,"href":"https:\/\/moderaterna.se\/jamtland\/wp-json\/wp\/v2\/pages\/647\/revisions"}],"predecessor-version":[{"id":1440,"href":"https:\/\/moderaterna.se\/jamtland\/wp-json\/wp\/v2\/pages\/647\/revisions\/1440"}],"wp:attachment":[{"href":"https:\/\/moderaterna.se\/jamtland\/wp-json\/wp\/v2\/media?parent=647"}],"wp:term":[{"taxonomy":"subject","embeddable":true,"href":"https:\/\/moderaterna.se\/jamtland\/wp-json\/wp\/v2\/subject?post=647"}],"curies":[{"name":"wp","href":"https:\/\/api.w.org\/{rel}","templated":true}]}}