{"id":838,"date":"2022-01-08T00:35:25","date_gmt":"2022-01-07T23:35:25","guid":{"rendered":"https:\/\/moderaterna.se\/halland\/?post_type=politiker&#038;p=838"},"modified":"2022-06-22T11:24:30","modified_gmt":"2022-06-22T09:24:30","slug":"mikaela-waltersson","status":"publish","type":"politiker","link":"https:\/\/moderaterna.se\/halland\/politiker\/mikaela-waltersson\/","title":{"rendered":"Mikaela Waltersson"},"content":{"rendered":"\n<p>Jag \u00e4r en person som alltid \u00e4r nyfiken p\u00e5 nya id\u00e9er, fr\u00e5gor och utmaningar och redo att kavla upp \u00e4rmarna f\u00f6r att f\u00e5 jobbet gjort.<\/p>\n\n\n\n<p>Jag kommer att jobba h\u00e5rt tillsammans med \u00f6vriga kandidater f\u00f6r att vi skall f\u00e5 s\u00e5 m\u00e5nga r\u00f6ster som m\u00f6jligt och d\u00e4rmed mer moderat politik i Halland och Sverige. Jag vill arbeta f\u00f6r hela Hallands utveckling och trygghet samt ge hall\u00e4nningarna att med ansvar f\u00f6r sig sj\u00e4lva, sina medm\u00e4nniskor och sin omv\u00e4rld forma sina livsresor.<\/p>\n\n\n\n<p>Jag har stor erfarenhet av de politiska hantverket i Halland och utanf\u00f6r, b\u00e5de nationellt och internationellt. Vi har ett Halland att vara stolta \u00f6ver och vi moderater \u00e4r en garant f\u00f6r l\u00e4nets fortsatta utveckling.<\/p>\n","protected":false},"featured_media":1087,"template":"","role":[114,113,76,259],"secondary-role":[],"class_list":["post-838","politiker","type-politiker","status-publish","has-post-thumbnail","hentry"],"acf":[],"_links":{"self":[{"href":"https:\/\/moderaterna.se\/halland\/wp-json\/wp\/v2\/politiker\/838","targetHints":{"allow":["GET"]}}],"collection":[{"href":"https:\/\/moderaterna.se\/halland\/wp-json\/wp\/v2\/politiker"}],"about":[{"href":"https:\/\/moderaterna.se\/halland\/wp-json\/wp\/v2\/types\/politiker"}],"wp:featuredmedia":[{"embeddable":true,"href":"https:\/\/moderaterna.se\/halland\/wp-json\/wp\/v2\/media\/1087"}],"wp:attachment":[{"href":"https:\/\/moderaterna.se\/halland\/wp-json\/wp\/v2\/media?parent=838"}],"wp:term":[{"taxonomy":"role","embeddable":true,"href":"https:\/\/moderaterna.se\/halland\/wp-json\/wp\/v2\/role?post=838"},{"taxonomy":"secondary-role","embeddable":true,"href":"https:\/\/moderaterna.se\/halland\/wp-json\/wp\/v2\/secondary-role?post=838"}],"curies":[{"name":"wp","href":"https:\/\/api.w.org\/{rel}","templated":true}]}}

<p>Jag är en person som alltid är nyfiken på nya idéer, frågor och utmaningar och redo att kavla upp ärmarna för att få jobbet gjort.</p>



<p>Jag kommer att jobba hårt tillsammans med övriga kandidater för att vi skall få så många röster som möjligt och därmed mer moderat politik i Halland och Sverige. Jag vill arbeta för hela Hallands utveckling och trygghet samt ge hallänningarna att med ansvar för sig själva, sina medmänniskor och sin omvärld forma sina livsresor.</p>



<p>Jag har stor erfarenhet av de politiska hantverket i Halland och utanför, både nationellt och internationellt. Vi har ett Halland att vara stolta över och vi moderater är en garant för länets fortsatta utveckling.</p>
