{"id":1312,"date":"2022-06-21T10:29:32","date_gmt":"2022-06-21T08:29:32","guid":{"rendered":"https:\/\/moderaterna.se\/halland\/?post_type=politiker&#038;p=1312"},"modified":"2022-06-22T15:43:15","modified_gmt":"2022-06-22T13:43:15","slug":"anita-fasth","status":"publish","type":"politiker","link":"https:\/\/moderaterna.se\/halland\/politiker\/anita-fasth\/","title":{"rendered":"Anita Fasth"},"content":{"rendered":"\n<p>Uppv\u00e4xt i V\u00e4sterg\u00f6tland men numera bosatt i musikkvarteren Laholm.<br>Arbetat i kommunal- och statlig verksamhet men haft insyn i privat f\u00f6retagande i hela mitt vuxna liv. Alltid varit intresserad av samh\u00e4llsfr\u00e5gor vilket f\u00f6r mig betyder att vara nyfiken p\u00e5 min omv\u00e4rld, lyssna, och vilja p\u00e5verka.<\/p>\n\n\n\n<p><br>St\u00f6rst engagemang och erfarenhet inom:<br>Arbetsmarknadspolitik.<br>Socialtj\u00e4nstens ansvarsomr\u00e5de.<br>Samordnad rehabilitering.<br>Samarbete med sm\u00e5f\u00f6retag.<br>Skolfr\u00e5gor.<\/p>\n\n\n\n<p><br>Det \u00e4r jag med mina k\u00e4nslor, v\u00e4rderingar och kunskaper som kan bidra till god moderat politik i v\u00e5r kommun.<\/p>\n\n\n\n<p><br>Ser det som ett plus att jag inte \u00e4r f\u00e4rgad av \u201dgamla sanningar\u201d.<br>Fr\u00e5n EGO till EKO &#8211; v\u00e5ga lyfta blicken &#8211; fatta beslut.<\/p>\n","protected":false},"featured_media":0,"template":"","role":[119,114],"secondary-role":[],"class_list":["post-1312","politiker","type-politiker","status-publish","hentry"],"acf":[],"_links":{"self":[{"href":"https:\/\/moderaterna.se\/halland\/wp-json\/wp\/v2\/politiker\/1312","targetHints":{"allow":["GET"]}}],"collection":[{"href":"https:\/\/moderaterna.se\/halland\/wp-json\/wp\/v2\/politiker"}],"about":[{"href":"https:\/\/moderaterna.se\/halland\/wp-json\/wp\/v2\/types\/politiker"}],"wp:attachment":[{"href":"https:\/\/moderaterna.se\/halland\/wp-json\/wp\/v2\/media?parent=1312"}],"wp:term":[{"taxonomy":"role","embeddable":true,"href":"https:\/\/moderaterna.se\/halland\/wp-json\/wp\/v2\/role?post=1312"},{"taxonomy":"secondary-role","embeddable":true,"href":"https:\/\/moderaterna.se\/halland\/wp-json\/wp\/v2\/secondary-role?post=1312"}],"curies":[{"name":"wp","href":"https:\/\/api.w.org\/{rel}","templated":true}]}}

<p>Uppväxt i Västergötland men numera bosatt i musikkvarteren Laholm.<br>Arbetat i kommunal- och statlig verksamhet men haft insyn i privat företagande i hela mitt vuxna liv. Alltid varit intresserad av samhällsfrågor vilket för mig betyder att vara nyfiken på min omvärld, lyssna, och vilja påverka.</p>



<p><br>Störst engagemang och erfarenhet inom:<br>Arbetsmarknadspolitik.<br>Socialtjänstens ansvarsområde.<br>Samordnad rehabilitering.<br>Samarbete med småföretag.<br>Skolfrågor.</p>



<p><br>Det är jag med mina känslor, värderingar och kunskaper som kan bidra till god moderat politik i vår kommun.</p>



<p><br>Ser det som ett plus att jag inte är färgad av ”gamla sanningar”.<br>Från EGO till EKO &#8211; våga lyfta blicken &#8211; fatta beslut.</p>
