{"id":1280,"date":"2022-06-16T16:36:33","date_gmt":"2022-06-16T14:36:33","guid":{"rendered":"https:\/\/moderaterna.se\/halland\/?post_type=politiker&#038;p=1280"},"modified":"2022-06-22T16:34:01","modified_gmt":"2022-06-22T14:34:01","slug":"eva-karin-mollefors","status":"publish","type":"politiker","link":"https:\/\/moderaterna.se\/halland\/politiker\/eva-karin-mollefors\/","title":{"rendered":"Eva Karin M\u00f6llefors"},"content":{"rendered":"\n<p>Jag \u00e4r pensionerad sjuksk\u00f6terska som under yrkeslivet arbetat i m\u00e5nga olika uppgifter: Avd.chef p\u00e5 Barnkliniken i Lund, l\u00e4rare i h\u00e4lso- och sjukv\u00e5rd i Torsby, \u00d6rebro, Karlskrona och Karlstad, skolledare i Karlskrona och Karlstad, samh\u00e4llsinrikta folkh\u00e4lsoarbete i Lt Skaraborg\/V\u00e4stra G\u00f6talands Regionen samt har jag arbetat med utveckling av h\u00e4lso- och sjukv\u00e5rd inom Lt Halland\/Region Halland. <\/p>\n\n\n\n<p>Alla mina olika arbetsuppgifter har varit intressanta och utvecklande men ocks\u00e5 kr\u00e4vt m\u00e5nga olika p\u00e5byggnadsutbildningar.<\/p>\n\n\n\n<p><br>Jag \u00e4r \u00e4nka sedan 5\u00e5r, har tv\u00e5 barn och fyra barnbarn. De bor i Stockholm resp. Malaga, \u201dmitt hem \u00e4r deras sommarhus\u201d! Det finns tid f\u00f6r mig att med gl\u00e4dje och kraft \u00e5ta mig uppdrag.<\/p>\n","protected":false},"featured_media":0,"template":"","role":[116,114],"secondary-role":[],"class_list":["post-1280","politiker","type-politiker","status-publish","hentry"],"acf":[],"_links":{"self":[{"href":"https:\/\/moderaterna.se\/halland\/wp-json\/wp\/v2\/politiker\/1280","targetHints":{"allow":["GET"]}}],"collection":[{"href":"https:\/\/moderaterna.se\/halland\/wp-json\/wp\/v2\/politiker"}],"about":[{"href":"https:\/\/moderaterna.se\/halland\/wp-json\/wp\/v2\/types\/politiker"}],"wp:attachment":[{"href":"https:\/\/moderaterna.se\/halland\/wp-json\/wp\/v2\/media?parent=1280"}],"wp:term":[{"taxonomy":"role","embeddable":true,"href":"https:\/\/moderaterna.se\/halland\/wp-json\/wp\/v2\/role?post=1280"},{"taxonomy":"secondary-role","embeddable":true,"href":"https:\/\/moderaterna.se\/halland\/wp-json\/wp\/v2\/secondary-role?post=1280"}],"curies":[{"name":"wp","href":"https:\/\/api.w.org\/{rel}","templated":true}]}}

Eva Karin Möllefors

<p>Jag är pensionerad sjuksköterska som under yrkeslivet arbetat i många olika uppgifter: Avd.chef på Barnkliniken i Lund, lärare i hälso- och sjukvård i Torsby, Örebro, Karlskrona och Karlstad, skolledare i Karlskrona och Karlstad, samhällsinrikta folkhälsoarbete i Lt Skaraborg/Västra Götalands Regionen samt har jag arbetat med utveckling av hälso- och sjukvård inom Lt Halland/Region Halland. </p>



<p>Alla mina olika arbetsuppgifter har varit intressanta och utvecklande men också krävt många olika påbyggnadsutbildningar.</p>



<p><br>Jag är änka sedan 5år, har två barn och fyra barnbarn. De bor i Stockholm resp. Malaga, ”mitt hem är deras sommarhus”! Det finns tid för mig att med glädje och kraft åta mig uppdrag.</p>
