{"id":1252,"date":"2022-06-14T10:10:19","date_gmt":"2022-06-14T08:10:19","guid":{"rendered":"https:\/\/moderaterna.se\/halland\/?post_type=politiker&#038;p=1252"},"modified":"2022-06-22T16:47:06","modified_gmt":"2022-06-22T14:47:06","slug":"carl-johan-bertilsson","status":"publish","type":"politiker","link":"https:\/\/moderaterna.se\/halland\/politiker\/carl-johan-bertilsson\/","title":{"rendered":"Carl-Johan Berthilsson"},"content":{"rendered":"\n<p>Carl-Johan Berthilsson, 53 \u00e5rig tvillingpappa till Carl och Sebastian nu 19 \u00e5r och lyckligt gift med Camilla Berthilsson 51, min livskamrat som driver Norrvikens Tr\u00e4dg\u00e5rdar i B\u00e5stad.<\/p>\n\n\n\n<p><br>En man i mina b\u00e4sta \u00e5r med livserfarenhet, trygghet och med stor framtidstro.<br>F\u00f6retagare och entrepren\u00f6r som f\u00e5r saker och ting att h\u00e4nda.<br>Jag skapar tillv\u00e4xt och arbetstillf\u00e4lle och har en oerh\u00f6rd drivkraft. Jag f\u00e5r saker ur h\u00e4nderna och det blir resultat.<\/p>\n\n\n\n<p><br>Marknadsekonom h\u00f6gskolan i Halmstad och diplomerad fastighetsf\u00f6rvaltare.<br>Jag brinner f\u00f6r Halmstad!<\/p>\n","protected":false},"featured_media":1099,"template":"","role":[116,114,113],"secondary-role":[],"class_list":["post-1252","politiker","type-politiker","status-publish","has-post-thumbnail","hentry"],"acf":[],"_links":{"self":[{"href":"https:\/\/moderaterna.se\/halland\/wp-json\/wp\/v2\/politiker\/1252","targetHints":{"allow":["GET"]}}],"collection":[{"href":"https:\/\/moderaterna.se\/halland\/wp-json\/wp\/v2\/politiker"}],"about":[{"href":"https:\/\/moderaterna.se\/halland\/wp-json\/wp\/v2\/types\/politiker"}],"wp:featuredmedia":[{"embeddable":true,"href":"https:\/\/moderaterna.se\/halland\/wp-json\/wp\/v2\/media\/1099"}],"wp:attachment":[{"href":"https:\/\/moderaterna.se\/halland\/wp-json\/wp\/v2\/media?parent=1252"}],"wp:term":[{"taxonomy":"role","embeddable":true,"href":"https:\/\/moderaterna.se\/halland\/wp-json\/wp\/v2\/role?post=1252"},{"taxonomy":"secondary-role","embeddable":true,"href":"https:\/\/moderaterna.se\/halland\/wp-json\/wp\/v2\/secondary-role?post=1252"}],"curies":[{"name":"wp","href":"https:\/\/api.w.org\/{rel}","templated":true}]}}

<p>Carl-Johan Berthilsson, 53 årig tvillingpappa till Carl och Sebastian nu 19 år och lyckligt gift med Camilla Berthilsson 51, min livskamrat som driver Norrvikens Trädgårdar i Båstad.</p>



<p><br>En man i mina bästa år med livserfarenhet, trygghet och med stor framtidstro.<br>Företagare och entreprenör som får saker och ting att hända.<br>Jag skapar tillväxt och arbetstillfälle och har en oerhörd drivkraft. Jag får saker ur händerna och det blir resultat.</p>



<p><br>Marknadsekonom högskolan i Halmstad och diplomerad fastighetsförvaltare.<br>Jag brinner för Halmstad!</p>
