{"id":647,"date":"2021-12-08T10:12:33","date_gmt":"2021-12-08T09:12:33","guid":{"rendered":"https:\/\/moderaterna.se\/halland\/?page_id=647"},"modified":"2025-04-08T20:29:29","modified_gmt":"2025-04-08T18:29:29","slug":"om-oss","status":"publish","type":"page","link":"https:\/\/moderaterna.se\/halland\/om-oss\/","title":{"rendered":"Om oss"},"content":{"rendered":"\n<p>Vi arbetar f\u00f6r ett b\u00e4ttre Halland. Varmt v\u00e4lkommen att ta <a href=\"https:\/\/moderaterna.se\/dalarna\/kontakta-oss\/\">kontakt med oss<\/a>!<\/p>\n\n\n\n<p><\/p>\n\n\n\n<h2 class=\"wp-block-heading\" id=\"h-riksdagen\"><strong>Riksdagen<\/strong><\/h2>\n\n\n\n<p>Moderaterna i Halland har tv\u00e5 ledam\u00f6ter representerade i Sveriges Riksdag.<\/p>\n\n\n\n<p>Dessa \u00e4r:<br>Lars P\u00fcss, Halmstad<br>Helena Storckenfeldt, Kungsbacka<\/p>\n\n\n\n<h3 class=\"wp-block-heading\" id=\"h-region-halland\"><strong>Region<\/strong> Halland<\/h3>\n\n\n\n<p>Moderaterna har 17 ledam\u00f6ter representerade i Region Halland.<\/p>\n\n\n\n<p>Vi har ett regionr\u00e5d i Halland.<\/p>\n\n\n\n<p>Mikaela Waltersson, Halmstad (regionstyrelsens ordf\u00f6rande)<\/p>\n\n\n\n<h3 class=\"wp-block-heading\" id=\"h-kommunfullmakti-ge\"><strong>Kommunfullm\u00e4kti<\/strong>ge<\/h3>\n\n\n\n<p>I l\u00e4nets kommunfullm\u00e4ktigef\u00f6rsamlingar&nbsp;har Moderaterna totalt 68 mandat.<\/p>\n\n\n\n<p>Falkenberg, 9 mandat<br>Halmstad, 16 mandat<br>Hylte, 4 mandat<br>Kungsbacka, 19 mandat<br>Laholm, 7 mandat<br>Varberg, 13 mandat<\/p>\n\n\n\n<p><a href=\"https:\/\/moderaterna.se\/dalarna\/vara-politiker\/\">H\u00e4r hittar du v\u00e5ra gruppledare i kommunerna<\/a><\/p>\n\n\n<div id=\"listing-block_acf_block_67f56b0880889\" class=\"listing custom-block custom-block__full theme__background--pink\">\n    <div class=\"listing__content\">\n                    <h2 class=\"listing__content--title theme__color--purple\">Moderata partif\u00f6reningar i Halland<\/h2>\n                        <div class=\"listing__content--list\">\n                                <ul class=\"listing__content--list__standard\">\n                                                    <li>\n                                <a class=\"p--purple\" href=\"https:\/\/moderaterna.se\/halland\/foreningar\/falkenberg\/\">Falkenberg<\/a>\n                            <\/li>\n                                                    <li>\n                                <a class=\"p--purple\" href=\"https:\/\/moderaterna.se\/halland\/foreningar\/halmstad\/\">Halmstad<\/a>\n                            <\/li>\n                                                    <li>\n                                <a class=\"p--purple\" href=\"https:\/\/moderaterna.se\/halland\/foreningar\/hylte\/\">Hylte<\/a>\n                            <\/li>\n                                                    <li>\n                                <a class=\"p--purple\" href=\"https:\/\/moderaterna.se\/halland\/foreningar\/kungsbacka\/\">Kungsbacka<\/a>\n                            <\/li>\n                                                    <li>\n                                <a class=\"p--purple\" href=\"https:\/\/moderaterna.se\/halland\/foreningar\/kungsbackakretsen\/\">Kungsbackakretsen<\/a>\n                            <\/li>\n                                                    <li>\n                                <a class=\"p--purple\" href=\"https:\/\/moderaterna.se\/halland\/foreningar\/laholm\/\">Laholm<\/a>\n                            <\/li>\n                                                    <li>\n                                <a class=\"p--purple\" href=\"https:\/\/moderaterna.se\/halland\/foreningar\/onsala\/\">Onsala<\/a>\n                            <\/li>\n                                                    <li>\n                                <a class=\"p--purple\" href=\"https:\/\/moderaterna.se\/halland\/foreningar\/saro\/\">S\u00e4r\u00f6<\/a>\n                            <\/li>\n                                                    <li>\n                                <a class=\"p--purple\" href=\"https:\/\/moderaterna.se\/halland\/foreningar\/varberg\/\">Varberg<\/a>\n                            <\/li>\n                                                    <li>\n                                <a class=\"p--purple\" href=\"https:\/\/moderaterna.se\/halland\/foreningar\/asa\/\">\u00c5sa<\/a>\n                            <\/li>\n                                            <\/ul>\n                        <\/div>\n    <\/div>\n<\/div>\n","protected":false},"excerpt":{"rendered":"<p>Vi arbetar f\u00f6r ett b\u00e4ttre Halland. Varmt v\u00e4lkommen att ta kontakt med oss! Riksdagen Moderaterna i Halland har tv\u00e5 ledam\u00f6ter representerade i Sveriges Riksdag. Dessa \u00e4r:Lars P\u00fcss, HalmstadHelena Storckenfeldt, Kungsbacka Region Halland Moderaterna har 17 ledam\u00f6ter representerade i Region Halland. Vi har ett regionr\u00e5d i Halland. Mikaela Waltersson, Halmstad (regionstyrelsens ordf\u00f6rande) Kommunfullm\u00e4ktige I l\u00e4nets kommunfullm\u00e4ktigef\u00f6rsamlingar&nbsp;har [&hellip;]<\/p>\n","protected":false},"author":9,"featured_media":0,"parent":0,"menu_order":0,"comment_status":"closed","ping_status":"closed","template":"","meta":{"_acf_changed":false,"_relevanssi_hide_post":"","_relevanssi_hide_content":"","_relevanssi_pin_for_all":"","_relevanssi_pin_keywords":"","_relevanssi_unpin_keywords":"","_relevanssi_related_keywords":"","_relevanssi_related_include_ids":"","_relevanssi_related_exclude_ids":"","_relevanssi_related_no_append":"","_relevanssi_related_not_related":"","_relevanssi_related_posts":"640,526,642","_relevanssi_noindex_reason":"","footnotes":""},"subject":[],"class_list":["post-647","page","type-page","status-publish","hentry"],"acf":[],"publishpress_future_action":{"enabled":false,"date":"2026-04-23 15:00:11","action":"change-status","newStatus":"draft","terms":[],"taxonomy":"subject"},"_links":{"self":[{"href":"https:\/\/moderaterna.se\/halland\/wp-json\/wp\/v2\/pages\/647","targetHints":{"allow":["GET"]}}],"collection":[{"href":"https:\/\/moderaterna.se\/halland\/wp-json\/wp\/v2\/pages"}],"about":[{"href":"https:\/\/moderaterna.se\/halland\/wp-json\/wp\/v2\/types\/page"}],"author":[{"embeddable":true,"href":"https:\/\/moderaterna.se\/halland\/wp-json\/wp\/v2\/users\/9"}],"replies":[{"embeddable":true,"href":"https:\/\/moderaterna.se\/halland\/wp-json\/wp\/v2\/comments?post=647"}],"version-history":[{"count":24,"href":"https:\/\/moderaterna.se\/halland\/wp-json\/wp\/v2\/pages\/647\/revisions"}],"predecessor-version":[{"id":1415,"href":"https:\/\/moderaterna.se\/halland\/wp-json\/wp\/v2\/pages\/647\/revisions\/1415"}],"wp:attachment":[{"href":"https:\/\/moderaterna.se\/halland\/wp-json\/wp\/v2\/media?parent=647"}],"wp:term":[{"taxonomy":"subject","embeddable":true,"href":"https:\/\/moderaterna.se\/halland\/wp-json\/wp\/v2\/subject?post=647"}],"curies":[{"name":"wp","href":"https:\/\/api.w.org\/{rel}","templated":true}]}}